{"id":15,"date":"2009-02-18T15:34:08","date_gmt":"2009-02-18T20:34:08","guid":{"rendered":"http:\/\/blog.espol.edu.ec\/maglemur\/?page_id=15"},"modified":"2009-03-04T13:12:22","modified_gmt":"2009-03-04T18:12:22","slug":"barcelona%c2%a1%c2%a1%c2%a1%c2%a1","status":"publish","type":"page","link":"https:\/\/blog.espol.edu.ec\/maglemur\/barcelona%c2%a1%c2%a1%c2%a1%c2%a1\/","title":{"rendered":"BARCELONA\u00a1\u00a1\u00a1\u00a1"},"content":{"rendered":"<p>Es un equipo fuerte que pese a algunas derrotas que tiene siempre se levantan y sus hinchas, tambi\u00e9n son muy fieles, adem\u00e1s es el equipo que m\u00e1s barriada tiene y es por ello que es muy conocido no solo en Ecuador sino tambi\u00e9n en otros pa\u00edses<\/p>\n<div id=\"attachment_59\" style=\"width: 134px\" class=\"wp-caption alignnone\"><a href=\"http:\/\/blog.espol.edu.ec\/maglemur\/files\/2009\/03\/ca4ra3y0.jpg\"><img loading=\"lazy\" decoding=\"async\" aria-describedby=\"caption-attachment-59\" class=\"size-medium wp-image-59\" src=\"http:\/\/blog.espol.edu.ec\/maglemur\/files\/2009\/03\/ca4ra3y0.jpg\" alt=\"barcelona\" width=\"124\" height=\"124\" \/><\/a><p id=\"caption-attachment-59\" class=\"wp-caption-text\">barcelona<\/p><\/div>\n","protected":false},"excerpt":{"rendered":"<p>Es un equipo fuerte que pese a algunas derrotas que tiene siempre se levantan y sus hinchas, tambi\u00e9n son muy fieles, adem\u00e1s es el equipo que m\u00e1s barriada tiene y es por ello que es muy conocido no solo en Ecuador sino tambi\u00e9n en otros pa\u00edses<\/p>\n","protected":false},"author":1308,"featured_media":0,"parent":0,"menu_order":0,"comment_status":"open","ping_status":"open","template":"","meta":{"footnotes":""},"class_list":["post-15","page","type-page","status-publish","hentry"],"_links":{"self":[{"href":"https:\/\/blog.espol.edu.ec\/maglemur\/wp-json\/wp\/v2\/pages\/15","targetHints":{"allow":["GET"]}}],"collection":[{"href":"https:\/\/blog.espol.edu.ec\/maglemur\/wp-json\/wp\/v2\/pages"}],"about":[{"href":"https:\/\/blog.espol.edu.ec\/maglemur\/wp-json\/wp\/v2\/types\/page"}],"author":[{"embeddable":true,"href":"https:\/\/blog.espol.edu.ec\/maglemur\/wp-json\/wp\/v2\/users\/1308"}],"replies":[{"embeddable":true,"href":"https:\/\/blog.espol.edu.ec\/maglemur\/wp-json\/wp\/v2\/comments?post=15"}],"version-history":[{"count":4,"href":"https:\/\/blog.espol.edu.ec\/maglemur\/wp-json\/wp\/v2\/pages\/15\/revisions"}],"predecessor-version":[{"id":64,"href":"https:\/\/blog.espol.edu.ec\/maglemur\/wp-json\/wp\/v2\/pages\/15\/revisions\/64"}],"wp:attachment":[{"href":"https:\/\/blog.espol.edu.ec\/maglemur\/wp-json\/wp\/v2\/media?parent=15"}],"curies":[{"name":"wp","href":"https:\/\/api.w.org\/{rel}","templated":true}]}}