{"id":26,"date":"2009-06-07T10:46:46","date_gmt":"2009-06-07T14:46:46","guid":{"rendered":"http:\/\/blog.espol.edu.ec\/maite\/?page_id=26"},"modified":"2009-06-07T15:54:38","modified_gmt":"2009-06-07T19:54:38","slug":"curiosidades-o_o","status":"publish","type":"page","link":"https:\/\/blog.espol.edu.ec\/maite\/curiosidades-o_o\/","title":{"rendered":"Curiosidades o_O"},"content":{"rendered":"<h2 class=\"style4\"><strong>El punto mas alejado del centro de la Tierra es la cima del Chimborazo<a href=\"http:\/\/lodescubriras.blogspot.com\/2007\/04\/el-punto-ms-alejado-del-centro-de-la.html\">?<\/a><\/strong><\/h2>\n<p><strong><\/strong><\/p>\n<div id=\"attachment_44\" style=\"width: 310px\" class=\"wp-caption alignright\"><img loading=\"lazy\" decoding=\"async\" aria-describedby=\"caption-attachment-44\" class=\"size-medium wp-image-44\" src=\"http:\/\/blog.espol.edu.ec\/maite\/files\/2009\/06\/350px-chimborazo-300x224.jpg\" alt=\"El Chimborazo\" width=\"300\" height=\"224\" srcset=\"https:\/\/blog.espol.edu.ec\/maite\/files\/2009\/06\/350px-chimborazo-300x224.jpg 300w, https:\/\/blog.espol.edu.ec\/maite\/files\/2009\/06\/350px-chimborazo.jpg 350w\" sizes=\"auto, (max-width: 300px) 100vw, 300px\" \/><p id=\"caption-attachment-44\" class=\"wp-caption-text\">El Chimborazo<\/p><\/div>\n<p>Chimborazo con sus 6310m es el punto m\u00e1s alejado del centro de la tierra porque el radio terrestre en la latitud ecuatorial es mayor que en la latitud de la monta\u00f1a m\u00e1s alta del mundo (el Everest). Por este motivo, pese a ser el Chimborazo 2.548 metros m\u00e1s bajo que el Everest, se encuentra a m\u00e1s dist\u00e1ncia del centro de la tierra<\/p>\n","protected":false},"excerpt":{"rendered":"<p>El punto mas alejado del centro de la Tierra es la cima del Chimborazo? Chimborazo con sus 6310m es el punto m\u00e1s alejado del centro de la tierra porque el radio terrestre en la latitud ecuatorial es mayor que en la latitud de la monta\u00f1a m\u00e1s alta del mundo (el Everest). Por este motivo, pese [&hellip;]<\/p>\n","protected":false},"author":1583,"featured_media":0,"parent":0,"menu_order":0,"comment_status":"open","ping_status":"open","template":"","meta":{"footnotes":""},"class_list":["post-26","page","type-page","status-publish","hentry"],"_links":{"self":[{"href":"https:\/\/blog.espol.edu.ec\/maite\/wp-json\/wp\/v2\/pages\/26","targetHints":{"allow":["GET"]}}],"collection":[{"href":"https:\/\/blog.espol.edu.ec\/maite\/wp-json\/wp\/v2\/pages"}],"about":[{"href":"https:\/\/blog.espol.edu.ec\/maite\/wp-json\/wp\/v2\/types\/page"}],"author":[{"embeddable":true,"href":"https:\/\/blog.espol.edu.ec\/maite\/wp-json\/wp\/v2\/users\/1583"}],"replies":[{"embeddable":true,"href":"https:\/\/blog.espol.edu.ec\/maite\/wp-json\/wp\/v2\/comments?post=26"}],"version-history":[{"count":7,"href":"https:\/\/blog.espol.edu.ec\/maite\/wp-json\/wp\/v2\/pages\/26\/revisions"}],"predecessor-version":[{"id":31,"href":"https:\/\/blog.espol.edu.ec\/maite\/wp-json\/wp\/v2\/pages\/26\/revisions\/31"}],"wp:attachment":[{"href":"https:\/\/blog.espol.edu.ec\/maite\/wp-json\/wp\/v2\/media?parent=26"}],"curies":[{"name":"wp","href":"https:\/\/api.w.org\/{rel}","templated":true}]}}