{"id":52,"date":"2014-11-09T22:51:04","date_gmt":"2014-11-09T22:51:04","guid":{"rendered":"http:\/\/blog.espol.edu.ec\/majoocam\/?page_id=52"},"modified":"2014-11-09T23:03:33","modified_gmt":"2014-11-09T23:03:33","slug":"que-es-virtualizacion-2","status":"publish","type":"page","link":"https:\/\/blog.espol.edu.ec\/majoocam\/que-es-virtualizacion-2\/","title":{"rendered":"Que es Virtualizacion"},"content":{"rendered":"<hr \/>\n<p style=\"text-align: center\"><strong><em> \u00bfQue es Virtualizacion?<\/em><\/strong><\/p>\n<p>El concepto de virtualizaci\u00f3n ha existido de una forma u otra en la computaci\u00f3n y sistemas desde principios de 1960.<br \/>\nLa mayor parte de las veces, la virtualizaci\u00f3n es utilizado o se utiliza espec\u00edficamente para referirse a un sistema concreto de virtualizaci\u00f3n, como por ejemplo la denominaci\u00f3n m\u00e1s utilizada y reconocida \"m\u00e1quina virtual\".<br \/>\nDado que se trata de una tecnolog\u00eda en plena evoluci\u00f3n, cualquier definici\u00f3n actual de Realidad Virtual debe ser considerada solo con car\u00e1cter transitorio, sin embargo podemos decir.<\/p>\n<p><a href=\"http:\/\/blog.espol.edu.ec\/majoocam\/files\/2014\/11\/descarga.jpg\"><img loading=\"lazy\" decoding=\"async\" class=\"aligncenter size-full wp-image-36\" src=\"http:\/\/blog.espol.edu.ec\/majoocam\/files\/2014\/11\/descarga.jpg\" alt=\"virtualizacion\" width=\"253\" height=\"199\" \/><\/a><\/p>\n<p>La realidad virtual es simulaci\u00f3n por computadora, din\u00e1mica y tridimensional, con alto contenido gr\u00e1fico, ac\u00fastico y t\u00e1ctil, orientada a la visualizaci\u00f3n de situaciones y variables complejas, durante la cual el usuario ingresa, a trav\u00e9s del uso de sofisticados dispositivos de entrada, a \"mundos\" que aparentan ser reales, resultando inmerso en ambientes altamente participativos, de origen artificial.<\/p>\n<hr \/>\n<p>&nbsp;<\/p>\n<p style=\"text-align: center\"><em><strong>VIRTUALIDAD<\/strong><\/em><\/p>\n<p style=\"text-align: left\">La [[virtualidad]] establece una nueva forma de relaci\u00f3n entre el uso de las coordenadas de espacio y de tiempo, supera las barreras espaciotemporales y configura un entorno en el que la informaci\u00f3n y la comunicaci\u00f3n se nos muestran accesibles desde perspectivas hasta ahora desconocidas al menos en cuanto a su volumen y posibilidades. La realidad virtual permite la generaci\u00f3n de entornos de interacci\u00f3n que separen la necesidad de compartir el espacio-tiempo, facilitando en este caso nuevos contextos de intercambio y comunicaci\u00f3n.<\/p>\n<p style=\"text-align: left\"><a href=\"http:\/\/blog.espol.edu.ec\/majoocam\/files\/2014\/11\/VIRTUALIDAD.jpg\"><img loading=\"lazy\" decoding=\"async\" class=\"aligncenter size-medium wp-image-37\" src=\"http:\/\/blog.espol.edu.ec\/majoocam\/files\/2014\/11\/VIRTUALIDAD-300x200.jpg\" alt=\"VIRTUALIDAD\" width=\"300\" height=\"200\" srcset=\"https:\/\/blog.espol.edu.ec\/majoocam\/files\/2014\/11\/VIRTUALIDAD-300x200.jpg 300w, https:\/\/blog.espol.edu.ec\/majoocam\/files\/2014\/11\/VIRTUALIDAD-1024x683.jpg 1024w\" sizes=\"auto, (max-width: 300px) 100vw, 300px\" \/><\/a><\/p>\n<p style=\"text-align: center\"><strong><em> RELACION Ral\/Irl<\/em> <\/strong><\/p>\n<p>La realidad virtual ha eliminado la frontera existente entre '''realidad''' e '''irrealidad'''. No se trata en este caso de la imposibilidad de separaci\u00f3n entre lo real y aquello que no lo es, sino la difusi\u00f3n de los l\u00edmites que los separan.<\/p>\n<p>La amplia variedad de posibilidades que \u00e9sta ofrece, ha facilitado el establecimiento de un estatus de realidad, sustentado fundamentalmente en tres aspectos:<\/p>\n<ul>\n<li>La realidad virtual es ''compartida'' con otras personas. Se centra generalmente en la interacci\u00f3n interpersonal, que a pesar de no producirse en el mismo espacio-tiempo, si es percibida como un acto colectivo.<\/li>\n<\/ul>\n<p>&nbsp;<\/p>\n<ul>\n<li>Tiene una estrecha relaci\u00f3n con el ''mundo f\u00edsico'' dada su interrelaci\u00f3n e influencia mutua. La experiencia en la realidad virtual viene mediada por la experiencia en el mundo real y \u00e9sta es influida por lo que all\u00ed es experimentado.<\/li>\n<\/ul>\n<p>&nbsp;<\/p>\n<ul>\n<li>Est\u00e1 interconectada con la ''producci\u00f3n art\u00edstica'', ya que se convierte en un espacio m\u00e1s de creaci\u00f3n con motivaciones est\u00e9ticas.<\/li>\n<\/ul>\n<p>&nbsp;<\/p>\n<p><a href=\"http:\/\/blog.espol.edu.ec\/majoocam\/files\/2014\/11\/relacion.jpg\"><img loading=\"lazy\" decoding=\"async\" class=\"aligncenter size-medium wp-image-38\" src=\"http:\/\/blog.espol.edu.ec\/majoocam\/files\/2014\/11\/relacion-300x210.jpg\" alt=\"relacion\" width=\"300\" height=\"210\" srcset=\"https:\/\/blog.espol.edu.ec\/majoocam\/files\/2014\/11\/relacion-300x210.jpg 300w, https:\/\/blog.espol.edu.ec\/majoocam\/files\/2014\/11\/relacion.jpg 400w\" sizes=\"auto, (max-width: 300px) 100vw, 300px\" \/><\/a><\/p>\n<hr \/>\n<p>&nbsp;<\/p>\n","protected":false},"excerpt":{"rendered":"<p>\u00bfQue es Virtualizacion? El concepto de virtualizaci\u00f3n ha existido de una forma u otra en la computaci\u00f3n y sistemas desde principios de 1960. La mayor parte de las veces, la virtualizaci\u00f3n es utilizado o se utiliza espec\u00edficamente para referirse a un sistema concreto de virtualizaci\u00f3n, como por ejemplo la denominaci\u00f3n m\u00e1s utilizada y reconocida \"m\u00e1quina [&hellip;]<\/p>\n","protected":false},"author":9314,"featured_media":0,"parent":0,"menu_order":0,"comment_status":"open","ping_status":"closed","template":"","meta":{"footnotes":""},"class_list":["post-52","page","type-page","status-publish","hentry"],"_links":{"self":[{"href":"https:\/\/blog.espol.edu.ec\/majoocam\/wp-json\/wp\/v2\/pages\/52","targetHints":{"allow":["GET"]}}],"collection":[{"href":"https:\/\/blog.espol.edu.ec\/majoocam\/wp-json\/wp\/v2\/pages"}],"about":[{"href":"https:\/\/blog.espol.edu.ec\/majoocam\/wp-json\/wp\/v2\/types\/page"}],"author":[{"embeddable":true,"href":"https:\/\/blog.espol.edu.ec\/majoocam\/wp-json\/wp\/v2\/users\/9314"}],"replies":[{"embeddable":true,"href":"https:\/\/blog.espol.edu.ec\/majoocam\/wp-json\/wp\/v2\/comments?post=52"}],"version-history":[{"count":4,"href":"https:\/\/blog.espol.edu.ec\/majoocam\/wp-json\/wp\/v2\/pages\/52\/revisions"}],"predecessor-version":[{"id":71,"href":"https:\/\/blog.espol.edu.ec\/majoocam\/wp-json\/wp\/v2\/pages\/52\/revisions\/71"}],"wp:attachment":[{"href":"https:\/\/blog.espol.edu.ec\/majoocam\/wp-json\/wp\/v2\/media?parent=52"}],"curies":[{"name":"wp","href":"https:\/\/api.w.org\/{rel}","templated":true}]}}