{"id":123,"date":"2011-06-04T04:33:25","date_gmt":"2011-06-04T04:33:25","guid":{"rendered":"http:\/\/blog.espol.edu.ec\/majorami\/?page_id=123"},"modified":"2011-06-04T04:57:44","modified_gmt":"2011-06-04T04:57:44","slug":"cocinas-modernas","status":"publish","type":"page","link":"https:\/\/blog.espol.edu.ec\/majorami\/cocinas-modernas\/","title":{"rendered":"Cocinas Modernas"},"content":{"rendered":"<p>Las <strong>cocinas modernas<\/strong> que podemos encontrar actualmente en el mercado son realizados con todo tipo de <strong>materiales ecol\u00f3gicos<\/strong>, dise\u00f1ados adem\u00e1s para que podamos ahorrar todo tipo de energ\u00eda y de agua, ya que podemos contar con electrodom\u00e9sticos de bajo consumo, y adem\u00e1s en el caso del agua encontraremos grifos que ahorran su consumo gracias a su fabricaci\u00f3n especial para ello.<\/p>\n<p>En cuanto al dise\u00f1o de estas <strong>cocinas modernas<\/strong> podemos decir que todas ellas cuentan con estilos que son muy actuales y que adem\u00e1s nos permiten ser acordes en la decoraci\u00f3n de toda la casa. Los cajones con tiradores autom\u00e1ticos, la campanas de dise\u00f1o, las vitrocer\u00e1micas que apenas gastan. Todo ello forma parte de una evoluci\u00f3n en las cocinas\u00a0y que alejadas nos quedan de las de anta\u00f1o cuando todas parec\u00edan iguales.<\/p>\n<p style=\"text-align: center\"><img loading=\"lazy\" decoding=\"async\" class=\"size-thumbnail wp-image-124 alignleft\" style=\"border: black 2px solid\" title=\"cocinas-modernas1\" src=\"http:\/\/blog.espol.edu.ec\/majorami\/files\/2011\/06\/cocinas-modernas1-150x150.jpg\" alt=\"\" width=\"168\" height=\"188\" \/><\/p>\n<p><a href=\"http:\/\/blog.espol.edu.ec\/majorami\/files\/2011\/06\/Cocinas_Modernas_C.jpg\"><img loading=\"lazy\" decoding=\"async\" class=\"size-medium wp-image-126 alignleft\" style=\"border: black 2px solid\" title=\"Cocinas_Modernas_C\" src=\"http:\/\/blog.espol.edu.ec\/majorami\/files\/2011\/06\/Cocinas_Modernas_C-300x186.jpg\" alt=\"\" width=\"304\" height=\"198\" \/><img loading=\"lazy\" decoding=\"async\" class=\"size-thumbnail wp-image-125 alignleft\" style=\"border: black 2px solid\" title=\"cocinas-modernas-474585\" src=\"http:\/\/blog.espol.edu.ec\/majorami\/files\/2011\/06\/cocinas-modernas-474585-150x150.jpg\" alt=\"\" width=\"150\" height=\"150\" \/><\/a><\/p>\n<p><a href=\"http:\/\/blog.espol.edu.ec\/majorami\/files\/2011\/06\/Cocinas_Modernas_C.jpg\"><\/a>\u00a0<\/p>\n<p>El ideal de cocina era el de una espacio lleno de vida, con texturas y colores que exaltaran los sentidos. Hab\u00eda una tendencia a utilizar madera como el material principal para la construccion de los muebles de cocina, que junto con una decoracion adecuada y una buana iluminaci\u00f3n se lograba obtener un ambiente c\u00e1lido. \u00c9ste concepto comenz\u00f3 a cambiar a mediados de los a\u00f1os 90 con la aparici\u00f3n de lo que llamamos cocinas modernas.<\/p>\n<p><a href=\"http:\/\/blog.espol.edu.ec\/majorami\/files\/2011\/06\/cocinas-modernas-precios.jpg\"><img loading=\"lazy\" decoding=\"async\" class=\"aligncenter size-medium wp-image-127\" title=\"cocinas-modernas-precios\" src=\"http:\/\/blog.espol.edu.ec\/majorami\/files\/2011\/06\/cocinas-modernas-precios-300x187.jpg\" alt=\"\" width=\"472\" height=\"207\" \/><\/a><\/p>\n<p>Este hermoso color le da vida a toda la cocina, y a la vez llama laatenci\u00f3n de cualquier persona que visite en el hogar, ya que junto a la perfecta distribuci\u00f3n de cada mobiliario, equipo y elemento decorativo que posee, crean un estilo sorprendente y muy moderno, lo mejor es se puede crear una cocina como esta con muy poco dinero, ya que las <a href=\"http:\/\/www.arqhys.com\/fotos\/cocinas-modernas-precios.html\">ofertas <\/a>cada d\u00eda disminuyen por la competencia de muchas tiendas.<\/p>\n<p>Estor hermosos dise\u00f1os estan en la <a href=\"http:\/\/www.arqhys.com\/fotos\/cocinas-modernas-precios.html\">venta aqu\u00ed<\/a><\/p>\n<p><a href=\"http:\/\/www.rhcocinas.com\/\">RH cocinas <\/a>es un buen sitio donde tu puedes realizar tus compras a buenos precios y con dise\u00f1os \u00fanicos<\/p>\n<p>Colores como el <strong>naranja<\/strong>, el <strong><span style=\"text-decoration: underline\">negro<\/span><\/strong>, el <strong>rojo\u00a0<\/strong>o el <strong>malva,<\/strong> no son de uso tradicional en la decoraci\u00f3n de la <label>cocina<\/label> y precisamente por eso consiguen un efecto de <strong>originalidad <\/strong>y <strong>vanguardia<\/strong> al ser icluidos en los revestimientos, de <a href=\"http:\/\/www.opendeco.es\/cuarzo-compacto-para-el-suelo\/\" target=\"_blank\">suelos<\/a> y <a title=\"paredes\" href=\"http:\/\/decoracionparedes.es\">paredes<\/a>, en las <a href=\"http:\/\/www.opendeco.es\/lo-ultimo-en-encimeras-de-cocina\/\" target=\"_blank\">encimeras<\/a>, en los lacados de los muebles o en los <label>accesorios<\/label>.<\/p>\n<p><a href=\"http:\/\/blog.espol.edu.ec\/majorami\/files\/2011\/06\/cocinas-modernas-precios1.jpg\"><\/a><a href=\"http:\/\/blog.espol.edu.ec\/majorami\/files\/2011\/06\/2006colonial1.jpg\"><img loading=\"lazy\" decoding=\"async\" class=\"aligncenter size-medium wp-image-136\" title=\"2006colonial1\" src=\"http:\/\/blog.espol.edu.ec\/majorami\/files\/2011\/06\/2006colonial1-300x199.jpg\" alt=\"\" width=\"300\" height=\"199\" srcset=\"https:\/\/blog.espol.edu.ec\/majorami\/files\/2011\/06\/2006colonial1-300x199.jpg 300w, https:\/\/blog.espol.edu.ec\/majorami\/files\/2011\/06\/2006colonial1.jpg 380w\" sizes=\"auto, (max-width: 300px) 100vw, 300px\" \/><\/a><a href=\"http:\/\/blog.espol.edu.ec\/majorami\/files\/2011\/06\/cocinas+modernas.jpg\"><\/a><\/p>\n","protected":false},"excerpt":{"rendered":"<p>Las cocinas modernas que podemos encontrar actualmente en el mercado son realizados con todo tipo de materiales ecol\u00f3gicos, dise\u00f1ados adem\u00e1s para que podamos ahorrar todo tipo de energ\u00eda y de agua, ya que podemos contar con electrodom\u00e9sticos de bajo consumo, y adem\u00e1s en el caso del agua encontraremos grifos que ahorran su consumo gracias a [&hellip;]<\/p>\n","protected":false},"author":5765,"featured_media":0,"parent":0,"menu_order":0,"comment_status":"open","ping_status":"open","template":"","meta":{"footnotes":""},"class_list":["post-123","page","type-page","status-publish","hentry"],"_links":{"self":[{"href":"https:\/\/blog.espol.edu.ec\/majorami\/wp-json\/wp\/v2\/pages\/123","targetHints":{"allow":["GET"]}}],"collection":[{"href":"https:\/\/blog.espol.edu.ec\/majorami\/wp-json\/wp\/v2\/pages"}],"about":[{"href":"https:\/\/blog.espol.edu.ec\/majorami\/wp-json\/wp\/v2\/types\/page"}],"author":[{"embeddable":true,"href":"https:\/\/blog.espol.edu.ec\/majorami\/wp-json\/wp\/v2\/users\/5765"}],"replies":[{"embeddable":true,"href":"https:\/\/blog.espol.edu.ec\/majorami\/wp-json\/wp\/v2\/comments?post=123"}],"version-history":[{"count":4,"href":"https:\/\/blog.espol.edu.ec\/majorami\/wp-json\/wp\/v2\/pages\/123\/revisions"}],"predecessor-version":[{"id":129,"href":"https:\/\/blog.espol.edu.ec\/majorami\/wp-json\/wp\/v2\/pages\/123\/revisions\/129"}],"wp:attachment":[{"href":"https:\/\/blog.espol.edu.ec\/majorami\/wp-json\/wp\/v2\/media?parent=123"}],"curies":[{"name":"wp","href":"https:\/\/api.w.org\/{rel}","templated":true}]}}