{"id":157,"date":"2011-06-05T20:17:26","date_gmt":"2011-06-05T20:17:26","guid":{"rendered":"http:\/\/blog.espol.edu.ec\/majorami\/?page_id=157"},"modified":"2011-06-05T20:25:13","modified_gmt":"2011-06-05T20:25:13","slug":"muebles","status":"publish","type":"page","link":"https:\/\/blog.espol.edu.ec\/majorami\/muebles\/","title":{"rendered":"Muebles"},"content":{"rendered":"<p>Los muebles en una casa son los m\u00e1s fundamentales, es el complemento es donde uno llega y descansa, es demasiado importante, es lo que le da vida a la casa y hace que la sintamos como nuestro hogar.<\/p>\n<p>Los muebles comunmente son cafes pero a medida de los a\u00f1os ha ido variando su estilo a bancos o negros porque eso le da un ambiente de renovacion o actual.<\/p>\n<p>Si bien los muebles complementarios, como su nombre lo indica, sirven de apoyo al mobiliario central o fijo, estos se convierten, sobre todo en los espacios peque\u00f1os, en piezas indispensables para la organizaci\u00f3n y la est\u00e9tica del hogar.<\/p>\n<p>Estas piezas auxiliares generalmente brindan el toque atrevido de color a los ambientes y aportan un acento de car\u00e1cter. Brindamos algunos consejos para utilizar y decorar mejor con el mobiliario auxiliar:<\/p>\n<p>Es importante evitar sobrecargar los espacios con este tipo de muebles. Debe usar de modo racional los elementos que se emplean al trabajar un ambiente. En decoraci\u00f3n se parte de que el menos es m\u00e1s. Es mejor buenas piezas y pocas. Si tenemos alguna de dise\u00f1o muy recargado, podemos buscar el equilibrio usando en el resto del mobiliario piezas de l\u00edneas m\u00e1s sutiles. Debemos tratar de que no haya competencia entre los elementos de un mismo ambiente.<\/p>\n<div id=\"HOTWordsTxt\">\n<p>En cuesti\u00f3n de decoraci\u00f3n, los muebles tienen su sitio privilegiado puesto que son los elementos faros de la est\u00e9tica de una habitaci\u00f3n. Pero, ciertamente puede convertirse tanto en una ventaja como en un inconveniente, puesto que un mueble no se puede camuflar ni esconder.<\/p>\n<p style=\"text-align: center\"><a href=\"http:\/\/www.pasiondeco.com\/wp-content\/uploads\/2011\/04\/Deco19.jpg\"><img loading=\"lazy\" decoding=\"async\" class=\"aligncenter\" title=\"muebles\" src=\"http:\/\/www.pasiondeco.com\/wp-content\/uploads\/2011\/04\/Deco19.jpg\" alt=\"\" width=\"400\" height=\"282\" \/><\/a><\/p>\n<p>Cuando concebimos su decoraci\u00f3n, el mueble predominante, el m\u00e1s importante de la habitaci\u00f3n debe estar insertado en los planos de la casa, o cambiarse en funci\u00f3n de la nueva decoraci\u00f3n. Muchas personas inexpertas cometen el error de no contar, en un principio, con el mobiliario que ya tienen, y que adem\u00e1s quieren seguir manteniendo.<\/p>\n<p>No debemos olvidarnos que para tener \u00e9xito en la decoraci\u00f3n, el mueble a\u00f1adido a la habitaci\u00f3n debe estar en armon\u00eda con \u00e9sta, ya que si no, los efectos que se pretend\u00edan crear, podr\u00edan obligarnos a rehacer por completo toda la decoraci\u00f3n de esa estancia. El mueble debe encajar en el estilo, el tono de color y las l\u00edneas, con la decoraci\u00f3n de la habitaci\u00f3n.<\/p>\n<p>Igualmente, se puede establecer una decoraci\u00f3n alrededor de un mueble preciso, porque posee un valor en particular, bien econ\u00f3mico, art\u00edstico, o sentimental. Es otra forma de ver la decoraci\u00f3n, es decir que los aspectos decorativos no giren en torno a una idea, sino alrededor de un mueble determinado.<\/p>\n<p>En todo caso, sea cual sea la decoraci\u00f3n de la casa, un mueble debe poder colocarse holgadamente en una habitaci\u00f3n, y si esto no ocurre, entonces la decoraci\u00f3n se ver\u00e1 afectada, o al menos no corresponder\u00e1 exactamente con lo que se hab\u00eda pensado en un principio.<\/p>\n<p><a href=\"http:\/\/blog.espol.edu.ec\/majorami\/files\/2011\/06\/muebles-de-cuero-cuidados.jpg\"><img loading=\"lazy\" decoding=\"async\" class=\"aligncenter size-full wp-image-161\" title=\"muebles-de-cuero-cuidados\" src=\"http:\/\/blog.espol.edu.ec\/majorami\/files\/2011\/06\/muebles-de-cuero-cuidados.jpg\" alt=\"\" width=\"800\" height=\"316\" srcset=\"https:\/\/blog.espol.edu.ec\/majorami\/files\/2011\/06\/muebles-de-cuero-cuidados.jpg 800w, https:\/\/blog.espol.edu.ec\/majorami\/files\/2011\/06\/muebles-de-cuero-cuidados-300x118.jpg 300w\" sizes=\"auto, (max-width: 800px) 100vw, 800px\" \/><\/a><a href=\"http:\/\/blog.espol.edu.ec\/majorami\/files\/2011\/06\/1280869767_61658721_2-Fotos-de-MUEBLES-DE-SALA-Y-COMEDOR-1280869767.jpg\"><img loading=\"lazy\" decoding=\"async\" class=\"aligncenter size-full wp-image-162\" title=\"1280869767_61658721_2-Fotos-de--MUEBLES-DE-SALA-Y-COMEDOR-1280869767\" src=\"http:\/\/blog.espol.edu.ec\/majorami\/files\/2011\/06\/1280869767_61658721_2-Fotos-de-MUEBLES-DE-SALA-Y-COMEDOR-1280869767.jpg\" alt=\"\" width=\"625\" height=\"469\" srcset=\"https:\/\/blog.espol.edu.ec\/majorami\/files\/2011\/06\/1280869767_61658721_2-Fotos-de-MUEBLES-DE-SALA-Y-COMEDOR-1280869767.jpg 625w, https:\/\/blog.espol.edu.ec\/majorami\/files\/2011\/06\/1280869767_61658721_2-Fotos-de-MUEBLES-DE-SALA-Y-COMEDOR-1280869767-300x225.jpg 300w\" sizes=\"auto, (max-width: 625px) 100vw, 625px\" \/><\/a><a href=\"http:\/\/blog.espol.edu.ec\/majorami\/files\/2011\/06\/decoracion-sala_salon-muebles-elegantes.jpg\"><img loading=\"lazy\" decoding=\"async\" class=\"aligncenter size-full wp-image-163\" title=\"decoracion-sala_salon-muebles-elegantes\" src=\"http:\/\/blog.espol.edu.ec\/majorami\/files\/2011\/06\/decoracion-sala_salon-muebles-elegantes.jpg\" alt=\"\" width=\"661\" height=\"438\" srcset=\"https:\/\/blog.espol.edu.ec\/majorami\/files\/2011\/06\/decoracion-sala_salon-muebles-elegantes.jpg 661w, https:\/\/blog.espol.edu.ec\/majorami\/files\/2011\/06\/decoracion-sala_salon-muebles-elegantes-300x198.jpg 300w\" sizes=\"auto, (max-width: 661px) 100vw, 661px\" \/><\/a><\/p>\n<\/div>\n","protected":false},"excerpt":{"rendered":"<p>Los muebles en una casa son los m\u00e1s fundamentales, es el complemento es donde uno llega y descansa, es demasiado importante, es lo que le da vida a la casa y hace que la sintamos como nuestro hogar. Los muebles comunmente son cafes pero a medida de los a\u00f1os ha ido variando su estilo a [&hellip;]<\/p>\n","protected":false},"author":5765,"featured_media":0,"parent":0,"menu_order":0,"comment_status":"open","ping_status":"open","template":"","meta":{"footnotes":""},"class_list":["post-157","page","type-page","status-publish","hentry"],"_links":{"self":[{"href":"https:\/\/blog.espol.edu.ec\/majorami\/wp-json\/wp\/v2\/pages\/157","targetHints":{"allow":["GET"]}}],"collection":[{"href":"https:\/\/blog.espol.edu.ec\/majorami\/wp-json\/wp\/v2\/pages"}],"about":[{"href":"https:\/\/blog.espol.edu.ec\/majorami\/wp-json\/wp\/v2\/types\/page"}],"author":[{"embeddable":true,"href":"https:\/\/blog.espol.edu.ec\/majorami\/wp-json\/wp\/v2\/users\/5765"}],"replies":[{"embeddable":true,"href":"https:\/\/blog.espol.edu.ec\/majorami\/wp-json\/wp\/v2\/comments?post=157"}],"version-history":[{"count":4,"href":"https:\/\/blog.espol.edu.ec\/majorami\/wp-json\/wp\/v2\/pages\/157\/revisions"}],"predecessor-version":[{"id":160,"href":"https:\/\/blog.espol.edu.ec\/majorami\/wp-json\/wp\/v2\/pages\/157\/revisions\/160"}],"wp:attachment":[{"href":"https:\/\/blog.espol.edu.ec\/majorami\/wp-json\/wp\/v2\/media?parent=157"}],"curies":[{"name":"wp","href":"https:\/\/api.w.org\/{rel}","templated":true}]}}