{"id":3,"date":"2008-10-19T21:35:31","date_gmt":"2008-10-20T02:35:31","guid":{"rendered":"http:\/\/blog.espol.edu.ec\/makubex\/about-2\/"},"modified":"2010-08-01T19:31:49","modified_gmt":"2010-08-02T00:31:49","slug":"gonzalo-andrade","status":"publish","type":"page","link":"https:\/\/blog.espol.edu.ec\/makubex\/gonzalo-andrade\/","title":{"rendered":"Qui\u00e9n soy?"},"content":{"rendered":"<p><a href=\"http:\/\/blog.espol.edu.ec\/makubex\/files\/2008\/10\/makubex.png\"><img loading=\"lazy\" decoding=\"async\" class=\"aligncenter size-full wp-image-1909\" title=\"makubex\" src=\"http:\/\/blog.espol.edu.ec\/makubex\/files\/2008\/10\/makubex.png\" alt=\"\" width=\"218\" height=\"189\" \/><\/a><\/p>\n<p><strong>Nombre:<\/strong> Gonzalo Andrade Moreira<\/p>\n<p><strong>Edad:<\/strong> 20<\/p>\n<p><strong>Estudios:<br \/>\n&gt;Primaria: <span style=\"font-weight: normal\">Liceo Naval Guayaquil<br \/>\n<strong> &gt;Secundaria: <span style=\"font-weight: normal\">Liceo Naval Guayaquil --&gt;\u00a0Promoci\u00f3n\u00a032 Matutina<br \/>\n<strong> &gt;Superior: <\/strong><strong><span style=\"font-weight: normal\">ESPOL<br \/>\n&gt;<\/span><\/strong><\/span><\/strong><\/span><\/strong><span style=\"font-weight: normal\"><span style=\"font-weight: normal\"><span style=\"font-weight: normal\"><strong>Idiomas: <\/strong>Espa\u00f1ol, Ingles, Franc\u00e9s 75%<\/span><\/span><\/span><span style=\"font-weight: normal\"><span style=\"font-weight: normal\"><span style=\"font-weight: normal\">,<\/span><\/span><\/span><strong><span style=\"font-weight: normal\"><strong><span style=\"font-weight: normal\"><strong><span style=\"font-weight: normal\"> Japon\u00e9s 5%<br \/>\n<\/span><\/strong><\/span><\/strong><\/span><\/strong><\/p>\n<p><strong>E-Mail:<\/strong> <a href=\"http:\/\/blog.espol.edu.ec\/makubex\/files\/2008\/10\/gmail.png\"><img loading=\"lazy\" decoding=\"async\" class=\"alignnone size-full wp-image-84\" src=\"http:\/\/blog.espol.edu.ec\/makubex\/files\/2008\/10\/gmail.png\" alt=\"\" width=\"200\" height=\"20\" \/><\/a><\/p>\n<p><strong>Celular:<\/strong> 090445012 - (04)2210227<\/p>\n<p><strong>Series Favoritas<br \/>\n<span style=\"font-weight: normal\">Mi TOP: Lost, TTGL, Death Note, Code Geass, School Rumble, Seto no Hanayome... <\/span><\/strong><\/p>\n<p><strong>Estilo de Musica Favorita:<\/strong> J-POP, J-ROCK, Punk-Rock, Electronica--&gt;Trance y Ochenteras ^^<\/p>\n<p><strong>Artistas\/Grupos Favoritos de toda la vida:<\/strong><br \/>\nTiesto, The Cynic Project,\u00a0 L'Arc~en~Ciel, Paul Van Dyk \ud83d\ude00<\/p>\n<p style=\"text-align: center\"><a href=\"http:\/\/gonzakun.spaces.live.com\"><img loading=\"lazy\" decoding=\"async\" class=\"alignnone size-full wp-image-79\" src=\"http:\/\/blog.espol.edu.ec\/makubex\/files\/2008\/10\/96px-windows_live_spaces_logo.png\" alt=\"\" width=\"68\" height=\"68\" \/><\/a> <a href=\"http:\/\/www.youtube.com\/profile_play_list?user=gonzakun\" target=\"_blank\"><img loading=\"lazy\" decoding=\"async\" class=\"alignnone size-medium wp-image-162\" src=\"http:\/\/blog.espol.edu.ec\/makubex\/files\/2008\/11\/youtube-button.png\" alt=\"\" width=\"117\" height=\"61\" \/><\/a><a href=\"http:\/\/www.facebook.com\/profile.php?id=648311353&amp;v=info&amp;viewas=648311353\"><img loading=\"lazy\" decoding=\"async\" class=\"alignnone size-medium wp-image-219\" src=\"http:\/\/blog.espol.edu.ec\/makubex\/files\/2008\/12\/images.jpg\" alt=\"\" width=\"55\" height=\"55\" \/><\/a> <a href=\"http:\/\/twitter.com\/makubexs\"><img loading=\"lazy\" decoding=\"async\" class=\"alignnone size-full wp-image-469\" src=\"http:\/\/blog.espol.edu.ec\/makubex\/files\/2009\/02\/twitter_logo_125x29.png\" alt=\"\" width=\"119\" height=\"29\" \/><\/a><a href=\"http:\/\/www.flickr.com\/photos\/33780411@N08\/\"><img loading=\"lazy\" decoding=\"async\" class=\"alignnone size-full wp-image-571\" src=\"http:\/\/blog.espol.edu.ec\/makubex\/files\/2009\/03\/flickr.png\" alt=\"\" width=\"107\" height=\"37\" \/><\/a><a href=\"http:\/\/twitter.com\/makubexs\"><\/a><\/p>\n<h1 style=\"text-align: center\"><span style=\"font-size: small\"><span style=\"font-weight: normal\"><span style=\"font-size: xx-large\"><span><strong><br \/>\n<\/strong><\/span><\/span><\/span><\/span><\/h1>\n","protected":false},"excerpt":{"rendered":"<p>Nombre: Gonzalo Andrade Moreira Edad: 20 Estudios: &gt;Primaria: Liceo Naval Guayaquil &gt;Secundaria: Liceo Naval Guayaquil --&gt;\u00a0Promoci\u00f3n\u00a032 Matutina &gt;Superior: ESPOL &gt;Idiomas: Espa\u00f1ol, Ingles, Franc\u00e9s 75%, Japon\u00e9s 5% E-Mail: Celular: 090445012 - (04)2210227 Series Favoritas Mi TOP: Lost, TTGL, Death Note, Code Geass, School Rumble, Seto no Hanayome... Estilo de Musica Favorita: J-POP, J-ROCK, Punk-Rock, Electronica--&gt;Trance y [&hellip;]<\/p>\n","protected":false},"author":116,"featured_media":0,"parent":0,"menu_order":4,"comment_status":"open","ping_status":"closed","template":"","meta":{"_monsterinsights_skip_tracking":false,"_monsterinsights_sitenote_active":false,"_monsterinsights_sitenote_note":"","_monsterinsights_sitenote_category":0,"footnotes":""},"class_list":["post-3","page","type-page","status-publish","hentry"],"aioseo_notices":[],"_links":{"self":[{"href":"https:\/\/blog.espol.edu.ec\/makubex\/wp-json\/wp\/v2\/pages\/3","targetHints":{"allow":["GET"]}}],"collection":[{"href":"https:\/\/blog.espol.edu.ec\/makubex\/wp-json\/wp\/v2\/pages"}],"about":[{"href":"https:\/\/blog.espol.edu.ec\/makubex\/wp-json\/wp\/v2\/types\/page"}],"author":[{"embeddable":true,"href":"https:\/\/blog.espol.edu.ec\/makubex\/wp-json\/wp\/v2\/users\/116"}],"replies":[{"embeddable":true,"href":"https:\/\/blog.espol.edu.ec\/makubex\/wp-json\/wp\/v2\/comments?post=3"}],"version-history":[{"count":72,"href":"https:\/\/blog.espol.edu.ec\/makubex\/wp-json\/wp\/v2\/pages\/3\/revisions"}],"predecessor-version":[{"id":71,"href":"https:\/\/blog.espol.edu.ec\/makubex\/wp-json\/wp\/v2\/pages\/3\/revisions\/71"}],"wp:attachment":[{"href":"https:\/\/blog.espol.edu.ec\/makubex\/wp-json\/wp\/v2\/media?parent=3"}],"curies":[{"name":"wp","href":"https:\/\/api.w.org\/{rel}","templated":true}]}}