{"id":217,"date":"2011-12-04T04:24:56","date_gmt":"2011-12-04T04:24:56","guid":{"rendered":"http:\/\/blog.espol.edu.ec\/mariaorozco\/?page_id=217"},"modified":"2011-12-04T04:25:00","modified_gmt":"2011-12-04T04:25:00","slug":"visita-al-bosque-protector-espol","status":"publish","type":"page","link":"https:\/\/blog.espol.edu.ec\/mariaorozco\/visita-al-bosque-protector-espol\/","title":{"rendered":"Visita al Bosque Protector ESPOL"},"content":{"rendered":"<p align=\"center\"><strong>Bosque Protector Prosperina<\/strong><\/p>\n<p>Es un proyecto, a cargo de la Escuela Superior Polit\u00e9cnica del Litoral, para proteger y resguardar un \u00e1rea rica en naturaleza.<\/p>\n<ul>\n<li><strong>Visita al Bosque Protector<\/strong><\/li>\n<\/ul>\n<p>A cargo de la Ing. Esther Soriano visitamos las instalaciones del Bosque Protector ubicado en la Escuela\u00a0 Superior Polit\u00e9cnica en el campus Gustavo Galindo en donde nos explicaron paso a paso el proceso de reciclaje, elaboraci\u00f3n del compostaje, entre otros procesos que la ESPOL realiza para contribuir con el medio ambiente.<\/p>\n<p><strong>Estaci\u00f3n 1 (Reciclado)<\/strong><\/p>\n<p>Aqu\u00ed\u00a0 se recicla el papel mediante el siguiente proceso:<\/p>\n<p><img loading=\"lazy\" decoding=\"async\" class=\"aligncenter size-medium wp-image-218\" src=\"http:\/\/blog.espol.edu.ec\/mariaorozco\/files\/2011\/12\/0-300x225.jpg\" alt=\"\" width=\"300\" height=\"225\" srcset=\"https:\/\/blog.espol.edu.ec\/mariaorozco\/files\/2011\/12\/0-300x225.jpg 300w, https:\/\/blog.espol.edu.ec\/mariaorozco\/files\/2011\/12\/0.jpg 320w\" sizes=\"auto, (max-width: 300px) 100vw, 300px\" \/><\/p>\n<div id=\"attachment_219\" style=\"width: 310px\" class=\"wp-caption aligncenter\"><img loading=\"lazy\" decoding=\"async\" aria-describedby=\"caption-attachment-219\" class=\"size-medium wp-image-219\" src=\"http:\/\/blog.espol.edu.ec\/mariaorozco\/files\/2011\/12\/eco-300x225.jpg\" alt=\"\" width=\"300\" height=\"225\" srcset=\"https:\/\/blog.espol.edu.ec\/mariaorozco\/files\/2011\/12\/eco-300x225.jpg 300w, https:\/\/blog.espol.edu.ec\/mariaorozco\/files\/2011\/12\/eco.jpg 960w\" sizes=\"auto, (max-width: 300px) 100vw, 300px\" \/><p id=\"caption-attachment-219\" class=\"wp-caption-text\">Maquina en donde se realiza el proceso de reciclaje<\/p><\/div>\n<p>1)\u00a0\u00a0\u00a0\u00a0\u00a0 En la maquina se licua 11 hojas de papel en 4 litros de agua<\/p>\n<p>2)\u00a0\u00a0\u00a0\u00a0\u00a0 El papel picado es lo que se llama la pulpa, el cual lo vamos a dejar remojar por 5 minutos<\/p>\n<p>3)\u00a0\u00a0\u00a0\u00a0\u00a0 Con la saranda, la cual sirve como una coladera vamos a cernir el agua<\/p>\n<p>4)\u00a0\u00a0\u00a0\u00a0\u00a0 Luego se debe colocar en unos cuadros para luego secar el papel, y con una esponga se quita el exceso de agua.<\/p>\n<p>5)\u00a0\u00a0\u00a0\u00a0\u00a0 Se debe dejar secar aproximadamente de una hora a una hora y media.<\/p>\n<p>Con 11 hojas hacemos 6 hojas ecol\u00f3gicas.<\/p>\n<div id=\"attachment_220\" style=\"width: 310px\" class=\"wp-caption aligncenter\"><img loading=\"lazy\" decoding=\"async\" aria-describedby=\"caption-attachment-220\" class=\"size-medium wp-image-220\" src=\"http:\/\/blog.espol.edu.ec\/mariaorozco\/files\/2011\/12\/384972_294045840636330_100000927509213_912801_1460353758_n-300x225.jpg\" alt=\"\" width=\"300\" height=\"225\" srcset=\"https:\/\/blog.espol.edu.ec\/mariaorozco\/files\/2011\/12\/384972_294045840636330_100000927509213_912801_1460353758_n-300x225.jpg 300w, https:\/\/blog.espol.edu.ec\/mariaorozco\/files\/2011\/12\/384972_294045840636330_100000927509213_912801_1460353758_n.jpg 320w\" sizes=\"auto, (max-width: 300px) 100vw, 300px\" \/><p id=\"caption-attachment-220\" class=\"wp-caption-text\">Tarjeta hecha de papel reciclado<\/p><\/div>\n<div id=\"attachment_221\" style=\"width: 310px\" class=\"wp-caption aligncenter\"><img loading=\"lazy\" decoding=\"async\" aria-describedby=\"caption-attachment-221\" class=\"size-medium wp-image-221\" src=\"http:\/\/blog.espol.edu.ec\/mariaorozco\/files\/2011\/12\/4-300x225.jpg\" alt=\"\" width=\"300\" height=\"225\" srcset=\"https:\/\/blog.espol.edu.ec\/mariaorozco\/files\/2011\/12\/4-300x225.jpg 300w, https:\/\/blog.espol.edu.ec\/mariaorozco\/files\/2011\/12\/4.jpg 320w\" sizes=\"auto, (max-width: 300px) 100vw, 300px\" \/><p id=\"caption-attachment-221\" class=\"wp-caption-text\">Caja para regalo<\/p><\/div>\n<div id=\"attachment_222\" style=\"width: 310px\" class=\"wp-caption aligncenter\"><img loading=\"lazy\" decoding=\"async\" aria-describedby=\"caption-attachment-222\" class=\"size-medium wp-image-222\" src=\"http:\/\/blog.espol.edu.ec\/mariaorozco\/files\/2011\/12\/2-300x225.jpg\" alt=\"\" width=\"300\" height=\"225\" srcset=\"https:\/\/blog.espol.edu.ec\/mariaorozco\/files\/2011\/12\/2-300x225.jpg 300w, https:\/\/blog.espol.edu.ec\/mariaorozco\/files\/2011\/12\/2.jpg 320w\" sizes=\"auto, (max-width: 300px) 100vw, 300px\" \/><p id=\"caption-attachment-222\" class=\"wp-caption-text\">Tabla de madera en donde se deja secar el papel<\/p><\/div>\n<p><strong>\u00a0<\/strong><\/p>\n<ul>\n<li><strong>Exposici\u00f3n al Colegio 28\u00a0 de Mayo<\/strong><\/li>\n<\/ul>\n<p>El dia Jueves 24 de noviembre tuvimos la visita de las se\u00f1oritas del Colegio 28 de Mayo a las instalaciones de ESPOL con el fin de presentarles el proyecto realizado por la empresa de\u00a0L\u00e1cteos\u00a0TONY y\u00a0ESPOL.<\/p>\n<p align=\"center\"><strong>\"HUELLA\u00a0ECOL\u00d3GICA\"<\/strong><\/p>\n<p>Presentando as\u00ed el video de\u00a0introducci\u00f3n\u00a0donde se explica el conocimiento b\u00e1sico que se necesita para entender el porqu\u00e9 del funcionamiento de dicho proyecto, contamos con la presencia de alrededor de 60 se\u00f1oritas y sus respectivas autoridades institucionales acompa\u00f1\u00e1ndolas.<\/p>\n<p>Procedimos a llevar a las\u00a0instalaciones\u00a0a la entrada del bosque protector donde se dio a conocer cada\u00a0estaci\u00f3n\u00a0con las funciones que desempe\u00f1a la\u00a0ESPOL\u00a0en el proceso de\u00a0conservaci\u00f3n\u00a0del medio ambiente.<\/p>\n<p>Fuimos repartidos en grupos con guias de el personal del Voluntariado Universitario y estudiantes de la Materia de\u00a0Ecolog\u00eda\u00a0dictada por la Ingeniera Esther Soriano.<\/p>\n<p>Resolvimos dudas y contamos an\u00e9cdotas realizando la visita de una manera interactiva.<\/p>\n<p>Logramos llegar a muchas de las estudiantes con el mensaje de este proyecto, donde empezaremos a formar\u00a0cambios\u00a0en nuestra sociedad.<\/p>\n<div id=\"attachment_223\" style=\"width: 296px\" class=\"wp-caption aligncenter\"><img loading=\"lazy\" decoding=\"async\" aria-describedby=\"caption-attachment-223\" class=\"size-full wp-image-223\" src=\"http:\/\/blog.espol.edu.ec\/mariaorozco\/files\/2011\/12\/33.jpg\" alt=\"\" width=\"286\" height=\"213\" \/><p id=\"caption-attachment-223\" class=\"wp-caption-text\">Bienvenida a las instalaciones de ESPOL. Ofrecida por el representante de la empresa Tony dirigido a se\u00f1oritas del Colegio 28 de Mayo.<\/p><\/div>\n<div id=\"attachment_224\" style=\"width: 310px\" class=\"wp-caption aligncenter\"><img loading=\"lazy\" decoding=\"async\" aria-describedby=\"caption-attachment-224\" class=\"size-medium wp-image-224\" src=\"http:\/\/blog.espol.edu.ec\/mariaorozco\/files\/2011\/12\/44-300x222.jpg\" alt=\"\" width=\"300\" height=\"222\" srcset=\"https:\/\/blog.espol.edu.ec\/mariaorozco\/files\/2011\/12\/44-300x222.jpg 300w, https:\/\/blog.espol.edu.ec\/mariaorozco\/files\/2011\/12\/44.jpg 302w\" sizes=\"auto, (max-width: 300px) 100vw, 300px\" \/><p id=\"caption-attachment-224\" class=\"wp-caption-text\">Presentaci\u00f3n del Video \u201cHuella Ecol\u00f3gica\u201d<\/p><\/div>\n<div id=\"attachment_225\" style=\"width: 297px\" class=\"wp-caption aligncenter\"><img loading=\"lazy\" decoding=\"async\" aria-describedby=\"caption-attachment-225\" class=\"size-full wp-image-225\" src=\"http:\/\/blog.espol.edu.ec\/mariaorozco\/files\/2011\/12\/55.jpg\" alt=\"\" width=\"287\" height=\"213\" \/><p id=\"caption-attachment-225\" class=\"wp-caption-text\">Conclusiones y preguntas del proyecto.<\/p><\/div>\n<div id=\"attachment_226\" style=\"width: 310px\" class=\"wp-caption aligncenter\"><img loading=\"lazy\" decoding=\"async\" aria-describedby=\"caption-attachment-226\" class=\"size-medium wp-image-226\" src=\"http:\/\/blog.espol.edu.ec\/mariaorozco\/files\/2011\/12\/66-300x225.jpg\" alt=\"\" width=\"300\" height=\"225\" srcset=\"https:\/\/blog.espol.edu.ec\/mariaorozco\/files\/2011\/12\/66-300x225.jpg 300w, https:\/\/blog.espol.edu.ec\/mariaorozco\/files\/2011\/12\/66.jpg 304w\" sizes=\"auto, (max-width: 300px) 100vw, 300px\" \/><p id=\"caption-attachment-226\" class=\"wp-caption-text\">Participaci\u00f3n de j\u00f3venes del Voluntariado Universitario en conjunto con estudiantes de la Materia Ecolog\u00eda y Educaci\u00f3n ambiental dictado por la Ingeniera Esther Soriano.<\/p><\/div>\n<div id=\"attachment_227\" style=\"width: 310px\" class=\"wp-caption aligncenter\"><img loading=\"lazy\" decoding=\"async\" aria-describedby=\"caption-attachment-227\" class=\"size-medium wp-image-227\" src=\"http:\/\/blog.espol.edu.ec\/mariaorozco\/files\/2011\/12\/ee-300x223.jpg\" alt=\"\" width=\"300\" height=\"223\" srcset=\"https:\/\/blog.espol.edu.ec\/mariaorozco\/files\/2011\/12\/ee-300x223.jpg 300w, https:\/\/blog.espol.edu.ec\/mariaorozco\/files\/2011\/12\/ee.jpg 302w\" sizes=\"auto, (max-width: 300px) 100vw, 300px\" \/><p id=\"caption-attachment-227\" class=\"wp-caption-text\">Llegada de las se\u00f1oritas estudiantes a las instalaciones de la Reserva Forestal.<\/p><\/div>\n<div id=\"attachment_229\" style=\"width: 310px\" class=\"wp-caption aligncenter\"><img loading=\"lazy\" decoding=\"async\" aria-describedby=\"caption-attachment-229\" class=\"size-medium wp-image-229\" src=\"http:\/\/blog.espol.edu.ec\/mariaorozco\/files\/2011\/12\/88-300x223.jpg\" alt=\"\" width=\"300\" height=\"223\" srcset=\"https:\/\/blog.espol.edu.ec\/mariaorozco\/files\/2011\/12\/88-300x223.jpg 300w, https:\/\/blog.espol.edu.ec\/mariaorozco\/files\/2011\/12\/88.jpg 303w\" sizes=\"auto, (max-width: 300px) 100vw, 300px\" \/><p id=\"caption-attachment-229\" class=\"wp-caption-text\">Asignaci\u00f3n de grupos gu\u00edas<\/p><\/div>\n<div id=\"attachment_230\" style=\"width: 310px\" class=\"wp-caption aligncenter\"><img loading=\"lazy\" decoding=\"async\" aria-describedby=\"caption-attachment-230\" class=\"size-medium wp-image-230\" src=\"http:\/\/blog.espol.edu.ec\/mariaorozco\/files\/2011\/12\/99-300x223.jpg\" alt=\"\" width=\"300\" height=\"223\" srcset=\"https:\/\/blog.espol.edu.ec\/mariaorozco\/files\/2011\/12\/99-300x223.jpg 300w, https:\/\/blog.espol.edu.ec\/mariaorozco\/files\/2011\/12\/99.jpg 301w\" sizes=\"auto, (max-width: 300px) 100vw, 300px\" \/><p id=\"caption-attachment-230\" class=\"wp-caption-text\">Presentaci\u00f3n de gu\u00edas con las se\u00f1oritas estudiantes<\/p><\/div>\n<div id=\"attachment_231\" style=\"width: 290px\" class=\"wp-caption aligncenter\"><img loading=\"lazy\" decoding=\"async\" aria-describedby=\"caption-attachment-231\" class=\"size-full wp-image-231\" src=\"http:\/\/blog.espol.edu.ec\/mariaorozco\/files\/2011\/12\/00.jpg\" alt=\"\" width=\"280\" height=\"207\" \/><p id=\"caption-attachment-231\" class=\"wp-caption-text\">Exposici\u00f3n en las diferentes estaciones donde se dio a conocer de forma din\u00e1mica la teor\u00eda que se presentaba en el video.<\/p><\/div>\n<div id=\"attachment_232\" style=\"width: 310px\" class=\"wp-caption aligncenter\"><img loading=\"lazy\" decoding=\"async\" aria-describedby=\"caption-attachment-232\" class=\"size-medium wp-image-232\" src=\"http:\/\/blog.espol.edu.ec\/mariaorozco\/files\/2011\/12\/11224-300x225.jpg\" alt=\"\" width=\"300\" height=\"225\" srcset=\"https:\/\/blog.espol.edu.ec\/mariaorozco\/files\/2011\/12\/11224-300x225.jpg 300w, https:\/\/blog.espol.edu.ec\/mariaorozco\/files\/2011\/12\/11224.jpg 301w\" sizes=\"auto, (max-width: 300px) 100vw, 300px\" \/><p id=\"caption-attachment-232\" class=\"wp-caption-text\">Se informo sobre las especies y fauna existente en la Reserva Ecol\u00f3gica de la ESPOL.<\/p><\/div>\n<p>&nbsp;<\/p>\n<p>&nbsp;<\/p>\n<p>&nbsp;<\/p>\n","protected":false},"excerpt":{"rendered":"<p>Bosque Protector Prosperina Es un proyecto, a cargo de la Escuela Superior Polit\u00e9cnica del Litoral, para proteger y resguardar un \u00e1rea rica en naturaleza. Visita al Bosque Protector A cargo de la Ing. Esther Soriano visitamos las instalaciones del Bosque Protector ubicado en la Escuela\u00a0 Superior Polit\u00e9cnica en el campus Gustavo Galindo en donde nos [&hellip;]<\/p>\n","protected":false},"author":5166,"featured_media":0,"parent":0,"menu_order":0,"comment_status":"open","ping_status":"open","template":"","meta":{"footnotes":""},"class_list":["post-217","page","type-page","status-publish","hentry"],"_links":{"self":[{"href":"https:\/\/blog.espol.edu.ec\/mariaorozco\/wp-json\/wp\/v2\/pages\/217","targetHints":{"allow":["GET"]}}],"collection":[{"href":"https:\/\/blog.espol.edu.ec\/mariaorozco\/wp-json\/wp\/v2\/pages"}],"about":[{"href":"https:\/\/blog.espol.edu.ec\/mariaorozco\/wp-json\/wp\/v2\/types\/page"}],"author":[{"embeddable":true,"href":"https:\/\/blog.espol.edu.ec\/mariaorozco\/wp-json\/wp\/v2\/users\/5166"}],"replies":[{"embeddable":true,"href":"https:\/\/blog.espol.edu.ec\/mariaorozco\/wp-json\/wp\/v2\/comments?post=217"}],"version-history":[{"count":3,"href":"https:\/\/blog.espol.edu.ec\/mariaorozco\/wp-json\/wp\/v2\/pages\/217\/revisions"}],"predecessor-version":[{"id":235,"href":"https:\/\/blog.espol.edu.ec\/mariaorozco\/wp-json\/wp\/v2\/pages\/217\/revisions\/235"}],"wp:attachment":[{"href":"https:\/\/blog.espol.edu.ec\/mariaorozco\/wp-json\/wp\/v2\/media?parent=217"}],"curies":[{"name":"wp","href":"https:\/\/api.w.org\/{rel}","templated":true}]}}