{"id":21,"date":"2010-03-31T17:01:25","date_gmt":"2010-03-31T22:01:25","guid":{"rendered":"http:\/\/blog.espol.edu.ec\/marketingecuador\/?page_id=21"},"modified":"2010-03-31T17:07:33","modified_gmt":"2010-03-31T22:07:33","slug":"publicidad-internet","status":"publish","type":"page","link":"https:\/\/blog.espol.edu.ec\/marketingecuador\/servicios\/publicidad-internet\/","title":{"rendered":"Publicidad Internet"},"content":{"rendered":"<p>Google y otros buscadores tienen tres \u00e1reas donde muestran los resultados obtenidos por las b\u00fasquedas.\u00a0 En la parte de arriba y al lado derecho, muestran publicidad pagada relacionada a las palabras claves que los usuarios ingresaron.\u00a0 Regularmente, para ciertas palabras clave, mostrar\u00e1n un mapa con direcciones y nombres de 10 empresas locales.\u00a0\u00a0 El tercer lugar es el\u00a0 de los resultados naturales de b\u00fasqueda.<\/p>\n<p>Nosotros le ayudamos a dominar los tres resultados para que usted pueda ser encontrado en\u00a0 Internet por sus clientes potenciales cuando est\u00e9n buscando productos o servicios como los que usted ofrece.<\/p>\n<h1>Publicidad en Internet<\/h1>\n<p>Administramos y gestionamos campa\u00f1as publicitarias en los principales medios digitales: Google, Facebook, Yahoo, Bing. Le ofrecemos promocionar su marca o productos a trav\u00e9s de anuncios pagados, llegando a segmentos por edades, nivel educativo, estado civil, ciudad.<\/p>\n<p>La publicidad en Internet puede generar trafico de calidad a su sitio web o incrementar el impacto de campa\u00f1as de expectaci\u00f3n, introducci\u00f3n, posicionamiento o lealtad de marca. Ofrecemos diversos planes y presupuestos publicitarios.<\/p>\n<p>Todas nuestras campa\u00f1as generan reportes y estad\u00edsticas, los cuales brindan informaci\u00f3n clave para conocer el desempe\u00f1o de cada campa\u00f1a y tomar decisiones en el corto plazo respecto a la forma en que los navegantes de internet perciben los anuncios de una marca.<\/p>\n<p>\u00danicamente trabajamos con una empresa por cada sector o industria en cada ciudad (o sector de la ciudad en caso de ciudades grandes).\u00a0\u00a0 Sea usted el primero y \u00fanico en beneficiarse en su localidad, no vaya a ser que ya estemos ayudando a su competencia a dominar su nicho de mercado local en Internet.<\/p>\n<p>Elvis Arias<br \/>\nCelular: 095283409<\/p>\n","protected":false},"excerpt":{"rendered":"<p>Google y otros buscadores tienen tres \u00e1reas donde muestran los resultados obtenidos por las b\u00fasquedas.\u00a0 En la parte de arriba y al lado derecho, muestran publicidad pagada relacionada a las palabras claves que los usuarios ingresaron.\u00a0 Regularmente, para ciertas palabras clave, mostrar\u00e1n un mapa con direcciones y nombres de 10 empresas locales.\u00a0\u00a0 El tercer lugar [&hellip;]<\/p>\n","protected":false},"author":3646,"featured_media":0,"parent":12,"menu_order":0,"comment_status":"closed","ping_status":"closed","template":"","meta":{"footnotes":""},"class_list":["post-21","page","type-page","status-publish","hentry"],"aioseo_notices":[],"_links":{"self":[{"href":"https:\/\/blog.espol.edu.ec\/marketingecuador\/wp-json\/wp\/v2\/pages\/21","targetHints":{"allow":["GET"]}}],"collection":[{"href":"https:\/\/blog.espol.edu.ec\/marketingecuador\/wp-json\/wp\/v2\/pages"}],"about":[{"href":"https:\/\/blog.espol.edu.ec\/marketingecuador\/wp-json\/wp\/v2\/types\/page"}],"author":[{"embeddable":true,"href":"https:\/\/blog.espol.edu.ec\/marketingecuador\/wp-json\/wp\/v2\/users\/3646"}],"replies":[{"embeddable":true,"href":"https:\/\/blog.espol.edu.ec\/marketingecuador\/wp-json\/wp\/v2\/comments?post=21"}],"version-history":[{"count":2,"href":"https:\/\/blog.espol.edu.ec\/marketingecuador\/wp-json\/wp\/v2\/pages\/21\/revisions"}],"predecessor-version":[{"id":23,"href":"https:\/\/blog.espol.edu.ec\/marketingecuador\/wp-json\/wp\/v2\/pages\/21\/revisions\/23"}],"up":[{"embeddable":true,"href":"https:\/\/blog.espol.edu.ec\/marketingecuador\/wp-json\/wp\/v2\/pages\/12"}],"wp:attachment":[{"href":"https:\/\/blog.espol.edu.ec\/marketingecuador\/wp-json\/wp\/v2\/media?parent=21"}],"curies":[{"name":"wp","href":"https:\/\/api.w.org\/{rel}","templated":true}]}}