{"id":13,"date":"2014-10-30T14:57:21","date_gmt":"2014-10-30T14:57:21","guid":{"rendered":"http:\/\/blog.espol.edu.ec\/marmehin\/?page_id=13"},"modified":"2014-11-09T05:03:57","modified_gmt":"2014-11-09T05:03:57","slug":"desayuno-saludables","status":"publish","type":"page","link":"https:\/\/blog.espol.edu.ec\/marmehin\/desayuno-saludables\/","title":{"rendered":"Desayunos Saludables"},"content":{"rendered":"<p><a href=\"http:\/\/blog.espol.edu.ec\/marmehin\/files\/2014\/10\/10751657_10203126890268772_23584464_n.jpg\"><img loading=\"lazy\" decoding=\"async\" class=\"size-medium wp-image-36 aligncenter\" src=\"http:\/\/blog.espol.edu.ec\/marmehin\/files\/2014\/10\/10751657_10203126890268772_23584464_n-225x300.jpg\" alt=\"Ensalada de Frutas\" width=\"225\" height=\"300\" srcset=\"https:\/\/blog.espol.edu.ec\/marmehin\/files\/2014\/10\/10751657_10203126890268772_23584464_n-225x300.jpg 225w, https:\/\/blog.espol.edu.ec\/marmehin\/files\/2014\/10\/10751657_10203126890268772_23584464_n.jpg 720w\" sizes=\"auto, (max-width: 225px) 100vw, 225px\" \/><\/a><\/p>\n<p>Esta Ensalada de Frutas, Nutritiva para un desayuno ideal y practica, su elaboraci\u00f3n es muy r\u00e1pida solo es necesario a\u00f1adir <a href=\"http:\/\/lacordillera.net\/index.php?option=com_content&amp;view=article&amp;id=5547:los-beneficios-de-comer-guineo&amp;catid=45:salud&amp;Itemid=112\">banano<\/a>, <a href=\"http:\/\/es.wikipedia.org\/wiki\/Actinidia_deliciosa\">kiwi<\/a>, <a href=\"http:\/\/es.wikipedia.org\/wiki\/Manzana\">manzana<\/a> y <a href=\"http:\/\/es.wikipedia.org\/wiki\/Frutilla\">frutillas<\/a> en trocitos.<img loading=\"lazy\" decoding=\"async\" class=\"size-medium wp-image-39 aligncenter\" src=\"http:\/\/blog.espol.edu.ec\/marmehin\/files\/2014\/10\/10743248_10203126889668757_996717874_n-300x225.jpg\" alt=\"10743248_10203126889668757_996717874_n\" width=\"300\" height=\"225\" srcset=\"https:\/\/blog.espol.edu.ec\/marmehin\/files\/2014\/10\/10743248_10203126889668757_996717874_n-300x225.jpg 300w, https:\/\/blog.espol.edu.ec\/marmehin\/files\/2014\/10\/10743248_10203126889668757_996717874_n.jpg 852w\" sizes=\"auto, (max-width: 300px) 100vw, 300px\" \/><\/p>\n<p>Uno de mis platos favoritos, un desayuno perfecto para alimentar bien tu ma\u00f1ana, solo necesitas frutas de tu gusto como banano, uvas, kiwi, manzana, y si deseas un mont\u00f3n de frutas mas, luego de tener picadas las frutas las colocamos en un recipiente, luego agregamos <a href=\"http:\/\/es.wikipedia.org\/wiki\/Granola\">granola<\/a> y yogur de tu preferencia. Si deseas acompa\u00f1ar tu frutas con granola puedes hacerte una tostada con pan integral, queso y jam\u00f3n.<\/p>\n<p>&nbsp;<\/p>\n<p>&nbsp;<\/p>\n<p><a href=\"http:\/\/blog.espol.edu.ec\/marmehin\/files\/2014\/10\/10754771_10203126888308723_1451259434_n.jpg\"><img loading=\"lazy\" decoding=\"async\" class=\"size-medium wp-image-40 aligncenter\" src=\"http:\/\/blog.espol.edu.ec\/marmehin\/files\/2014\/10\/10754771_10203126888308723_1451259434_n-300x225.jpg\" alt=\"10754771_10203126888308723_1451259434_n\" width=\"300\" height=\"225\" srcset=\"https:\/\/blog.espol.edu.ec\/marmehin\/files\/2014\/10\/10754771_10203126888308723_1451259434_n-300x225.jpg 300w, https:\/\/blog.espol.edu.ec\/marmehin\/files\/2014\/10\/10754771_10203126888308723_1451259434_n.jpg 960w\" sizes=\"auto, (max-width: 300px) 100vw, 300px\" \/><\/a><\/p>\n<p>&nbsp;<\/p>\n<p>Para una ma\u00f1ana de fin de semana cuando tengas un poquito mas de tiempo, podr\u00edas acompa\u00f1ar tu ensalada de frutas, con muchin de yuca con queso, son f\u00e1ciles de preparar, solo es cuesti\u00f3n de rayar la yuca colocarle un poquito de sal, agregarle queso y cebolla blanca si deseas, hacerle la forma respectiva y fre\u00edrlas hasta que se doren. Y listo, acomp\u00e1\u00f1alo con un batido a tu gusto.<\/p>\n<p>&nbsp;<\/p>\n<p><a href=\"http:\/\/blog.espol.edu.ec\/marmehin\/files\/2014\/10\/10806955_10203129762340572_741338390_n.jpg\"><img loading=\"lazy\" decoding=\"async\" class=\"size-medium wp-image-41 aligncenter\" src=\"http:\/\/blog.espol.edu.ec\/marmehin\/files\/2014\/10\/10806955_10203129762340572_741338390_n-300x222.jpg\" alt=\"10806955_10203129762340572_741338390_n\" width=\"300\" height=\"222\" srcset=\"https:\/\/blog.espol.edu.ec\/marmehin\/files\/2014\/10\/10806955_10203129762340572_741338390_n-300x222.jpg 300w, https:\/\/blog.espol.edu.ec\/marmehin\/files\/2014\/10\/10806955_10203129762340572_741338390_n.jpg 640w\" sizes=\"auto, (max-width: 300px) 100vw, 300px\" \/><\/a><\/p>\n<p>Frutillas con <a href=\"http:\/\/es.wikipedia.org\/wiki\/Mangifera_indica\">mango<\/a>.<\/p>\n<p>&nbsp;<\/p>\n<p>&nbsp;<\/p>\n<p><a href=\"http:\/\/blog.espol.edu.ec\/marmehin\/files\/2014\/10\/10805383_10203129762260570_524118601_n.jpg\"><img loading=\"lazy\" decoding=\"async\" class=\"size-medium wp-image-42 aligncenter\" src=\"http:\/\/blog.espol.edu.ec\/marmehin\/files\/2014\/10\/10805383_10203129762260570_524118601_n-296x300.jpg\" alt=\"10805383_10203129762260570_524118601_n\" width=\"296\" height=\"300\" srcset=\"https:\/\/blog.espol.edu.ec\/marmehin\/files\/2014\/10\/10805383_10203129762260570_524118601_n-296x300.jpg 296w, https:\/\/blog.espol.edu.ec\/marmehin\/files\/2014\/10\/10805383_10203129762260570_524118601_n.jpg 627w\" sizes=\"auto, (max-width: 296px) 100vw, 296px\" \/><\/a><\/p>\n<p>&nbsp;<\/p>\n<p>Mandarinas, con mango, yogur natural y <a href=\"http:\/\/www.botanical-online.com\/nuecespropiedades.htm\">nueces<\/a>.<\/p>\n<p>&nbsp;<\/p>\n<p><a href=\"http:\/\/blog.espol.edu.ec\/marmehin\/files\/2014\/10\/10805234_10203129762180568_299408289_n.jpg\"><img loading=\"lazy\" decoding=\"async\" class=\"size-medium wp-image-43 aligncenter\" src=\"http:\/\/blog.espol.edu.ec\/marmehin\/files\/2014\/10\/10805234_10203129762180568_299408289_n-300x190.jpg\" alt=\"10805234_10203129762180568_299408289_n\" width=\"300\" height=\"190\" srcset=\"https:\/\/blog.espol.edu.ec\/marmehin\/files\/2014\/10\/10805234_10203129762180568_299408289_n-300x190.jpg 300w, https:\/\/blog.espol.edu.ec\/marmehin\/files\/2014\/10\/10805234_10203129762180568_299408289_n.jpg 631w\" sizes=\"auto, (max-width: 300px) 100vw, 300px\" \/><\/a><\/p>\n<p>&nbsp;<\/p>\n<p>Pan integral con trocitos de banano, moras, kiwi y si deseas chispitas de chocolate.<\/p>\n","protected":false},"excerpt":{"rendered":"<p>Esta Ensalada de Frutas, Nutritiva para un desayuno ideal y practica, su elaboraci\u00f3n es muy r\u00e1pida solo es necesario a\u00f1adir banano, kiwi, manzana y frutillas en trocitos. Uno de mis platos favoritos, un desayuno perfecto para alimentar bien tu ma\u00f1ana, solo necesitas frutas de tu gusto como banano, uvas, kiwi, manzana, y si deseas un &hellip; <\/p>\n<p><a class=\"more-link btn\" href=\"https:\/\/blog.espol.edu.ec\/marmehin\/desayuno-saludables\/\">Seguir leyendo<\/a><\/p>\n","protected":false},"author":9376,"featured_media":0,"parent":0,"menu_order":0,"comment_status":"open","ping_status":"open","template":"","meta":{"footnotes":""},"class_list":["post-13","page","type-page","status-publish","hentry","nodate","item-wrap"],"_links":{"self":[{"href":"https:\/\/blog.espol.edu.ec\/marmehin\/wp-json\/wp\/v2\/pages\/13","targetHints":{"allow":["GET"]}}],"collection":[{"href":"https:\/\/blog.espol.edu.ec\/marmehin\/wp-json\/wp\/v2\/pages"}],"about":[{"href":"https:\/\/blog.espol.edu.ec\/marmehin\/wp-json\/wp\/v2\/types\/page"}],"author":[{"embeddable":true,"href":"https:\/\/blog.espol.edu.ec\/marmehin\/wp-json\/wp\/v2\/users\/9376"}],"replies":[{"embeddable":true,"href":"https:\/\/blog.espol.edu.ec\/marmehin\/wp-json\/wp\/v2\/comments?post=13"}],"version-history":[{"count":7,"href":"https:\/\/blog.espol.edu.ec\/marmehin\/wp-json\/wp\/v2\/pages\/13\/revisions"}],"predecessor-version":[{"id":98,"href":"https:\/\/blog.espol.edu.ec\/marmehin\/wp-json\/wp\/v2\/pages\/13\/revisions\/98"}],"wp:attachment":[{"href":"https:\/\/blog.espol.edu.ec\/marmehin\/wp-json\/wp\/v2\/media?parent=13"}],"curies":[{"name":"wp","href":"https:\/\/api.w.org\/{rel}","templated":true}]}}

<p><a href="http://blog.espol.edu.ec/marmehin/files/2014/10/10751657_10203126890268772_23584464_n.jpg"><img loading="lazy" decoding="async" class="size-medium wp-image-36 aligncenter" src="http://blog.espol.edu.ec/marmehin/files/2014/10/10751657_10203126890268772_23584464_n-225x300.jpg" alt="Ensalada de Frutas" width="225" height="300" srcset="https://blog.espol.edu.ec/marmehin/files/2014/10/10751657_10203126890268772_23584464_n-225x300.jpg 225w, https://blog.espol.edu.ec/marmehin/files/2014/10/10751657_10203126890268772_23584464_n.jpg 720w" sizes="auto, (max-width: 225px) 100vw, 225px" /></a></p>
<p>Esta Ensalada de Frutas, Nutritiva para un desayuno ideal y practica, su elaboración es muy rápida solo es necesario añadir <a href="http://lacordillera.net/index.php?option=com_content&amp;view=article&amp;id=5547:los-beneficios-de-comer-guineo&amp;catid=45:salud&amp;Itemid=112">banano</a>, <a href="http://es.wikipedia.org/wiki/Actinidia_deliciosa">kiwi</a>, <a href="http://es.wikipedia.org/wiki/Manzana">manzana</a> y <a href="http://es.wikipedia.org/wiki/Frutilla">frutillas</a> en trocitos.<img loading="lazy" decoding="async" class="size-medium wp-image-39 aligncenter" src="http://blog.espol.edu.ec/marmehin/files/2014/10/10743248_10203126889668757_996717874_n-300x225.jpg" alt="10743248_10203126889668757_996717874_n" width="300" height="225" srcset="https://blog.espol.edu.ec/marmehin/files/2014/10/10743248_10203126889668757_996717874_n-300x225.jpg 300w, https://blog.espol.edu.ec/marmehin/files/2014/10/10743248_10203126889668757_996717874_n.jpg 852w" sizes="auto, (max-width: 300px) 100vw, 300px" /></p>
<p>Uno de mis platos favoritos, un desayuno perfecto para alimentar bien tu mañana, solo necesitas frutas de tu gusto como banano, uvas, kiwi, manzana, y si deseas un montón de frutas mas, luego de tener picadas las frutas las colocamos en un recipiente, luego agregamos <a href="http://es.wikipedia.org/wiki/Granola">granola</a> y yogur de tu preferencia. Si deseas acompañar tu frutas con granola puedes hacerte una tostada con pan integral, queso y jamón.</p>
<p>&nbsp;</p>
<p>&nbsp;</p>
<p><a href="http://blog.espol.edu.ec/marmehin/files/2014/10/10754771_10203126888308723_1451259434_n.jpg"><img loading="lazy" decoding="async" class="size-medium wp-image-40 aligncenter" src="http://blog.espol.edu.ec/marmehin/files/2014/10/10754771_10203126888308723_1451259434_n-300x225.jpg" alt="10754771_10203126888308723_1451259434_n" width="300" height="225" srcset="https://blog.espol.edu.ec/marmehin/files/2014/10/10754771_10203126888308723_1451259434_n-300x225.jpg 300w, https://blog.espol.edu.ec/marmehin/files/2014/10/10754771_10203126888308723_1451259434_n.jpg 960w" sizes="auto, (max-width: 300px) 100vw, 300px" /></a></p>
<p>&nbsp;</p>
<p>Para una mañana de fin de semana cuando tengas un poquito mas de tiempo, podrías acompañar tu ensalada de frutas, con muchin de yuca con queso, son fáciles de preparar, solo es cuestión de rayar la yuca colocarle un poquito de sal, agregarle queso y cebolla blanca si deseas, hacerle la forma respectiva y freírlas hasta que se doren. Y listo, acompáñalo con un batido a tu gusto.</p>
<p>&nbsp;</p>
<p><a href="http://blog.espol.edu.ec/marmehin/files/2014/10/10806955_10203129762340572_741338390_n.jpg"><img loading="lazy" decoding="async" class="size-medium wp-image-41 aligncenter" src="http://blog.espol.edu.ec/marmehin/files/2014/10/10806955_10203129762340572_741338390_n-300x222.jpg" alt="10806955_10203129762340572_741338390_n" width="300" height="222" srcset="https://blog.espol.edu.ec/marmehin/files/2014/10/10806955_10203129762340572_741338390_n-300x222.jpg 300w, https://blog.espol.edu.ec/marmehin/files/2014/10/10806955_10203129762340572_741338390_n.jpg 640w" sizes="auto, (max-width: 300px) 100vw, 300px" /></a></p>
<p>Frutillas con <a href="http://es.wikipedia.org/wiki/Mangifera_indica">mango</a>.</p>
<p>&nbsp;</p>
<p>&nbsp;</p>
<p><a href="http://blog.espol.edu.ec/marmehin/files/2014/10/10805383_10203129762260570_524118601_n.jpg"><img loading="lazy" decoding="async" class="size-medium wp-image-42 aligncenter" src="http://blog.espol.edu.ec/marmehin/files/2014/10/10805383_10203129762260570_524118601_n-296x300.jpg" alt="10805383_10203129762260570_524118601_n" width="296" height="300" srcset="https://blog.espol.edu.ec/marmehin/files/2014/10/10805383_10203129762260570_524118601_n-296x300.jpg 296w, https://blog.espol.edu.ec/marmehin/files/2014/10/10805383_10203129762260570_524118601_n.jpg 627w" sizes="auto, (max-width: 296px) 100vw, 296px" /></a></p>
<p>&nbsp;</p>
<p>Mandarinas, con mango, yogur natural y <a href="http://www.botanical-online.com/nuecespropiedades.htm">nueces</a>.</p>
<p>&nbsp;</p>
<p><a href="http://blog.espol.edu.ec/marmehin/files/2014/10/10805234_10203129762180568_299408289_n.jpg"><img loading="lazy" decoding="async" class="size-medium wp-image-43 aligncenter" src="http://blog.espol.edu.ec/marmehin/files/2014/10/10805234_10203129762180568_299408289_n-300x190.jpg" alt="10805234_10203129762180568_299408289_n" width="300" height="190" srcset="https://blog.espol.edu.ec/marmehin/files/2014/10/10805234_10203129762180568_299408289_n-300x190.jpg 300w, https://blog.espol.edu.ec/marmehin/files/2014/10/10805234_10203129762180568_299408289_n.jpg 631w" sizes="auto, (max-width: 300px) 100vw, 300px" /></a></p>
<p>&nbsp;</p>
<p>Pan integral con trocitos de banano, moras, kiwi y si deseas chispitas de chocolate.</p>

<p>Esta Ensalada de Frutas, Nutritiva para un desayuno ideal y practica, su elaboración es muy rápida solo es necesario añadir banano, kiwi, manzana y frutillas en trocitos. Uno de mis platos favoritos, un desayuno perfecto para alimentar bien tu mañana, solo necesitas frutas de tu gusto como banano, uvas, kiwi, manzana, y si deseas un &hellip; </p>
<p><a class="more-link btn" href="https://blog.espol.edu.ec/marmehin/desayuno-saludables/">Seguir leyendo</a></p>
