{"id":10,"date":"2016-11-08T21:31:21","date_gmt":"2016-11-08T21:31:21","guid":{"rendered":"http:\/\/blog.espol.edu.ec\/maujroja\/?page_id=10"},"modified":"2016-11-08T21:36:17","modified_gmt":"2016-11-08T21:36:17","slug":"instrumetos","status":"publish","type":"page","link":"https:\/\/blog.espol.edu.ec\/maujroja\/instrumetos\/","title":{"rendered":"Instrumetos"},"content":{"rendered":"<p style=\"text-align: left\">Un\u00a0instrumento musical\u00a0es un objeto compuesto por la combinaci\u00f3n de uno o m\u00e1s sistemas resonantes y los medios para su vibraci\u00f3n, construido con el fin de reproducir\u00a0sonido\u00a0en uno o m\u00e1s\u00a0tonos\u00a0que puedan ser combinados por un int\u00e9rprete para producir\u00a0m\u00fasica. Al final, cualquier cosa que produzca sonido puede servir de instrumento musical, pero la expresi\u00f3n se reserva, generalmente, a aquellos objetos que tienen ese prop\u00f3sito espec\u00edfico.<\/p>\n<p style=\"text-align: left\"><strong>BAJO EL\u00c9CTRICO<\/strong><img loading=\"lazy\" decoding=\"async\" class=\"alignnone size-medium\" src=\"http:\/\/www.harmonycentral.com\/forum\/filedata\/fetch?id=31096710&amp;d=1395258420\" alt=\"\" width=\"890\" height=\"250\" \/><strong>PIANO<\/strong><\/p>\n<p><img loading=\"lazy\" decoding=\"async\" class=\"alignnone size-medium\" src=\"http:\/\/pngimg.com\/upload\/small\/piano_PNG10875.png\" alt=\"\" width=\"1050\" height=\"1250\" \/><strong>BATER\u00cdA<\/strong><\/p>\n<p><img loading=\"lazy\" decoding=\"async\" class=\"alignnone size-medium\" src=\"http:\/\/static.wixstatic.com\/media\/78779b_65084c8de628a439c8b53b19def2ec2b.png_512\" alt=\"\" width=\"664\" height=\"512\" \/><\/p>\n<p><strong>GUITARRA<\/strong><\/p>\n<p><img loading=\"lazy\" decoding=\"async\" class=\"alignnone size-medium\" src=\"http:\/\/www.pngpix.com\/wp-content\/uploads\/2016\/07\/PNGPIX-COM-Guitar-PNG-Transparent-Image-1.png\" alt=\"\" width=\"1096\" height=\"945\" \/><strong>GUITARRA EL\u00c9CTRICA<\/strong><\/p>\n<p><img loading=\"lazy\" decoding=\"async\" class=\"alignnone size-medium\" src=\"http:\/\/freepngimages.com\/wp-content\/uploads\/2014\/11\/white-electric-guitar.png\" alt=\"\" width=\"700\" height=\"239\" \/><\/p>\n","protected":false},"excerpt":{"rendered":"<p>Un\u00a0instrumento musical\u00a0es un objeto compuesto por la combinaci\u00f3n de uno o m\u00e1s sistemas resonantes y los medios para su vibraci\u00f3n, construido con el fin de reproducir\u00a0sonido\u00a0en uno o m\u00e1s\u00a0tonos\u00a0que puedan ser combinados por un int\u00e9rprete para producir\u00a0m\u00fasica. Al final, cualquier cosa que produzca sonido puede servir de instrumento musical, pero la expresi\u00f3n se reserva, generalmente, [&hellip;]<\/p>\n","protected":false},"author":10647,"featured_media":0,"parent":0,"menu_order":0,"comment_status":"closed","ping_status":"closed","template":"","meta":{"footnotes":""},"class_list":["post-10","page","type-page","status-publish","hentry"],"_links":{"self":[{"href":"https:\/\/blog.espol.edu.ec\/maujroja\/wp-json\/wp\/v2\/pages\/10","targetHints":{"allow":["GET"]}}],"collection":[{"href":"https:\/\/blog.espol.edu.ec\/maujroja\/wp-json\/wp\/v2\/pages"}],"about":[{"href":"https:\/\/blog.espol.edu.ec\/maujroja\/wp-json\/wp\/v2\/types\/page"}],"author":[{"embeddable":true,"href":"https:\/\/blog.espol.edu.ec\/maujroja\/wp-json\/wp\/v2\/users\/10647"}],"replies":[{"embeddable":true,"href":"https:\/\/blog.espol.edu.ec\/maujroja\/wp-json\/wp\/v2\/comments?post=10"}],"version-history":[{"count":3,"href":"https:\/\/blog.espol.edu.ec\/maujroja\/wp-json\/wp\/v2\/pages\/10\/revisions"}],"predecessor-version":[{"id":13,"href":"https:\/\/blog.espol.edu.ec\/maujroja\/wp-json\/wp\/v2\/pages\/10\/revisions\/13"}],"wp:attachment":[{"href":"https:\/\/blog.espol.edu.ec\/maujroja\/wp-json\/wp\/v2\/media?parent=10"}],"curies":[{"name":"wp","href":"https:\/\/api.w.org\/{rel}","templated":true}]}}