{"id":180,"date":"2009-08-25T15:46:38","date_gmt":"2009-08-25T19:46:38","guid":{"rendered":"http:\/\/blog.espol.edu.ec\/maylis\/?page_id=180"},"modified":"2009-09-18T10:29:41","modified_gmt":"2009-09-18T14:29:41","slug":"10-pasos-para-ser-un-hombre-irresistible","status":"publish","type":"page","link":"https:\/\/blog.espol.edu.ec\/maylis\/10-pasos-para-ser-un-hombre-irresistible\/","title":{"rendered":"10 Pasos para ser un hombre irresistible!!!!"},"content":{"rendered":"<p>Aqui te presentamos los 10 mejores consejos pa que te conviertas en un conquistador...<\/p>\n<p><img decoding=\"async\" src=\"http:\/\/www.record.com.mx\/images\/sections\/3391864.jpg\" alt=\"Conquistar\" \/><\/p>\n<p>1. Aprende a atraer a las mujeres siendo aut\u00e9ntico<\/p>\n<p>Muchos hombres tienen en su interior una barrera invisible que les impide convertirse en verdaderos hombres; y esta barrera se ve amplificada por la incapacidad de atraer a las mujeres mediante la autenticidad. Lo cierto es que muchos de nosotros tenemos una nube oscura que nos sigue a todas partes cuando no estamos dotados de ese no s\u00e9 qu\u00e9 especial que hace que las mujeres quieran estar con nosotros. Si un hombre es efectivamente un ni\u00f1o en su interior, entonces no ser\u00e1 capaz de encontrar el camino para solucionar el problema, pero al mismo tiempo no sabr\u00e1 que este camino existe. Pero s\u00ed existe un camino, cr\u00e9eme. Continuemos...<\/p>\n<p>2. Rompe las cadenas y crece<\/p>\n<p>Creo no equivocarme al decir que recibir el calificativo de \u201chombre\u201d, en la actualidad, tiene que ver m\u00e1s con una cuesti\u00f3n de edad y tama\u00f1o; nada tiene que ver con el significado profundo y ulterior de la palabra \u201chombre\u201d. \u00bfQu\u00e9 ocurre cuando un hombre alcanza cierta edad, pero no madura a partir de cierto punto de la vida? O peor a\u00fan, \u00bfy si alguna parte vital del proceso madurativo que generalmente est\u00e1 presente en el mundo externo no se encuentra all\u00ed en cierto punto cr\u00edtico del desarrollo de un hombre de modo que el sujeto se atasca en cierto estadio psicol\u00f3gico o emocional? Este es el problema que la mayor\u00eda de nosotros debemos enfrentar: nunca se nos ha mostrado el camino hacia la madurez, y ahora debemos encontrarlo por cuenta propia. <\/p>\n<p>3. S\u00e9 fiel a tu naturaleza<\/p>\n<p>Muchos hombres han aprendido a avergonzarse inconscientemente de sus deseos y apetitos naturales, y en consecuencia han encontrado formas de reprimirlos e incluso de odiarlos. Cuando intentas luchar contra tu propia naturaleza, tarde o temprano esto terminar\u00e1 volvi\u00e9ndose en tu contra, y podr\u00eda ocurrir en miles de formas. Y cuando finalmente se vuelve contra ti, ya no ser\u00e1 sencillo relacionarte con las mujeres. De hecho, quedar\u00e1s atrapado en una telara\u00f1a de pensamientos, sentimientos y patrones neur\u00f3ticos que ser\u00e1n muy dif\u00edciles de desenredar. Debes aceptar lo que eres. Comprende el concepto de que eres un hombre y que tienes la naturaleza propia de un hombre, y luego aprende a observar todo lo que ocurre \u2014desde los impulsos sexuales hasta los instintos asesinos\u2014, y saca el mayor provecho de todo ello. Este es uno de los puntos m\u00e1s importantes para ser el hombre que ellas quieren. <\/p>\n<p>4. Nunca sigas a las mujeres<br \/>\nCon frecuencia, los hombres intenta seguir a las mujeres que no tienen deseos de comandar. Y cuando ellas no comandan, el hombre las insta para que asuman el liderazgo con preguntas y un lenguaje corporal que busca aprobaci\u00f3n. Ella es l\u00edder y \u00e9l la sigue \u2014en realidad, ella ni siquiera juega el rol del l\u00edder, sino que \u00e9l no hace m\u00e1s que seguirla\u2014. Este es un gran error, amigo. En cambio, toma las riendas de la relaci\u00f3n, y asume el liderazgo de la misma. Elige un curso y mantente firme en el tim\u00f3n \u2014incluso cuando ella no deje de moverse en todo el mapa.....<\/p>\n<p>5. Asume la responsabilidad personal<\/p>\n<p><img decoding=\"async\" src=\"http:\/\/images.quebarato.com.br\/photos\/big\/1\/0\/442910_1.jpg\" alt=\"img\" \/><\/p>\n<p>Asume la responsabilidad personal de ti, de tus pensamientos, y de tu situaci\u00f3n. Aprende a ver c\u00f3mo las elecciones tomadas te han conducido al lugar en el que hoy te encuentras. Reh\u00fasate a ser una v\u00edctima \u2014y reh\u00fasa dar a alguien el poder de quitarte la alegr\u00eda\u2014. Las mujeres se sienten muy atra\u00eddas por esta clase de hombres responsables.<\/p>\n<p>6. Deja de ceder poder<\/p>\n<p>La mayor\u00eda de los hombres ceden poder a las mujeres para conseguir aprobaci\u00f3n. El problema con esto, desde luego, es que no es una de las mejores formas de convertirte en el hombre que las mujeres quieren. Este es el motivo por el cual los pocos hombres que eligen conservar su poder son tan atractivos y \u201cpoderosos\u201d a los ojos de las mujeres. \u00bfCu\u00e1l es la lecci\u00f3n aqu\u00ed? Nunca cedas tu poder si quieres alcanzar el lado bueno de una mujer. Puede que sientas que ser\u00eda bueno ceder ante ella, pero definitivamente no lo ser\u00e1. <\/p>\n<p>7. Enfrenta tus inseguridades<\/p>\n<p>En lugar de esconder tus inseguridades, mu\u00e9stralas hasta ser capaz de superarlas. \u00bfC\u00f3mo? Practica haciendo bromas acerca de las mismas cuando apenas conozcas a una mujer y se encuentren flirteando. Di algo como: \u201cEsto nunca va a funcionar; no eres buena discutiendo y yo compenso mi falta de estatura actuando en forma arrogante... as\u00ed que siempre estaremos peleando, y siempre ganar\u00e9 las peleas\u201d.<\/p>\n<p>8. Deja de necesitar a una mujer que te necesite<\/p>\n<p>Muchos hombres se sienten dejados de lado si una mujer quiere hacer algo por cuenta propia o con sus amigas en lugar de hacerlo con \u00e9l. Supera la respuesta autom\u00e1tica de sentir celos, furia o tristeza si ella busca pasar un buen momento sin que est\u00e9s a su lado.....<\/p>\n<p>9. Cambia<\/p>\n<p>Convertirte en el hombre m\u00e1s deseado requiere de algunos renunciamientos que suelen ser dif\u00edciles de llevar a la pr\u00e1ctica, al menos para la mayor\u00eda de los hombres. Significa renunciar a esas rabietas emocionales cuyo \u00fanico objetivo es el de llamar la atenci\u00f3n. Significa terminar de corregir a las personas porque necesitas sentirte importante. Significa ya no diferenciarte de las personas con tal de mostrar tu superioridad o ser un sabelotodo para recibir aprobaci\u00f3n. Significa que debes dejar de decir y hacer cosas para ganar atenci\u00f3n y aceptaci\u00f3n, en lugar de querer agregar valor y ayuda genuina a una situaci\u00f3n. Olv\u00eddate de esos patrones de conducta inmaduros que tan comunes son en los hombres y estar\u00e1s en camino para convertirte en el tipo de hombre que las mujeres quieren. <\/p>\n<p>10. Crece constantemente<\/p>\n<p>Convertirte en el hombre completo y masculino, por el cual las mujeres se sienten incontrolablemente atra\u00eddas es un proceso. N bien creas que lo has conseguido, ver\u00e1s que hay un nuevo desaf\u00edo en el horizonte. Lamentablemente, la mayor parte de los hombres nunca inicia este viaje hacia la verdadera madurez. De hecho, ellos permanecen como ni\u00f1os atrapados dentro de cuerpos de hombre. Pero si quieres convertirte en uno de esos hombres con un flujo constante de mujeres en sus vidas \u2014o una mujer de gran clase que puedas tener en tus manos por cuanto tiempo desees\u2014 entonces comprom\u00e9tete, en este mismo instante, a hacer lo necesario para convertirte en el hombre que se supone debes ser.   <\/p>\n","protected":false},"excerpt":{"rendered":"<p>Aqui te presentamos los 10 mejores consejos pa que te conviertas en un conquistador... 1. Aprende a atraer a las mujeres siendo aut\u00e9ntico Muchos hombres tienen en su interior una barrera invisible que les impide convertirse en verdaderos hombres; y esta barrera se ve amplificada por la incapacidad de atraer a las mujeres mediante la [&hellip;]<\/p>\n","protected":false},"author":2182,"featured_media":0,"parent":0,"menu_order":0,"comment_status":"open","ping_status":"open","template":"","meta":{"footnotes":""},"class_list":["post-180","page","type-page","status-publish","hentry"],"_links":{"self":[{"href":"https:\/\/blog.espol.edu.ec\/maylis\/wp-json\/wp\/v2\/pages\/180","targetHints":{"allow":["GET"]}}],"collection":[{"href":"https:\/\/blog.espol.edu.ec\/maylis\/wp-json\/wp\/v2\/pages"}],"about":[{"href":"https:\/\/blog.espol.edu.ec\/maylis\/wp-json\/wp\/v2\/types\/page"}],"author":[{"embeddable":true,"href":"https:\/\/blog.espol.edu.ec\/maylis\/wp-json\/wp\/v2\/users\/2182"}],"replies":[{"embeddable":true,"href":"https:\/\/blog.espol.edu.ec\/maylis\/wp-json\/wp\/v2\/comments?post=180"}],"version-history":[{"count":2,"href":"https:\/\/blog.espol.edu.ec\/maylis\/wp-json\/wp\/v2\/pages\/180\/revisions"}],"predecessor-version":[{"id":194,"href":"https:\/\/blog.espol.edu.ec\/maylis\/wp-json\/wp\/v2\/pages\/180\/revisions\/194"}],"wp:attachment":[{"href":"https:\/\/blog.espol.edu.ec\/maylis\/wp-json\/wp\/v2\/media?parent=180"}],"curies":[{"name":"wp","href":"https:\/\/api.w.org\/{rel}","templated":true}]}}