{"id":187,"date":"2009-08-26T15:39:21","date_gmt":"2009-08-26T19:39:21","guid":{"rendered":"http:\/\/blog.espol.edu.ec\/maylis\/?page_id=187"},"modified":"2009-08-26T15:39:21","modified_gmt":"2009-08-26T19:39:21","slug":"si-es-musica-para-tus-oidos-es-musica-para-tu-corazon","status":"publish","type":"page","link":"https:\/\/blog.espol.edu.ec\/maylis\/si-es-musica-para-tus-oidos-es-musica-para-tu-corazon\/","title":{"rendered":"Si es m\u00fasica para tus o\u00eddos, es m\u00fasica para tu coraz\u00f3n"},"content":{"rendered":"<p>Cient\u00edficos del Centro M\u00e9dico de la Universidad de Maryland han demostrado que e<strong>scuchar m\u00fasica puede beneficiar al sistema cardiovascular tanto como hacer ejercicio o tomar ciertos medicamentos<\/strong>.<br \/>\n<img decoding=\"async\" src=\"http:\/\/www.muyinteresante.es\/images\/stories\/salud\/musica1.jpg\" alt=\"\" \/><\/p>\n<p>Para llegar a esta conclusi\u00f3n, el director de cardiolog\u00eda preventiva Michael Miller, pidi\u00f3 a una decena de estudiantes no fumadores que escuchara su m\u00fasica preferida. A continuaci\u00f3n les hizo escuchar otros tres tipos de sonido para comparar sus efectos sobre el sistema vascular: m\u00fasica estresante, sonidos para relajaci\u00f3n y melod\u00edas usadas en risoterapia.<\/p>\n<p>Analizando la respuesta con\u00a0<strong>ultrasonidos<\/strong>, Miller y sus compa\u00f1eros comprobaron que\u00a0<strong>el di\u00e1metro de los vasos sangu\u00edneos<\/strong>, medido en la parte alta del brazo,\u00a0<strong>aumentaba un 26% con la m\u00fasica favorita de cada sujeto<\/strong>. En contraste, la m\u00fasica calificada como estresante hizo que los vasos se contrajeran un 6%. Con las canciones que invitaban a la risa, los vasos sangu\u00edneos se dilataron un 19%, mientras que la m\u00fasica relajante produjo una expansi\u00f3n del 11%.<\/p>\n<p>Los resultados, dice Miller, \u201cno implican que debamos dejar de recetar estatinas o recomendar el ejercicio f\u00edsico, pero s\u00ed que deber\u00edamos incorporar la m\u00fasica a los programas de salud cardiovascular\u201d.<\/p>\n","protected":false},"excerpt":{"rendered":"<p>Cient\u00edficos del Centro M\u00e9dico de la Universidad de Maryland han demostrado que escuchar m\u00fasica puede beneficiar al sistema cardiovascular tanto como hacer ejercicio o tomar ciertos medicamentos. Para llegar a esta conclusi\u00f3n, el director de cardiolog\u00eda preventiva Michael Miller, pidi\u00f3 a una decena de estudiantes no fumadores que escuchara su m\u00fasica preferida. A continuaci\u00f3n les [&hellip;]<\/p>\n","protected":false},"author":1914,"featured_media":0,"parent":0,"menu_order":0,"comment_status":"open","ping_status":"open","template":"","meta":{"footnotes":""},"class_list":["post-187","page","type-page","status-publish","hentry"],"_links":{"self":[{"href":"https:\/\/blog.espol.edu.ec\/maylis\/wp-json\/wp\/v2\/pages\/187","targetHints":{"allow":["GET"]}}],"collection":[{"href":"https:\/\/blog.espol.edu.ec\/maylis\/wp-json\/wp\/v2\/pages"}],"about":[{"href":"https:\/\/blog.espol.edu.ec\/maylis\/wp-json\/wp\/v2\/types\/page"}],"author":[{"embeddable":true,"href":"https:\/\/blog.espol.edu.ec\/maylis\/wp-json\/wp\/v2\/users\/1914"}],"replies":[{"embeddable":true,"href":"https:\/\/blog.espol.edu.ec\/maylis\/wp-json\/wp\/v2\/comments?post=187"}],"version-history":[{"count":2,"href":"https:\/\/blog.espol.edu.ec\/maylis\/wp-json\/wp\/v2\/pages\/187\/revisions"}],"predecessor-version":[{"id":189,"href":"https:\/\/blog.espol.edu.ec\/maylis\/wp-json\/wp\/v2\/pages\/187\/revisions\/189"}],"wp:attachment":[{"href":"https:\/\/blog.espol.edu.ec\/maylis\/wp-json\/wp\/v2\/media?parent=187"}],"curies":[{"name":"wp","href":"https:\/\/api.w.org\/{rel}","templated":true}]}}