{"id":173,"date":"2012-11-06T01:50:23","date_gmt":"2012-11-06T01:50:23","guid":{"rendered":"http:\/\/blog.espol.edu.ec\/mbrocel\/?page_id=173"},"modified":"2012-11-06T02:40:15","modified_gmt":"2012-11-06T02:40:15","slug":"escucha-aqui","status":"publish","type":"page","link":"https:\/\/blog.espol.edu.ec\/mbrocel\/escucha-aqui\/","title":{"rendered":"Escucha aqu\u00ec tu m\u00f9sica"},"content":{"rendered":"<p>&nbsp;<\/p>\n<h1><span style=\"color: #000080\">Aqu\u00ec podr\u00e0s escuchar lo mejor de m\u00f9sica disco, pop y rock<\/span><\/h1>\n<p>&nbsp;<\/p>\n<p>&nbsp;<\/p>\n<h2><span style=\"color: #ff6600\"><a href=\"http:\/\/www.4shared.com\/mp3\/zGCVA74W\/90_s_mix_-_mix_-_remix_de_la_m.html\" target=\"_blank\"><span style=\"color: #ff6600\">90 s mix - mix - remix de la musica disco de los 70 y 80(2).mp3<\/span><\/a><\/span><\/h2>\n<h2><span style=\"color: #ff6600\"><a href=\"http:\/\/www.4shared.com\/mp3\/WmjZJNMT\/60_s_70_s_80_s_90_s_-_musica_d.html\" target=\"_blank\"><span style=\"color: #ff6600\">60_s,_70_s,_80_s,_90_s,_-_musica_disco_de_los_60,_70_y_80_dance_disco.mp3<\/span><\/a><\/span><\/h2>\n<h2><span style=\"color: #ff6600\"><a href=\"http:\/\/www.4shared.com\/mp3\/TxIJyym8\/mix_de_full_musica_de_los_aos_.html\" target=\"_blank\"><span style=\"color: #ff6600\">mix de full musica de los a\u00f1os 70 , 80 , 90 - dj fabis Garcia 091061350 pim bb 2364643C.mp3<\/span><\/a><\/span><\/h2>\n<h2><span style=\"color: #ff6600\"><a href=\"http:\/\/www.4shared.com\/mp3\/OghspYpC\/Time_After_T_Cyndi_Lauper.html\" target=\"_blank\"><span style=\"color: #ff6600\">Time After T_Cyndi Lauper.mp3<\/span><\/a><\/span><\/h2>\n<h2><span style=\"color: #ff6600\"><a href=\"http:\/\/www.4shared.com\/mp3\/-SF2BM6K\/CYNDI_LAUPER_-_Gils_Just_Want_.html\" target=\"_blank\"><span style=\"color: #ff6600\">CYNDI LAUPER - Gils Just Want to have fun.mp3<\/span><\/a><\/span><\/h2>\n<h2><span style=\"color: #ff6600\"><a href=\"http:\/\/www.4shared.com\/mp3\/Y2Z-T9wz\/Cyndi_Lauper_-_80s_Megamix.html\" target=\"_blank\"><span style=\"color: #ff6600\">Cyndi Lauper - 80's Megamix.mp3<\/span><\/a><\/span><\/h2>\n<h2><span style=\"color: #ff6600\"><a href=\"http:\/\/www.4shared.com\/mp3\/43_J1WNX\/Cyndi_Lauper_-_Shine.html\" target=\"_blank\"><span style=\"color: #ff6600\">Cyndi Lauper - Shine.mp3<\/span><\/a><\/span><\/h2>\n<h2><span style=\"color: #ff6600\"><a href=\"http:\/\/www.4shared.com\/mp3\/7fpIUYqR\/09_Bangles_Theme.html\" target=\"_blank\"><span style=\"color: #ff6600\">09 Bangles Theme.mp3<\/span><\/a><\/span><\/h2>\n<h2><span style=\"color: #ff6600\"><a href=\"http:\/\/www.4shared.com\/mp3\/OFyaPf1y\/Chicago_-_If_You_Leave_Me_Now.html\" target=\"_blank\"><span style=\"color: #ff6600\">Chicago - If You Leave Me Now.mp3<\/span><\/a><\/span><\/h2>\n<h2><span style=\"color: #ff6600\"><a href=\"http:\/\/www.4shared.com\/mp3\/IUe85BX4\/hard_for_me_to_say_im_sorry_-_.html\" target=\"_blank\"><span style=\"color: #ff6600\">hard for me to say i'm sorry - chicago.mp3<\/span><\/a><\/span><\/h2>\n<h2><span style=\"color: #ff6600\"><a href=\"http:\/\/www.4shared.com\/mp3\/0nEqpQQo\/chicago_-_you_re_my_inspiratio.html\" target=\"_blank\"><span style=\"color: #ff6600\">chicago - you re my inspiration - your the inspiration.mp3<\/span><\/a><\/span><\/h2>\n<h2><span style=\"color: #ff6600\"><a href=\"http:\/\/www.4shared.com\/mp3\/K5rshk0G\/13_-_Chicago_-_You_Come_To_My_.html\" target=\"_blank\"><span style=\"color: #ff6600\">13 - Chicago - You Come To My Senses.mp3<\/span><\/a><\/span><\/h2>\n<h2><span style=\"color: #ff6600\"><a href=\"http:\/\/www.4shared.com\/mp3\/skIOkPM_\/09-We_Will_Rock_You.html\" target=\"_blank\"><span style=\"color: #ff6600\">09-We Will Rock You.mp3<\/span><\/a><\/span><\/h2>\n<h2><span style=\"color: #ff6600\"><a href=\"http:\/\/www.4shared.com\/mp3\/RYPXrRtU\/Banda_Grafith_-_10_Designer_Mu.html\" target=\"_blank\"><span style=\"color: #ff6600\">Banda Grafith - 10 Designer Music.mp3<\/span><\/a><\/span><\/h2>\n<h2><span style=\"color: #ff6600\"><a href=\"http:\/\/www.4shared.com\/mp3\/_XQrhQSH\/tina_turner_-_whats_love_got_t.html\" target=\"_blank\"><span style=\"color: #ff6600\">tina turner - whats love got to do with it.mp3<\/span><\/a><\/span><\/h2>\n<h2><span style=\"color: #ff6600\"><a href=\"http:\/\/www.4shared.com\/mp3\/fQ2B2P4x\/Tina_Turner_-_Tonight__Duet_wi.html\" target=\"_blank\"><span style=\"color: #ff6600\">Tina Turner - Tonight (Duet with David Bowie).mp3<\/span><\/a><\/span><\/h2>\n<h2><span style=\"color: #ff6600\"><a href=\"http:\/\/www.4shared.com\/mp3\/xYTiz3BH\/Tina_Turner_-_We_Dont_Need_Ano.html\" target=\"_blank\"><span style=\"color: #ff6600\">Tina Turner - We Don't Need Another Hero.mp3<\/span><\/a><\/span><\/h2>\n<h2><span style=\"color: #ff6600\"><a href=\"http:\/\/www.4shared.com\/mp3\/zxLPmRqO\/06_Eternal_Flame.html\" target=\"_blank\"><span style=\"color: #ff6600\">06 Eternal Flame.mp3<\/span><\/a><\/span><\/h2>\n<h2><span style=\"color: #ff6600\"><a href=\"http:\/\/www.4shared.com\/mp3\/J-EbHEOJ\/Robbie_-_Angels.html\" target=\"_blank\"><span style=\"color: #ff6600\">Robbie - Angels.mp3<\/span><\/a><\/span><\/h2>\n<h2><span style=\"color: #ff6600\"><a href=\"http:\/\/www.4shared.com\/mp3\/bOg8J2QJ\/Thriller_1.html\" target=\"_blank\"><span style=\"color: #ff6600\">Thriller_1.mp3<\/span><\/a><\/span><\/h2>\n<h2><span style=\"color: #ff6600\"><a href=\"http:\/\/www.4shared.com\/mp3\/yCy5TSsO\/YMCA.html\" target=\"_blank\"><span style=\"color: #ff6600\">YMCA.mp3<\/span><\/a><\/span><\/h2>\n<h2><span style=\"color: #ff6600\"><a href=\"http:\/\/www.4shared.com\/mp3\/OEykt15s\/Bee_Gees_-_How_Deep_Is_Your_lo.html\" target=\"_blank\"><span style=\"color: #ff6600\">Bee_Gees_-_How_Deep_Is_Your_love.mp3<\/span><\/a><\/span><\/h2>\n<h2><span style=\"color: #ff6600\"><a href=\"http:\/\/www.4shared.com\/mp3\/yrX60c5q\/214-bee_gees-i_started_a_joke.html\" target=\"_blank\"><span style=\"color: #ff6600\">214-bee_gees-i_started_a_joke.mp3<\/span><\/a><\/span><\/h2>\n<h2><span style=\"color: #ff6600\"><a href=\"http:\/\/www.4shared.com\/mp3\/5cWXNRiK\/Bee_Gees_-_Dont_Forget_to_Reme.html\" target=\"_blank\"><span style=\"color: #ff6600\">Bee Gees - Dont Forget to Remember.mp3<\/span><\/a><\/span><\/h2>\n<h2><span style=\"color: #ff6600\"><a href=\"http:\/\/www.4shared.com\/mp3\/6QbOfL_7\/Irene_Cara_-_What_a_feeling.html\" target=\"_blank\"><span style=\"color: #ff6600\">Irene Cara - What a feeling.mp3<\/span><\/a><\/span><\/h2>\n<h2><span style=\"color: #ff6600\"><a href=\"http:\/\/www.4shared.com\/mp3\/0f20uT0t\/irene_cara-flash_dance.html\" target=\"_blank\"><span style=\"color: #ff6600\">irene cara-flash dance.mp3<\/span><\/a><\/span><\/h2>\n<h2><span style=\"color: #ff6600\"><a href=\"http:\/\/www.4shared.com\/mp3\/9pj-RWMi\/Hotel_California__EAGLE.html\" target=\"_blank\"><span style=\"color: #ff6600\">Hotel California EAGLE.mp3<\/span><\/a><\/span><\/h2>\n<h2><span style=\"color: #ff6600\"><a href=\"http:\/\/www.4shared.com\/mp3\/pYwrxr9q\/01-the_cranberries-zombie.html\" target=\"_blank\"><span style=\"color: #ff6600\">01-the_cranberries-zombie.mp3<\/span><\/a><\/span><\/h2>\n<h2><a href=\"http:\/\/www.4shared.com\/mp3\/n6ptqnd8\/Beatles_-_Yesterday.html\" target=\"_blank\">Beatles - Yesterday.mp3<\/a><\/h2>\n<h2><span style=\"color: #ff6600\"> <a href=\"http:\/\/www.4shared.com\/mp3\/kR_e6vjB\/12_-_sacrifice_-_elton_jhon_-.html\" target=\"_blank\"><span style=\"color: #ff6600\">12 - sacrifice - elton jhon -.mp3<\/span><\/a><\/span><\/h2>\n<h2><span style=\"color: #ff6600\"> <a href=\"http:\/\/www.4shared.com\/mp3\/gISZhOp7\/Elton_Jhon_-_Your_Song.html\" target=\"_blank\"><span style=\"color: #ff6600\">Elton Jhon - Your Song.mp3<\/span><\/a><\/span><\/h2>\n<h2><span style=\"color: #ff6600\"> <a href=\"http:\/\/www.4shared.com\/mp3\/7JTBgP5k\/elton_jhon_-_candel_in_the_win.html\" target=\"_blank\"><span style=\"color: #ff6600\">elton jhon - candel in the wind.mp3<\/span><\/a><\/span><\/h2>\n<h2><span style=\"color: #ff6600\"><a href=\"http:\/\/www.4shared.com\/mp3\/G7cetSMN\/183_-_WE_BUILT_THIS_CITY.html\" target=\"_blank\"><span style=\"color: #ff6600\">183 - WE BUILT THIS CITY.mp3<\/span><\/a><\/span><\/h2>\n<h2><span style=\"color: #ff6600\"><a href=\"http:\/\/www.4shared.com\/mp3\/5ep7nonD\/John_Paul-Love_is_in_the_Air.html\" target=\"_blank\"><span style=\"color: #ff6600\">John Paul-Love is in the Air.mp3<\/span><\/a><\/span><\/h2>\n<h2><span style=\"color: #ff6600\"><a href=\"http:\/\/www.4shared.com\/mp3\/Os9zo-UI\/Paul_van_Dyk_Feat_John_McDaid_.html\" target=\"_blank\"><span style=\"color: #ff6600\">Paul van Dyk Feat. John McDaid - Everything Changes.mp3<\/span><\/a><\/span><\/h2>\n<h2><span style=\"color: #ff6600\"><a href=\"http:\/\/www.4shared.com\/mp3\/ktktW0e3\/195_Msica_Sept_John_Mellemcamp.html\" target=\"_blank\"><span style=\"color: #ff6600\">195 M\u00fasica Sept. John Mellemcamp, Rick Danko, Richard Manuel &amp; Paul Butterfield (9-5-12).mp3<\/span><\/a><\/span><\/h2>\n<h2><span style=\"color: #ff6600\"><a href=\"http:\/\/www.4shared.com\/mp3\/kPnkFrMa\/01_Me_John_And_Paul.html\" target=\"_blank\"><span style=\"color: #ff6600\">01 Me, John And Paul.mp3<\/span><\/a><\/span><\/h2>\n<h2><span style=\"color: #ff6600\"><a href=\"http:\/\/www.4shared.com\/mp3\/lFiJ2Nu7\/Patrick_Hernandez_-_Born_To_Be.html\" target=\"_blank\"><span style=\"color: #ff6600\">Patrick Hernandez - Born To Be Alive.mp3<\/span><\/a><\/span><\/h2>\n<h2><span style=\"color: #ff6600\"><a href=\"http:\/\/www.4shared.com\/mp3\/nHysHbdd\/Donna_Summer-_Ht_Stuff.html\" target=\"_blank\"><span style=\"color: #ff6600\">Donna_Summer-_Ht_Stuff.mp3<\/span><\/a><\/span><\/h2>\n<h2><span style=\"color: #ff6600\"><a href=\"http:\/\/www.4shared.com\/mp3\/rRqf_BU9\/01__Donna_Summer_-_Last_Dance.html\" target=\"_blank\"><span style=\"color: #ff6600\">01__Donna_Summer_-_Last_Dance.mp3<\/span><\/a><\/span><\/h2>\n<h2><span style=\"color: #ff6600\"><a href=\"http:\/\/www.4shared.com\/mp3\/mRwNgsmk\/Donna_Summer__Seal_-_Crazy.html\" target=\"_blank\"><span style=\"color: #ff6600\">Donna Summer &amp; Seal - Crazy.mp3<\/span><\/a><\/span><\/h2>\n<h2><span style=\"color: #ff6600\"><a href=\"http:\/\/www.4shared.com\/mp3\/QsOGQsFP\/Grease_Soundtrack_-_Summer_Nig.html\" target=\"_blank\"><span style=\"color: #ff6600\">Grease_Soundtrack_-_Summer_Nights.mp3<\/span><\/a><\/span><\/h2>\n<h2><span style=\"color: #ff6600\"><a href=\"http:\/\/www.4shared.com\/mp3\/vchoFRI2\/new_sensation_rmx_-_inxs.html\" target=\"_blank\"><span style=\"color: #ff6600\">new sensation rmx - inxs.mp3<\/span><\/a><\/span><\/h2>\n<h2><span style=\"color: #ff6600\"><a href=\"http:\/\/www.4shared.com\/mp3\/5XusQiWf\/I_m_Walking_On_Sunshine.html\" target=\"_blank\"><span style=\"color: #ff6600\">I_m_Walking_On_Sunshine.mp3<\/span><\/a><\/span><\/h2>\n","protected":false},"excerpt":{"rendered":"<p>&nbsp; Aqu\u00ec podr\u00e0s escuchar lo mejor de m\u00f9sica disco, pop y rock &nbsp; &nbsp; 90 s mix - mix - remix de la musica disco de los 70 y 80(2).mp3 60_s,_70_s,_80_s,_90_s,_-_musica_disco_de_los_60,_70_y_80_dance_disco.mp3 mix de full musica de los a\u00f1os 70 , 80 , 90 - dj fabis Garcia 091061350 pim bb 2364643C.mp3 Time After T_Cyndi Lauper.mp3 [&hellip;]<\/p>\n","protected":false},"author":8085,"featured_media":0,"parent":0,"menu_order":1,"comment_status":"open","ping_status":"open","template":"","meta":{"footnotes":""},"class_list":["post-173","page","type-page","status-publish","hentry"],"_links":{"self":[{"href":"https:\/\/blog.espol.edu.ec\/mbrocel\/wp-json\/wp\/v2\/pages\/173","targetHints":{"allow":["GET"]}}],"collection":[{"href":"https:\/\/blog.espol.edu.ec\/mbrocel\/wp-json\/wp\/v2\/pages"}],"about":[{"href":"https:\/\/blog.espol.edu.ec\/mbrocel\/wp-json\/wp\/v2\/types\/page"}],"author":[{"embeddable":true,"href":"https:\/\/blog.espol.edu.ec\/mbrocel\/wp-json\/wp\/v2\/users\/8085"}],"replies":[{"embeddable":true,"href":"https:\/\/blog.espol.edu.ec\/mbrocel\/wp-json\/wp\/v2\/comments?post=173"}],"version-history":[{"count":10,"href":"https:\/\/blog.espol.edu.ec\/mbrocel\/wp-json\/wp\/v2\/pages\/173\/revisions"}],"predecessor-version":[{"id":180,"href":"https:\/\/blog.espol.edu.ec\/mbrocel\/wp-json\/wp\/v2\/pages\/173\/revisions\/180"}],"wp:attachment":[{"href":"https:\/\/blog.espol.edu.ec\/mbrocel\/wp-json\/wp\/v2\/media?parent=173"}],"curies":[{"name":"wp","href":"https:\/\/api.w.org\/{rel}","templated":true}]}}