{"id":2,"date":"2016-05-23T17:09:22","date_gmt":"2016-05-23T17:09:22","guid":{"rendered":"http:\/\/blog.espol.edu.ec\/mealvare\/?page_id=2"},"modified":"2016-05-29T18:40:34","modified_gmt":"2016-05-29T18:40:34","slug":"pagina-ejemplo","status":"publish","type":"page","link":"https:\/\/blog.espol.edu.ec\/mealvare\/pagina-ejemplo\/","title":{"rendered":"10 MATERIALES DE CONSTRUCCI\u00d3N ECOL\u00d3GICOS"},"content":{"rendered":"<p>La arquitectura sustentable es una de las alternativas que varios pa\u00edses han emprendido para disminuir el uso de recursos naturales y aprovechar los residuos producidos por el ser humano; muestra de ello es la utilizaci\u00f3n de algunos materiales de construcci\u00f3n menos da\u00f1inos para el medio ambiente.<\/p>\n<p>Decenas de cient\u00edficos y empresarios han desarrollado materiales ecol\u00f3gicos aprovechando desechos como botellas de pl\u00e1stico, vidrio, cart\u00f3n reciclado y hasta fibras obtenidas de la mezclilla.<\/p>\n<p>Tambi\u00e9n se han creado opciones a partir del aprovechamiento de residuos agr\u00edcolas, de los desechos producidos por las industrias minera y azucarera, as\u00ed como elementos totalmente naturales como el c\u00e1\u00f1amo y la leche. Conozcamos algunos de ellos.<\/p>\n<p><a href=\"http:\/\/conciencia-sustentable.abilia.mx\/wp-content\/uploads\/2013\/09\/10-materiales-de-construccion-ecologicos.jpg\" rel=\"prettyphoto[3802]\"><img loading=\"lazy\" decoding=\"async\" class=\"aligncenter size-full wp-image-3803\" src=\"http:\/\/conciencia-sustentable.abilia.mx\/wp-content\/uploads\/2013\/09\/10-materiales-de-construccion-ecologicos.jpg\" alt=\"10 materiales de construcci\u00f3n ecol\u00f3gicos\" width=\"620\" height=\"374\" \/><\/a><\/p>\n<p>Una compa\u00f1\u00eda mejor\u00f3 una antigua f\u00f3rmula para hacer pintura casera, mezclando prote\u00edna de leche, cal, arcilla y pigmentos minerales. La pintura resultante puede usarse en arte y en decoraci\u00f3n de interiores, es biodegradable, durable y no t\u00f3xica.<\/p>\n<p><a href=\"http:\/\/conciencia-sustentable.abilia.mx\/wp-content\/uploads\/2013\/09\/2.jpg\" rel=\"prettyphoto[3802]\"><img loading=\"lazy\" decoding=\"async\" class=\"aligncenter size-full wp-image-3804\" src=\"http:\/\/conciencia-sustentable.abilia.mx\/wp-content\/uploads\/2013\/09\/2.jpg\" alt=\"10 materiales de construcci\u00f3n ecol\u00f3gicos\" width=\"620\" height=\"533\" \/><\/a><\/p>\n<p>Kirei, una empresa que produce materiales de construcci\u00f3n sustentables, ha creado paneles que pueden reemplazar a la madera a partir de los desechos del cultivo de sorgo y trigo. Tambi\u00e9n comercializa azulejos hechos con c\u00e1scaras de coco.<\/p>\n<p><a href=\"http:\/\/conciencia-sustentable.abilia.mx\/wp-content\/uploads\/2013\/09\/3.jpg\" rel=\"prettyphoto[3802]\"><img loading=\"lazy\" decoding=\"async\" class=\"aligncenter size-full wp-image-3805\" src=\"http:\/\/conciencia-sustentable.abilia.mx\/wp-content\/uploads\/2013\/09\/3.jpg\" alt=\"10 materiales de construcci\u00f3n ecol\u00f3gicos\" width=\"620\" height=\"413\" \/><\/a><\/p>\n<p>Cient\u00edficos mexicanos de Veracruz, Hidalgo, Chihuahua y Nuevo Le\u00f3n, sustituyeron el cemento Portland por cenizas de bagazo de ca\u00f1a de az\u00facar para hacer m\u00e1s fuerte al concreto. El concreto que conten\u00eda desechos de ca\u00f1a result\u00f3 ser m\u00e1s resistente a la corrosi\u00f3n.<\/p>\n<p><a href=\"http:\/\/conciencia-sustentable.abilia.mx\/wp-content\/uploads\/2013\/09\/4.jpg\" rel=\"prettyphoto[3802]\"><img loading=\"lazy\" decoding=\"async\" class=\"aligncenter size-full wp-image-3806\" src=\"http:\/\/conciencia-sustentable.abilia.mx\/wp-content\/uploads\/2013\/09\/4.jpg\" alt=\"10 materiales de construcci\u00f3n ecol\u00f3gicos\" width=\"620\" height=\"284\" \/><\/a><\/p>\n<p>Otro material verde que ha ido ganando popularidad es el vidrio reciclado. Despu\u00e9s de haber sido reutilizado y reciclado varias veces, el vidrio considerado inutilizable puede procesarse para ser usado como recubrimiento de muebles y paredes.<\/p>\n<p><a href=\"http:\/\/conciencia-sustentable.abilia.mx\/wp-content\/uploads\/2013\/09\/5.jpg\" rel=\"prettyphoto[3802]\"><img loading=\"lazy\" decoding=\"async\" class=\"aligncenter size-full wp-image-3807\" src=\"http:\/\/conciencia-sustentable.abilia.mx\/wp-content\/uploads\/2013\/09\/5.jpg\" alt=\"10 materiales de construcci\u00f3n ecol\u00f3gicos\" width=\"620\" height=\"372\" \/><\/a><\/p>\n<p>Un investigador de la UAEH cre\u00f3 ladrillos y tejas a partir de residuos de miner\u00eda, conocidos como \u201cjales\u201d. Los ladrillos pueden durar 250 a\u00f1os, y permitir\u00e1n aprovechar los m\u00e1s de 100 millones de toneladas de desechos mineros que se han producido en los \u00faltimos 450 a\u00f1os.<\/p>\n<p><a href=\"http:\/\/conciencia-sustentable.abilia.mx\/wp-content\/uploads\/2013\/09\/6.jpg\" rel=\"prettyphoto[3802]\"><img loading=\"lazy\" decoding=\"async\" class=\"aligncenter size-full wp-image-3808\" src=\"http:\/\/conciencia-sustentable.abilia.mx\/wp-content\/uploads\/2013\/09\/6.jpg\" alt=\"10 materiales de construcci\u00f3n ecol\u00f3gicos\" width=\"620\" height=\"522\" \/><\/a><\/p>\n<p>La ecolog\u00eda y el buen dise\u00f1o no tienen por qu\u00e9 estar peleados. Se han creado paneles y azulejos a partir de botellas de pl\u00e1stico (PET), que adem\u00e1s pueden aislar el sonido.<\/p>\n<p><a href=\"http:\/\/conciencia-sustentable.abilia.mx\/wp-content\/uploads\/2013\/09\/7.jpg\" rel=\"prettyphoto[3802]\"><img loading=\"lazy\" decoding=\"async\" class=\"aligncenter size-full wp-image-3809\" src=\"http:\/\/conciencia-sustentable.abilia.mx\/wp-content\/uploads\/2013\/09\/7.jpg\" alt=\"10 materiales de construcci\u00f3n ecol\u00f3gicos\" width=\"620\" height=\"372\" \/><\/a><\/p>\n<p>Utilizando este mismo material, hace un par de a\u00f1os, un alumno de la UAQ desarroll\u00f3 un tabique reforzado con PET. Cada construcci\u00f3n realizada con este tipo de material podr\u00eda permitir aprovechar unas 4 mil botellas de pl\u00e1stico.<\/p>\n<p><a href=\"http:\/\/conciencia-sustentable.abilia.mx\/wp-content\/uploads\/2013\/09\/8.jpg\" rel=\"prettyphoto[3802]\"><img loading=\"lazy\" decoding=\"async\" class=\"aligncenter size-full wp-image-3810\" src=\"http:\/\/conciencia-sustentable.abilia.mx\/wp-content\/uploads\/2013\/09\/8.jpg\" alt=\"10 materiales de construcci\u00f3n ecol\u00f3gicos\" width=\"620\" height=\"412\" \/><\/a><\/p>\n<p>Otra alternativa al concreto prefabricado es el llamado Hempcrete, que consiste en una mezcla de c\u00e1\u00f1amo, cal y agua. Su poca densidad favorece la circulaci\u00f3n del aire y la humedad. La empresa que lo fabrica tambi\u00e9n ofrece otros materiales a base del vegetal.<\/p>\n<p><a href=\"http:\/\/conciencia-sustentable.abilia.mx\/wp-content\/uploads\/2013\/09\/9.jpg\" rel=\"prettyphoto[3802]\"><img loading=\"lazy\" decoding=\"async\" class=\"aligncenter size-full wp-image-3811\" src=\"http:\/\/conciencia-sustentable.abilia.mx\/wp-content\/uploads\/2013\/09\/9.jpg\" alt=\"10 materiales de construcci\u00f3n ecol\u00f3gicos\" width=\"620\" height=\"372\" \/><\/a><\/p>\n<p>\u00bfQu\u00e9 pasa con tus jeans cuando los tiras a la basura? Una empresa norteamericana cre\u00f3 un recubrimiento para paredes a partir de mezclilla. No es muy est\u00e9tico, sin embargo, impide el desarrollo de hongos y puede ayudar a regular la temperatura de una habitaci\u00f3n.<\/p>\n<p><a href=\"http:\/\/conciencia-sustentable.abilia.mx\/wp-content\/uploads\/2013\/09\/10.jpg\" rel=\"prettyphoto[3802]\"><img loading=\"lazy\" decoding=\"async\" class=\"aligncenter size-full wp-image-3812\" src=\"http:\/\/conciencia-sustentable.abilia.mx\/wp-content\/uploads\/2013\/09\/10.jpg\" alt=\"10 materiales de construcci\u00f3n ecol\u00f3gicos\" width=\"620\" height=\"412\" \/><\/a><\/p>\n<p>En Nueva Zelanda <a href=\"http:\/\/conciencia-sustentable.abilia.mx\/una-catedral-de-carton-en-nueva-zelanda\/\" target=\"_blank\">recientemente se construy\u00f3 una catedral de cart\u00f3n reciclado<\/a> para sustituir la que se destruy\u00f3 tras un terremoto. Adem\u00e1s, 8 contenedores reutilizados le dan fuerza a la estructura. El arquitecto, Shigeru Ban, ha construido otros proyectos similares.<\/p>\n<p>&nbsp;<\/p>\n<p>V\u00eda: <a href=\"http:\/\/de10.com.mx\/mas-seguros\/2013\/arquitectura-verde-10-materiales-de-construccion-ecologicos-17137.html\" target=\"_blank\">de10.com.mx<\/a><\/p>\n<form id=\"vozme_form_c2d1cf69e6b60f0ce8c11e2f25443fee\" method=\"post\" name=\"vozme_form_c2d1cf69e6b60f0ce8c11e2f25443fee\" target=\"c2d1cf69e6b60f0ce8c11e2f25443fee\" action=\"http:\/\/vozme.com\/text2voice.php\"><input name=\"text\" type=\"hidden\" value=\"10 MATERIALES DE CONSTRUCCI\u00d3N ECOL\u00d3GICOS. La arquitectura sustentable es una de las alternativas que varios pa\u00edses han emprendido para disminuir el uso de recursos naturales y aprovechar los residuos producidos por el ser humano; muestra de ello es la utilizaci\u00f3n de algunos materiales de construcci\u00f3n menos da\u00f1inos para el medio ambiente.\nDecenas de cient\u00edficos y empresarios han desarrollado materiales ecol\u00f3gicos aprovechando desechos como botellas de pl\u00e1stico, vidrio, cart\u00f3n reciclado y hasta fibras obtenidas de la mezclilla.\nTambi\u00e9n se han creado opciones a partir del aprovechamiento de residuos agr\u00edcolas, de los desechos producidos por las industrias minera y azucarera, as\u00ed como elementos totalmente naturales como el c\u00e1\u00f1amo y la leche. Conozcamos algunos de ellos.\n\nUna compa\u00f1\u00eda mejor\u00f3 una antigua f\u00f3rmula para hacer pintura casera, mezclando prote\u00edna de leche, cal, arcilla y pigmentos minerales. La pintura resultante puede usarse en arte y en decoraci\u00f3n de interiores, es biodegradable, durable y no t\u00f3xica.\n\nKirei, una empresa que produce materiales de construcci\u00f3n sustentables, ha creado paneles que pueden reemplazar a la madera a partir de los desechos del cultivo de sorgo y trigo. Tambi\u00e9n comercializa azulejos hechos con c\u00e1scaras de coco.\n\nCient\u00edficos mexicanos de Veracruz, Hidalgo, Chihuahua y Nuevo Le\u00f3n, sustituyeron el cemento Portland por cenizas de bagazo de ca\u00f1a de az\u00facar para hacer m\u00e1s fuerte al concreto. El concreto que conten\u00eda desechos de ca\u00f1a result\u00f3 ser m\u00e1s resistente a la corrosi\u00f3n.\n\nOtro material verde que ha ido ganando popularidad es el vidrio reciclado. Despu\u00e9s de haber sido reutilizado y reciclado varias veces, el vidrio considerado inutilizable puede procesarse para ser usado como recubrimiento de muebles y paredes.\n\nUn investigador de la UAEH cre\u00f3 ladrillos y tejas a partir de residuos de miner\u00eda, conocidos como \u201cjales\u201d. Los ladrillos pueden durar 250 a\u00f1os, y permitir\u00e1n aprovechar los m\u00e1s de 100 millones de toneladas de desechos mineros que se han producido en los \u00faltimos 450 a\u00f1os.\n\nLa ecolog\u00eda y el buen dise\u00f1o no tienen por qu\u00e9 estar peleados. Se han creado paneles y azulejos a partir de botellas de pl\u00e1stico (PET), que adem\u00e1s pueden aislar el sonido.\n\nUtilizando este mismo material, hace un par de a\u00f1os, un alumno de la UAQ desarroll\u00f3 un tabique reforzado con PET. Cada construcci\u00f3n realizada con este tipo de material podr\u00eda permitir aprovechar unas 4 mil botellas de pl\u00e1stico.\n\nOtra alternativa al concreto prefabricado es el llamado Hempcrete, que consiste en una mezcla de c\u00e1\u00f1amo, cal y agua. Su poca densidad favorece la circulaci\u00f3n del aire y la humedad. La empresa que lo fabrica tambi\u00e9n ofrece otros materiales a base del vegetal.\n\n\u00bfQu\u00e9 pasa con tus jeans cuando los tiras a la basura? Una empresa norteamericana cre\u00f3 un recubrimiento para paredes a partir de mezclilla. No es muy est\u00e9tico, sin embargo, impide el desarrollo de hongos y puede ayudar a regular la temperatura de una habitaci\u00f3n.\n\nEn Nueva Zelanda recientemente se construy\u00f3 una catedral de cart\u00f3n reciclado para sustituir la que se destruy\u00f3 tras un terremoto. Adem\u00e1s, 8 contenedores reutilizados le dan fuerza a la estructura. El arquitecto, Shigeru Ban, ha construido otros proyectos similares.\n&nbsp;\nV\u00eda: de10.com.mx\n\" \/><input name=\"lang\" type=\"hidden\" value=\"en\" \/><input name=\"gn\" type=\"hidden\" value=\"ml\" \/><input type=\"hidden\" id=\"interface\" name=\"interface\" value=\"full\" \/>\n\t\t\t<div style=\"margin-left:40%;\">\n\t\t\t\n\t\t\t\t<input style=\"float:left;\" type=\"image\" width=\"40\" height=\"40\" src=\"http:\/\/blog.espol.edu.ec\/mealvare\/wp-content\/plugins\/vozme\/img\/megaphone40x40w.gif\" alt=\"Hear this post\" onclick=\"window.open('', 'c2d1cf69e6b60f0ce8c11e2f25443fee', 'width=600,height=370,scrollbars=yes,location=yes,menubar=yes,resizable=yes,status=yes,toolbar=yes');\">\n\t\t\t\t<div style=\"margin-left:48px; text-align:left;\"><a style=\"font-size:12px;\" href=\"javascript:void(0);\" onclick=\"window.open('', 'c2d1cf69e6b60f0ce8c11e2f25443fee', 'width=600,height=370,scrollbars=yes,location=yes,menubar=yes,resizable=yes,status=yes,toolbar=yes'); document.getElementById('vozme_form_c2d1cf69e6b60f0ce8c11e2f25443fee').submit();\">Hear<br\/>this post<\/a><\/div>\n\t\t\t<\/div><\/form>","protected":false},"excerpt":{"rendered":"<p>La arquitectura sustentable es una de las alternativas que varios pa\u00edses han emprendido para disminuir el uso de recursos naturales y aprovechar los residuos producidos por el ser humano; muestra de ello es la utilizaci\u00f3n de algunos materiales de construcci\u00f3n menos da\u00f1inos para el medio ambiente. Decenas de cient\u00edficos y empresarios han desarrollado materiales ecol\u00f3gicos [&hellip;]<\/p>\n","protected":false},"author":10299,"featured_media":0,"parent":0,"menu_order":0,"comment_status":"closed","ping_status":"open","template":"","meta":{"footnotes":""},"class_list":["post-2","page","type-page","status-publish","hentry"],"_links":{"self":[{"href":"https:\/\/blog.espol.edu.ec\/mealvare\/wp-json\/wp\/v2\/pages\/2","targetHints":{"allow":["GET"]}}],"collection":[{"href":"https:\/\/blog.espol.edu.ec\/mealvare\/wp-json\/wp\/v2\/pages"}],"about":[{"href":"https:\/\/blog.espol.edu.ec\/mealvare\/wp-json\/wp\/v2\/types\/page"}],"author":[{"embeddable":true,"href":"https:\/\/blog.espol.edu.ec\/mealvare\/wp-json\/wp\/v2\/users\/10299"}],"replies":[{"embeddable":true,"href":"https:\/\/blog.espol.edu.ec\/mealvare\/wp-json\/wp\/v2\/comments?post=2"}],"version-history":[{"count":2,"href":"https:\/\/blog.espol.edu.ec\/mealvare\/wp-json\/wp\/v2\/pages\/2\/revisions"}],"predecessor-version":[{"id":23,"href":"https:\/\/blog.espol.edu.ec\/mealvare\/wp-json\/wp\/v2\/pages\/2\/revisions\/23"}],"wp:attachment":[{"href":"https:\/\/blog.espol.edu.ec\/mealvare\/wp-json\/wp\/v2\/media?parent=2"}],"curies":[{"name":"wp","href":"https:\/\/api.w.org\/{rel}","templated":true}]}}