{"id":2,"date":"2010-06-09T21:50:24","date_gmt":"2010-06-09T21:50:24","guid":{"rendered":""},"modified":"2010-07-26T06:09:24","modified_gmt":"2010-07-26T06:09:24","slug":"about","status":"publish","type":"page","link":"https:\/\/blog.espol.edu.ec\/melli\/about\/","title":{"rendered":"Acerca de mi!!!"},"content":{"rendered":"<p style=\"text-align: center\"><a href=\"http:\/\/blog.espol.edu.ec\/melli\/files\/2010\/06\/GENESIS1.jpg\"><img loading=\"lazy\" decoding=\"async\" class=\"size-medium wp-image-56 aligncenter\" title=\"GENESIS\" src=\"http:\/\/blog.espol.edu.ec\/melli\/files\/2010\/06\/GENESIS1-300x225.jpg\" alt=\"mi hermana y yo\" width=\"300\" height=\"225\" srcset=\"https:\/\/blog.espol.edu.ec\/melli\/files\/2010\/06\/GENESIS1-300x225.jpg 300w, https:\/\/blog.espol.edu.ec\/melli\/files\/2010\/06\/GENESIS1.jpg 604w\" sizes=\"auto, (max-width: 300px) 100vw, 300px\" \/><\/a><\/p>\n<p>hola!!! Me Llamo G\u00e9nesis, pero desde que estoy en la ESPOL me llaman Gabriela o Gaby!!! para que yo no me confunda con mi melli!!! que tambien se llama como yo.<\/p>\n<p>Bueno!!!!\u00a0 Pienso que desde que entre a la ESPOL no he tenido mucho tiempo para hacer varias cosas que antes solia hacer, pero me gusta esta universidad, porque aparte de ser la mejor del pa\u00eds, nos abre muchas puertas para el campo laboral.<\/p>\n<p><strong>LO QUE ME GUSTA:<\/strong><\/p>\n<ul>\n<li>Las pel\u00edculas de terror y acci\u00f3n, mi fovorita es DIAMANTE SANGRIENTO<\/li>\n<li>Los dulces (\u00e1cidos, extremadante dulces o picantes)<\/li>\n<li>Me encanta escuchar m\u00fasica, sobretodo si es en ingl\u00e9s (paramore, sin bandera, avril lavigne, demi lovato, akon y muchos otros)<\/li>\n<li>Estoy aprendiendo a tocar el piano, se me hace algo complicado porque estoy aprendiendo por mi misma y muy pronto aprender\u00e9 a tocar la guitarra, la verdad nunca hab\u00eda pensado en tocar alg\u00fan instrumento hasta que una amiga me ense\u00f1o unas canciones en la guitarra y me di cuenta que me gustaba mucho.<\/li>\n<li>Para mi es muy importante Dios, mi familia, mis amigas y mis estudios.<\/li>\n<li>Lo que mas me gusto de la estapa del colegio fue haber encontrado a mis mejores amigas somos un grupo bien grande 13: G\u00e9nesis, Geovanna, Carolina, Kerly, Karina, Cristina, Alicia, Valentina, Cindy, Katherine, Cinthia, Maddy y yo<\/li>\n<li>Mi mejor amiga se llama Katherine!!! llevamos siendo amigas desde hace 13 a\u00f1os!! es la mejor!!!<\/li>\n<li>Tambien tengo mi otra mejor amiga que se llama Luc\u00eda! ella es todo lo contrario a mi! es s\u00faper loca!<\/li>\n<li>Otra de mis mejores a amigas es mi hermana(la chica del vestido plomo), ella sabe todo de mi y yo todo sobre ella, cuando estamos juntas somos una bomba de tiempo!<\/li>\n<\/ul>\n","protected":false},"excerpt":{"rendered":"<p>hola!!! Me Llamo G\u00e9nesis, pero desde que estoy en la ESPOL me llaman Gabriela o Gaby!!! para que yo no me confunda con mi melli!!! que tambien se llama como yo. Bueno!!!!\u00a0 Pienso que desde que entre a la ESPOL no he tenido mucho tiempo para hacer varias cosas que antes solia hacer, pero me [&hellip;]<\/p>\n","protected":false},"author":4586,"featured_media":0,"parent":0,"menu_order":0,"comment_status":"open","ping_status":"open","template":"","meta":{"footnotes":""},"class_list":["post-2","page","type-page","status-publish","hentry"],"_links":{"self":[{"href":"https:\/\/blog.espol.edu.ec\/melli\/wp-json\/wp\/v2\/pages\/2","targetHints":{"allow":["GET"]}}],"collection":[{"href":"https:\/\/blog.espol.edu.ec\/melli\/wp-json\/wp\/v2\/pages"}],"about":[{"href":"https:\/\/blog.espol.edu.ec\/melli\/wp-json\/wp\/v2\/types\/page"}],"author":[{"embeddable":true,"href":"https:\/\/blog.espol.edu.ec\/melli\/wp-json\/wp\/v2\/users\/4586"}],"replies":[{"embeddable":true,"href":"https:\/\/blog.espol.edu.ec\/melli\/wp-json\/wp\/v2\/comments?post=2"}],"version-history":[{"count":8,"href":"https:\/\/blog.espol.edu.ec\/melli\/wp-json\/wp\/v2\/pages\/2\/revisions"}],"predecessor-version":[{"id":113,"href":"https:\/\/blog.espol.edu.ec\/melli\/wp-json\/wp\/v2\/pages\/2\/revisions\/113"}],"wp:attachment":[{"href":"https:\/\/blog.espol.edu.ec\/melli\/wp-json\/wp\/v2\/media?parent=2"}],"curies":[{"name":"wp","href":"https:\/\/api.w.org\/{rel}","templated":true}]}}