{"id":42,"date":"2014-11-04T23:05:28","date_gmt":"2014-11-04T23:05:28","guid":{"rendered":"http:\/\/blog.espol.edu.ec\/mepongui\/?page_id=42"},"modified":"2014-11-04T23:05:28","modified_gmt":"2014-11-04T23:05:28","slug":"the-hunger-games-the-mockingjay","status":"publish","type":"page","link":"https:\/\/blog.espol.edu.ec\/mepongui\/the-hunger-games-the-mockingjay\/","title":{"rendered":"The Hunger Games: The Mockingjay"},"content":{"rendered":"<div id=\"attachment_43\" style=\"width: 300px\" class=\"wp-caption alignnone\"><a href=\"http:\/\/blog.espol.edu.ec\/mepongui\/files\/2014\/11\/Katniss_Payoff_France-2.jpeg\"><img loading=\"lazy\" decoding=\"async\" aria-describedby=\"caption-attachment-43\" src=\"http:\/\/blog.espol.edu.ec\/mepongui\/files\/2014\/11\/Katniss_Payoff_France-2-300x188.jpeg\" alt=\"The mockingjay \" width=\"300\" height=\"188\" class=\"size-medium wp-image-43\" srcset=\"https:\/\/blog.espol.edu.ec\/mepongui\/files\/2014\/11\/Katniss_Payoff_France-2-300x188.jpeg 300w, https:\/\/blog.espol.edu.ec\/mepongui\/files\/2014\/11\/Katniss_Payoff_France-2.jpeg 858w\" sizes=\"auto, (max-width: 300px) 100vw, 300px\" \/><\/a><p id=\"caption-attachment-43\" class=\"wp-caption-text\">The mockingjay<\/p><\/div>\n<p>Despu\u00e9s de participar en el Tercer Vasallaje de los 25 y de salir de nuevo con vida por sorpresa, Katniss Everdeen se enfrenta a su batalla m\u00e1s complicada en Los juegos del hambre 3, que adapta la primera parte de la novela de Suzzane Collins \"Sinsajo\".<\/p>\n<p>En el desenlace de la trilog\u00eda dist\u00f3pica, una malherida e incluso afectada mentalmente Katniss deber\u00e1 adaptarse a su nueva vida despu\u00e9s de que los rebeldes del 'desaparecido' Distrito 13 la rescaten de la Arena al final de la 75 edici\u00f3n de los Juegos. Pero Peeta Mellark  no corre la misma suerte y, junto a otros tributos como Johanna Mason  y Enobaria , es capturado por el Capitolio, que lo somete a terribles torturas psicol\u00f3gicas, que incluso le hacen dudar de sus verdaderos sentimientos hacia Katniss.<\/p>\n<p>La vida en el Distrito 13 no es tan f\u00e1cil como Katniss se imaginaba, y mucho menos ahora que le faltan aliados. No puede contar con Finnick Odair , muy alterado por el rapto de su prometida Annie Cresta, y tampoco con su mentor Haymitch Abernathy , en el que no puede confiar despu\u00e9s de que la enga\u00f1ara ocult\u00e1ndole su plan de rescate. A eso hay que sumarle la dif\u00edcil relaci\u00f3n con Alma Coin, presidenta del Distrito 13 que desea por todos los medios convertirla en s\u00edmbolo de la revoluci\u00f3n y valerse de su categor\u00eda de Sinsajo para contagiar al resto de los distritos. \u00bfEs Peeta el mismo de siempre? \u00bfSer\u00e1 peor la guerra que los Juegos del Hambre?<\/p>\n","protected":false},"excerpt":{"rendered":"<p>Despu\u00e9s de participar en el Tercer Vasallaje de los 25 y de salir de nuevo con vida por sorpresa, Katniss Everdeen se enfrenta a su batalla m\u00e1s complicada en Los juegos del hambre 3, que adapta la primera parte de la novela de Suzzane Collins \"Sinsajo\". En el desenlace de la trilog\u00eda dist\u00f3pica, una malherida &hellip; <\/p>\n<p><a class=\"more-link btn\" href=\"https:\/\/blog.espol.edu.ec\/mepongui\/the-hunger-games-the-mockingjay\/\">Seguir leyendo<\/a><\/p>\n","protected":false},"author":9352,"featured_media":0,"parent":0,"menu_order":0,"comment_status":"open","ping_status":"open","template":"","meta":{"footnotes":""},"class_list":["post-42","page","type-page","status-publish","hentry","nodate","item-wrap"],"_links":{"self":[{"href":"https:\/\/blog.espol.edu.ec\/mepongui\/wp-json\/wp\/v2\/pages\/42","targetHints":{"allow":["GET"]}}],"collection":[{"href":"https:\/\/blog.espol.edu.ec\/mepongui\/wp-json\/wp\/v2\/pages"}],"about":[{"href":"https:\/\/blog.espol.edu.ec\/mepongui\/wp-json\/wp\/v2\/types\/page"}],"author":[{"embeddable":true,"href":"https:\/\/blog.espol.edu.ec\/mepongui\/wp-json\/wp\/v2\/users\/9352"}],"replies":[{"embeddable":true,"href":"https:\/\/blog.espol.edu.ec\/mepongui\/wp-json\/wp\/v2\/comments?post=42"}],"version-history":[{"count":1,"href":"https:\/\/blog.espol.edu.ec\/mepongui\/wp-json\/wp\/v2\/pages\/42\/revisions"}],"predecessor-version":[{"id":44,"href":"https:\/\/blog.espol.edu.ec\/mepongui\/wp-json\/wp\/v2\/pages\/42\/revisions\/44"}],"wp:attachment":[{"href":"https:\/\/blog.espol.edu.ec\/mepongui\/wp-json\/wp\/v2\/media?parent=42"}],"curies":[{"name":"wp","href":"https:\/\/api.w.org\/{rel}","templated":true}]}}