{"id":52,"date":"2016-11-14T17:46:50","date_gmt":"2016-11-14T17:46:50","guid":{"rendered":"http:\/\/blog.espol.edu.ec\/mfanazco\/?page_id=52"},"modified":"2016-11-14T17:46:50","modified_gmt":"2016-11-14T17:46:50","slug":"coctel","status":"publish","type":"page","link":"https:\/\/blog.espol.edu.ec\/mfanazco\/coctel\/","title":{"rendered":"C\u00d3CTEL"},"content":{"rendered":"<p style=\"text-align: justify\"><img loading=\"lazy\" decoding=\"async\" class=\"size-medium wp-image-53 alignleft\" src=\"http:\/\/blog.espol.edu.ec\/mfanazco\/files\/2016\/11\/3-2-300x225.jpg\" alt=\"3\" width=\"300\" height=\"225\" srcset=\"https:\/\/blog.espol.edu.ec\/mfanazco\/files\/2016\/11\/3-2-300x225.jpg 300w, https:\/\/blog.espol.edu.ec\/mfanazco\/files\/2016\/11\/3-2.jpg 640w\" sizes=\"auto, (max-width: 300px) 100vw, 300px\" \/><\/p>\n<p style=\"text-align: justify\">Un <b>c\u00f3ctel<\/b> o <b>coctel<\/b> (del ingl\u00e9s <i><b>cocktail<\/b><\/i>) es una preparaci\u00f3n a base de una mezcla de diferentes bebidas, que contiene por lo general uno o m\u00e1s tipos de bebidas alcoh\u00f3licas, aunque puede ser preparado sin bebidas alcoh\u00f3licas a base de otros ingredientes como jugos, frutas, miel, leche o crema, especias, etc. Tambi\u00e9n son ingredientes comunes de los c\u00f3cteles las bebidas carb\u00f3nicas o refrescos sin alcohol, la soda y el agua t\u00f3nica. Estas bebidas est\u00e1n servidas por personas llamadas barman (del ingl\u00e9s <i>bartender<\/i>).<\/p>\n<p>&nbsp;<\/p>\n<p>&nbsp;<\/p>\n<p>&nbsp;<\/p>\n<p><strong><em>C\u00d3CTEL F\u00c1CIL\u00a0DE PREPARAR\u00a0<\/em><\/strong><\/p>\n<p><iframe loading=\"lazy\" title=\"3 Bebidas con ron f\u00e1ciles de hacer y en menos de 3 minutos - BebidasTV\" width=\"600\" height=\"450\" src=\"https:\/\/www.youtube.com\/embed\/Og39eps5oI4?feature=oembed\" frameborder=\"0\" allow=\"accelerometer; autoplay; clipboard-write; encrypted-media; gyroscope; picture-in-picture; web-share\" referrerpolicy=\"strict-origin-when-cross-origin\" allowfullscreen><\/iframe><\/p>\n<form id=\"vozme_form_bb7126c2e2912f74d872917dedb27cea\" method=\"post\" name=\"vozme_form_bb7126c2e2912f74d872917dedb27cea\" target=\"bb7126c2e2912f74d872917dedb27cea\" action=\"http:\/\/vozme.com\/text2voice.php\"><input name=\"text\" type=\"hidden\" value=\"C\u00d3CTEL. \nUn c\u00f3ctel o coctel (del ingl\u00e9s cocktail) es una preparaci\u00f3n a base de una mezcla de diferentes bebidas, que contiene por lo general uno o m\u00e1s tipos de bebidas alcoh\u00f3licas, aunque puede ser preparado sin bebidas alcoh\u00f3licas a base de otros ingredientes como jugos, frutas, miel, leche o crema, especias, etc. Tambi\u00e9n son ingredientes comunes de los c\u00f3cteles las bebidas carb\u00f3nicas o refrescos sin alcohol, la soda y el agua t\u00f3nica. Estas bebidas est\u00e1n servidas por personas llamadas barman (del ingl\u00e9s bartender).\n&nbsp;\n&nbsp;\n&nbsp;\nC\u00d3CTEL F\u00c1CIL\u00a0DE PREPARAR\u00a0\n\n\" \/><input name=\"lang\" type=\"hidden\" value=\"en\" \/><input name=\"gn\" type=\"hidden\" value=\"ml\" \/><input type=\"hidden\" id=\"interface\" name=\"interface\" value=\"full\" \/>\n\t\t\t<div style=\"margin-left:40%;\">\n\t\t\t\n\t\t\t\t<input style=\"float:left;\" type=\"image\" width=\"40\" height=\"40\" src=\"http:\/\/blog.espol.edu.ec\/mfanazco\/wp-content\/plugins\/vozme\/img\/megaphone40x40w.gif\" alt=\"Hear this post\" onclick=\"window.open('', 'bb7126c2e2912f74d872917dedb27cea', 'width=600,height=370,scrollbars=yes,location=yes,menubar=yes,resizable=yes,status=yes,toolbar=yes');\">\n\t\t\t\t<div style=\"margin-left:48px; text-align:left;\"><a style=\"font-size:12px;\" href=\"javascript:void(0);\" onclick=\"window.open('', 'bb7126c2e2912f74d872917dedb27cea', 'width=600,height=370,scrollbars=yes,location=yes,menubar=yes,resizable=yes,status=yes,toolbar=yes'); document.getElementById('vozme_form_bb7126c2e2912f74d872917dedb27cea').submit();\">Hear<br\/>this post<\/a><\/div>\n\t\t\t<\/div><\/form>","protected":false},"excerpt":{"rendered":"<p>Un c\u00f3ctel o coctel (del ingl\u00e9s cocktail) es una preparaci\u00f3n a base de una mezcla de diferentes bebidas, que contiene por lo general uno o m\u00e1s tipos de bebidas alcoh\u00f3licas, aunque puede ser preparado sin bebidas alcoh\u00f3licas a base de otros ingredientes como jugos, frutas, miel, leche o crema, especias, etc. Tambi\u00e9n son ingredientes comunes de los c\u00f3cteles las bebidas<br \/><span class=\"read_more\"><a href=\"https:\/\/blog.espol.edu.ec\/mfanazco\/coctel\/\">Read more...<\/a><\/span><\/p>\n","protected":false},"author":10644,"featured_media":0,"parent":0,"menu_order":0,"comment_status":"closed","ping_status":"closed","template":"","meta":{"footnotes":""},"class_list":["post-52","page","type-page","status-publish","hentry"],"_links":{"self":[{"href":"https:\/\/blog.espol.edu.ec\/mfanazco\/wp-json\/wp\/v2\/pages\/52","targetHints":{"allow":["GET"]}}],"collection":[{"href":"https:\/\/blog.espol.edu.ec\/mfanazco\/wp-json\/wp\/v2\/pages"}],"about":[{"href":"https:\/\/blog.espol.edu.ec\/mfanazco\/wp-json\/wp\/v2\/types\/page"}],"author":[{"embeddable":true,"href":"https:\/\/blog.espol.edu.ec\/mfanazco\/wp-json\/wp\/v2\/users\/10644"}],"replies":[{"embeddable":true,"href":"https:\/\/blog.espol.edu.ec\/mfanazco\/wp-json\/wp\/v2\/comments?post=52"}],"version-history":[{"count":1,"href":"https:\/\/blog.espol.edu.ec\/mfanazco\/wp-json\/wp\/v2\/pages\/52\/revisions"}],"predecessor-version":[{"id":54,"href":"https:\/\/blog.espol.edu.ec\/mfanazco\/wp-json\/wp\/v2\/pages\/52\/revisions\/54"}],"wp:attachment":[{"href":"https:\/\/blog.espol.edu.ec\/mfanazco\/wp-json\/wp\/v2\/media?parent=52"}],"curies":[{"name":"wp","href":"https:\/\/api.w.org\/{rel}","templated":true}]}}