{"id":55,"date":"2015-06-01T03:04:16","date_gmt":"2015-06-01T03:04:16","guid":{"rendered":"http:\/\/blog.espol.edu.ec\/mgmartin\/?page_id=55"},"modified":"2015-06-01T03:04:16","modified_gmt":"2015-06-01T03:04:16","slug":"paraiso-de-paz-el-morro","status":"publish","type":"page","link":"https:\/\/blog.espol.edu.ec\/mgmartin\/paraiso-de-paz-el-morro\/","title":{"rendered":"Para\u00edso de Paz \"El Morro\""},"content":{"rendered":"<p style=\"text-align: justify\">Morro, MORRO ,GUAYAQUIL, GUAYAS se encuentra ubicado en la parroquia MORRO del cant\u00f3n <a href=\"http:\/\/turismo.guayaquil.gob.ec\/\">GUAYAQUIL <\/a>perteneciente a la provincia GUAYAS, Ecuador.<\/p>\n<p style=\"text-align: justify\">Definitivamente concuerdo con el apelativo de Para\u00edso de Paz, no lo digo solo porque pertenezco a esta parroquia sino porque muchas personas lo corroboran,\u00a0con el solo hecho de estar en Cerro del Muerto se siente absoluta tranquilidad, el lugar adecuado para encontrarse con s\u00ed\u00a0mismo.<\/p>\n<div id=\"attachment_56\" style=\"width: 310px\" class=\"wp-caption aligncenter\"><a href=\"http:\/\/blog.espol.edu.ec\/mgmartin\/files\/2015\/06\/cerro-el-muerto.jpg\"><img loading=\"lazy\" decoding=\"async\" aria-describedby=\"caption-attachment-56\" class=\"size-medium wp-image-56\" src=\"http:\/\/blog.espol.edu.ec\/mgmartin\/files\/2015\/06\/cerro-el-muerto-300x225.jpg\" alt=\"OLYMPUS DIGITAL CAMERA\" width=\"300\" height=\"225\" srcset=\"https:\/\/blog.espol.edu.ec\/mgmartin\/files\/2015\/06\/cerro-el-muerto-300x225.jpg 300w, https:\/\/blog.espol.edu.ec\/mgmartin\/files\/2015\/06\/cerro-el-muerto-1024x768.jpg 1024w, https:\/\/blog.espol.edu.ec\/mgmartin\/files\/2015\/06\/cerro-el-muerto.jpg 2048w\" sizes=\"auto, (max-width: 300px) 100vw, 300px\" \/><\/a><p id=\"caption-attachment-56\" class=\"wp-caption-text\">Cerro el Muerto, denominado as\u00ed por su relieve, que se asemeja a un muerto.<\/p><\/div>\n<p style=\"text-align: justify\">El Morro es una parroquia rural del cant\u00f3n Guayaquil de la provincia del Guayas en el Ecuador. Esta parroquia se encuentra aproximadamente a unos 70 km al suroeste de la cabecera cantonal, la ciudad de Guayaquil (90.7 km en v\u00edas). El Morro limita al norte con la parroquia Progreso, al sur con la parroquia Posorja, al este con la parroquia urbana Chong\u00f3n y el canal del Morro y, al oeste con el cant\u00f3n General Villamil. Su santo patrono es an Jacinto. Su poblaci\u00f3n \u00a0es de aprox. 5.019 habitantes.<\/p>\n<p>&nbsp;<\/p>\n<p>&nbsp;<\/p>\n","protected":false},"excerpt":{"rendered":"<p>Morro, MORRO ,GUAYAQUIL, GUAYAS se encuentra ubicado en la parroquia MORRO del cant\u00f3n GUAYAQUIL perteneciente a la provincia GUAYAS, Ecuador. Definitivamente concuerdo con el apelativo de Para\u00edso de Paz, no lo digo solo porque pertenezco a esta parroquia sino porque &hellip; <a href=\"https:\/\/blog.espol.edu.ec\/mgmartin\/paraiso-de-paz-el-morro\/\">Sigue leyendo <span class=\"meta-nav\">&rarr;<\/span><\/a><\/p>\n","protected":false},"author":9647,"featured_media":0,"parent":0,"menu_order":0,"comment_status":"open","ping_status":"open","template":"","meta":{"footnotes":""},"class_list":["post-55","page","type-page","status-publish","hentry"],"_links":{"self":[{"href":"https:\/\/blog.espol.edu.ec\/mgmartin\/wp-json\/wp\/v2\/pages\/55","targetHints":{"allow":["GET"]}}],"collection":[{"href":"https:\/\/blog.espol.edu.ec\/mgmartin\/wp-json\/wp\/v2\/pages"}],"about":[{"href":"https:\/\/blog.espol.edu.ec\/mgmartin\/wp-json\/wp\/v2\/types\/page"}],"author":[{"embeddable":true,"href":"https:\/\/blog.espol.edu.ec\/mgmartin\/wp-json\/wp\/v2\/users\/9647"}],"replies":[{"embeddable":true,"href":"https:\/\/blog.espol.edu.ec\/mgmartin\/wp-json\/wp\/v2\/comments?post=55"}],"version-history":[{"count":1,"href":"https:\/\/blog.espol.edu.ec\/mgmartin\/wp-json\/wp\/v2\/pages\/55\/revisions"}],"predecessor-version":[{"id":57,"href":"https:\/\/blog.espol.edu.ec\/mgmartin\/wp-json\/wp\/v2\/pages\/55\/revisions\/57"}],"wp:attachment":[{"href":"https:\/\/blog.espol.edu.ec\/mgmartin\/wp-json\/wp\/v2\/media?parent=55"}],"curies":[{"name":"wp","href":"https:\/\/api.w.org\/{rel}","templated":true}]}}

Paraíso de Paz "El Morro"

<p style="text-align: justify">Morro, MORRO ,GUAYAQUIL, GUAYAS se encuentra ubicado en la parroquia MORRO del cantón <a href="http://turismo.guayaquil.gob.ec/">GUAYAQUIL </a>perteneciente a la provincia GUAYAS, Ecuador.</p>
<p style="text-align: justify">Definitivamente concuerdo con el apelativo de Paraíso de Paz, no lo digo solo porque pertenezco a esta parroquia sino porque muchas personas lo corroboran, con el solo hecho de estar en Cerro del Muerto se siente absoluta tranquilidad, el lugar adecuado para encontrarse con sí mismo.</p>
<div id="attachment_56" style="width: 310px" class="wp-caption aligncenter"><a href="http://blog.espol.edu.ec/mgmartin/files/2015/06/cerro-el-muerto.jpg"><img loading="lazy" decoding="async" aria-describedby="caption-attachment-56" class="size-medium wp-image-56" src="http://blog.espol.edu.ec/mgmartin/files/2015/06/cerro-el-muerto-300x225.jpg" alt="OLYMPUS DIGITAL CAMERA" width="300" height="225" srcset="https://blog.espol.edu.ec/mgmartin/files/2015/06/cerro-el-muerto-300x225.jpg 300w, https://blog.espol.edu.ec/mgmartin/files/2015/06/cerro-el-muerto-1024x768.jpg 1024w, https://blog.espol.edu.ec/mgmartin/files/2015/06/cerro-el-muerto.jpg 2048w" sizes="auto, (max-width: 300px) 100vw, 300px" /></a><p id="caption-attachment-56" class="wp-caption-text">Cerro el Muerto, denominado así por su relieve, que se asemeja a un muerto.</p></div>
<p style="text-align: justify">El Morro es una parroquia rural del cantón Guayaquil de la provincia del Guayas en el Ecuador. Esta parroquia se encuentra aproximadamente a unos 70 km al suroeste de la cabecera cantonal, la ciudad de Guayaquil (90.7 km en vías). El Morro limita al norte con la parroquia Progreso, al sur con la parroquia Posorja, al este con la parroquia urbana Chongón y el canal del Morro y, al oeste con el cantón General Villamil. Su santo patrono es an Jacinto. Su población  es de aprox. 5.019 habitantes.</p>
<p>&nbsp;</p>
<p>&nbsp;</p>

<p>Morro, MORRO ,GUAYAQUIL, GUAYAS se encuentra ubicado en la parroquia MORRO del cantón GUAYAQUIL perteneciente a la provincia GUAYAS, Ecuador. Definitivamente concuerdo con el apelativo de Paraíso de Paz, no lo digo solo porque pertenezco a esta parroquia sino porque &hellip; <a href="https://blog.espol.edu.ec/mgmartin/paraiso-de-paz-el-morro/">Sigue leyendo <span class="meta-nav">&rarr;</span></a></p>
