{"id":81,"date":"2010-05-30T20:09:35","date_gmt":"2010-05-30T20:09:35","guid":{"rendered":"http:\/\/blog.espol.edu.ec\/mgsantos\/?page_id=81"},"modified":"2010-05-30T20:13:36","modified_gmt":"2010-05-30T20:13:36","slug":"hobbies","status":"publish","type":"page","link":"https:\/\/blog.espol.edu.ec\/mgsantos\/hobbies\/","title":{"rendered":"Hobbies"},"content":{"rendered":"<p>Me gusta pr\u00e1cticar deportes como football, basketball y volleyball. Tambi\u00e9n me gusta escuchar m\u00fasica, especialmente en ingl\u00e9s, algunas rom\u00e1nticas como She will be loved de <a title=\"maroon 5\" href=\"http:\/\/www.maroon5.com\/\" target=\"_blank\">Maroon 5<\/a> o a veces <a title=\"pop\" href=\"http:\/\/www.univision.com\/content\/channel.jhtml?chid=10383&amp;schid=10562\" target=\"_blank\">pop<\/a>\/<a title=\"rock\" href=\"http:\/\/ecuarock.net\/bandas\" target=\"_blank\">rock<\/a> como las de <a title=\"linkin park\" href=\"http:\/\/www.linkinpark.com\/\" target=\"_blank\">Linkin park<\/a> (In the end, new divide, what I've done, numb); pero mis favoritas son del grupo <a title=\"nickelback\" href=\"http:\/\/www.nickelback.com\/\" target=\"_blank\">Nickelback<\/a> como how you remind me, someday, savin me, far away; tambi\u00e9n de <a title=\"3 doors down\" href=\"http:\/\/www.3doorsdown.com\/\" target=\"_blank\">3 doors down<\/a> como Let me go y Here wihout you, parte de esta canci\u00f3n esta a continuaci\u00f3n:<\/p>\n<p><img decoding=\"async\" src=\"http:\/\/image.blinkyou.com\/glitter_images\/herewithoutyou3doorsdown2.gif\" alt=\"myspace\" \/><\/p>\n<p style=\"text-align: center\"><img decoding=\"async\" class=\"aligncenter\" src=\"http:\/\/image.blinkyou.com\/glitter_images\/herewithoutyou3doorsdown.gif\" alt=\"myspace generator\" \/><\/p>\n<p style=\"text-align: center\">\n<p style=\"text-align: center\"><img decoding=\"async\" src=\"http:\/\/image.blinkyou.com\/glitter_images\/bffglitze329182.gif\" alt=\"myspace graphic\" \/><\/p>\n","protected":false},"excerpt":{"rendered":"<p>Me gusta pr\u00e1cticar deportes como football, basketball y volleyball. Tambi\u00e9n me gusta escuchar m\u00fasica, especialmente en ingl\u00e9s, algunas rom\u00e1nticas como She will be loved de Maroon 5 o a veces pop\/rock como las de Linkin park (In the end, new divide, what I've done, numb); pero mis favoritas son del grupo Nickelback como how you [&hellip;]<\/p>\n","protected":false},"author":3842,"featured_media":0,"parent":0,"menu_order":0,"comment_status":"open","ping_status":"open","template":"","meta":{"footnotes":""},"class_list":["post-81","page","type-page","status-publish","hentry"],"_links":{"self":[{"href":"https:\/\/blog.espol.edu.ec\/mgsantos\/wp-json\/wp\/v2\/pages\/81","targetHints":{"allow":["GET"]}}],"collection":[{"href":"https:\/\/blog.espol.edu.ec\/mgsantos\/wp-json\/wp\/v2\/pages"}],"about":[{"href":"https:\/\/blog.espol.edu.ec\/mgsantos\/wp-json\/wp\/v2\/types\/page"}],"author":[{"embeddable":true,"href":"https:\/\/blog.espol.edu.ec\/mgsantos\/wp-json\/wp\/v2\/users\/3842"}],"replies":[{"embeddable":true,"href":"https:\/\/blog.espol.edu.ec\/mgsantos\/wp-json\/wp\/v2\/comments?post=81"}],"version-history":[{"count":4,"href":"https:\/\/blog.espol.edu.ec\/mgsantos\/wp-json\/wp\/v2\/pages\/81\/revisions"}],"predecessor-version":[{"id":84,"href":"https:\/\/blog.espol.edu.ec\/mgsantos\/wp-json\/wp\/v2\/pages\/81\/revisions\/84"}],"wp:attachment":[{"href":"https:\/\/blog.espol.edu.ec\/mgsantos\/wp-json\/wp\/v2\/media?parent=81"}],"curies":[{"name":"wp","href":"https:\/\/api.w.org\/{rel}","templated":true}]}}