{"id":2,"date":"2014-05-22T13:08:32","date_gmt":"2014-05-22T13:08:32","guid":{"rendered":"http:\/\/blog.espol.edu.ec\/miazespi\/?page_id=2"},"modified":"2014-05-31T23:27:58","modified_gmt":"2014-05-31T23:27:58","slug":"pagina-ejemplo","status":"publish","type":"page","link":"https:\/\/blog.espol.edu.ec\/miazespi\/pagina-ejemplo\/","title":{"rendered":"Post..."},"content":{"rendered":"<p><strong>Como lucirse en una fiesta...\u00a0<\/strong><\/p>\n<p><span style=\"color: #444444\">Fiestas de coctel dan la oportunidad de mezclarse entre amigos, conocidos y asociados de negocios actuales y potenciales. Mirada aguda y vestido apropiadamente para la ocasi\u00f3n. Si no est\u00e1 seguro c\u00f3mo formal el evento es que siempre puedes pedirle a un amigo que tambi\u00e9n va a ver lo que planea llevar y usar eso como punto de partida.<\/span><\/p>\n<ol style=\"color: #444444\">\n<li>Considerar el tipo de invitaci\u00f3n. Si lleg\u00f3 por tel\u00e9fono o correo electr\u00f3nico, m\u00e1s probable es que el partido es casual. Si usted recibi\u00f3 una invitaci\u00f3n formal, y especialmente si el evento beneficia a una caridad o asociaci\u00f3n, consideran un asunto vestir\u00e1n.<\/li>\n<li>Piensa en la temporada. Usar telas m\u00e1s ligero de peso y colores m\u00e1s brillantes para las reuniones de primavera y verano. Pegar a los tonos oscuros, apagados en telas m\u00e1s pesadas para el oto\u00f1o e invierno las reuniones.<\/li>\n<li>Vestir ropa de negocios informal para una fiesta coctel m\u00e1s formal del trabajo. Agregue una chaqueta pantalones caqui y una camisa de botones, o par una chaqueta deportiva con pantalones vaqueros negros y un cuello negro se burlan. Interruptor de sandalias o zapatos atl\u00e9ticos para zapatos con cordones o mocasines de cuero oscuro.<\/li>\n<li>Tratar a las fiestas de coctel en las tardes de fin de semana menos formalmente que los programados por la noche. Vaya negocio elegante casual para una formal m\u00e1s tarde reuni\u00f3n; optar por un traje de la noche. Para un evento menos formal, use un lindo vestido casual en la ropa casual de vestir y por la tarde en la noche...<a href=\"http:\/\/blog.espol.edu.ec\/miazespi\/files\/2014\/05\/mas-vestidos-para-gorditas-2.jpg\"><img loading=\"lazy\" decoding=\"async\" class=\"alignnone size-medium wp-image-42\" src=\"http:\/\/blog.espol.edu.ec\/miazespi\/files\/2014\/05\/mas-vestidos-para-gorditas-2-300x167.jpg\" alt=\"mas-vestidos-para-gorditas-2\" width=\"300\" height=\"167\" srcset=\"https:\/\/blog.espol.edu.ec\/miazespi\/files\/2014\/05\/mas-vestidos-para-gorditas-2-300x167.jpg 300w, https:\/\/blog.espol.edu.ec\/miazespi\/files\/2014\/05\/mas-vestidos-para-gorditas-2.jpg 445w\" sizes=\"auto, (max-width: 300px) 100vw, 300px\" \/><\/a><a href=\"http:\/\/blog.espol.edu.ec\/miazespi\/files\/2014\/05\/526477_418632811557484_1757036208_n.jpg\"><img loading=\"lazy\" decoding=\"async\" class=\"alignnone size-medium wp-image-68\" src=\"http:\/\/blog.espol.edu.ec\/miazespi\/files\/2014\/05\/526477_418632811557484_1757036208_n-300x300.jpg\" alt=\"526477_418632811557484_1757036208_n\" width=\"300\" height=\"300\" srcset=\"https:\/\/blog.espol.edu.ec\/miazespi\/files\/2014\/05\/526477_418632811557484_1757036208_n-300x300.jpg 300w, https:\/\/blog.espol.edu.ec\/miazespi\/files\/2014\/05\/526477_418632811557484_1757036208_n-150x150.jpg 150w, https:\/\/blog.espol.edu.ec\/miazespi\/files\/2014\/05\/526477_418632811557484_1757036208_n.jpg 960w\" sizes=\"auto, (max-width: 300px) 100vw, 300px\" \/><\/a><a href=\"http:\/\/blog.espol.edu.ec\/miazespi\/files\/2014\/05\/1375798_525436960877068_93159050_n.jpg\"><img loading=\"lazy\" decoding=\"async\" class=\"alignnone size-medium wp-image-69\" src=\"http:\/\/blog.espol.edu.ec\/miazespi\/files\/2014\/05\/1375798_525436960877068_93159050_n-206x300.jpg\" alt=\"1375798_525436960877068_93159050_n\" width=\"206\" height=\"300\" srcset=\"https:\/\/blog.espol.edu.ec\/miazespi\/files\/2014\/05\/1375798_525436960877068_93159050_n-206x300.jpg 206w, https:\/\/blog.espol.edu.ec\/miazespi\/files\/2014\/05\/1375798_525436960877068_93159050_n.jpg 662w\" sizes=\"auto, (max-width: 206px) 100vw, 206px\" \/><\/a><a href=\"http:\/\/blog.espol.edu.ec\/miazespi\/files\/2014\/05\/10390332_511249242337007_8443994887834671361_n.jpg\"><img loading=\"lazy\" decoding=\"async\" class=\"alignnone size-medium wp-image-70\" src=\"http:\/\/blog.espol.edu.ec\/miazespi\/files\/2014\/05\/10390332_511249242337007_8443994887834671361_n-290x300.jpg\" alt=\"10390332_511249242337007_8443994887834671361_n\" width=\"290\" height=\"300\" srcset=\"https:\/\/blog.espol.edu.ec\/miazespi\/files\/2014\/05\/10390332_511249242337007_8443994887834671361_n-290x300.jpg 290w, https:\/\/blog.espol.edu.ec\/miazespi\/files\/2014\/05\/10390332_511249242337007_8443994887834671361_n.jpg 500w\" sizes=\"auto, (max-width: 290px) 100vw, 290px\" \/><\/a><\/li>\n<\/ol>\n<p>&nbsp;<\/p>\n<p><strong>Baile, ideas de moda para Hombres<\/strong><\/p>\n<p><span style=\"color: #444444\">El baile es la primera vez que muchos adolescentes que se visten con atuendos y fiesta con sus compa\u00f1eros de la noche. Gran parte del \u00e9nfasis en la moda del baile es en las mujeres; sin embargo, la moda masculina es igualmente importante. Despu\u00e9s de todo, baile fotos pasado que toda una vida y chicos quieren saber que se ve\u00edan mejor. Si usa un esmoquin o un traje, su mirada<\/span><span id=\"more-21354\" style=\"color: #444444\"><\/span><span style=\"color: #444444\">\u00a0personalizada destaca entre la multitud. Puedes usar un traje en vez del tradicional smoking. Un traje de un solo pecho parece m\u00e1s moderno. Para un look cl\u00e1sico, lleva un traje negro o gris oscuro. Trajes de color pueden ser usados para un look m\u00e1s l\u00fadico. Puedes usar una camisa de botones, camisa sin cuello, camisa de polo o camiseta debajo de la chaqueta de traje para un look casual o rock star. Para un look casual baile opta por una chaqueta y pantalones en lugar de todo el juego....\u00a0<\/span><\/p>\n<p><span style=\"color: #444444\"><a href=\"http:\/\/blog.espol.edu.ec\/miazespi\/files\/2014\/05\/HOMBRE-CASUAL-MODERNO.jpg\"><img loading=\"lazy\" decoding=\"async\" class=\"alignnone size-medium wp-image-44\" src=\"http:\/\/blog.espol.edu.ec\/miazespi\/files\/2014\/05\/HOMBRE-CASUAL-MODERNO-300x250.jpg\" alt=\"HOMBRE-CASUAL-MODERNO\" width=\"300\" height=\"250\" srcset=\"https:\/\/blog.espol.edu.ec\/miazespi\/files\/2014\/05\/HOMBRE-CASUAL-MODERNO-300x250.jpg 300w, https:\/\/blog.espol.edu.ec\/miazespi\/files\/2014\/05\/HOMBRE-CASUAL-MODERNO.jpg 400w\" sizes=\"auto, (max-width: 300px) 100vw, 300px\" \/><\/a><\/span><\/p>\n<p>&nbsp;<\/p>\n<p style=\"color: #000000\">Los hombres cada vez se muestran m\u00e1s preocupados por su aspecto f\u00edsico.\u00a0<strong>Quieren estar y sentirse guapos<\/strong>\u00a0y para ello intentan ponerse al d\u00eda de todo lo \u00faltimo en tendencias.<\/p>\n<p style=\"color: #000000\">Descubre los looks para hombres con los que conseguir\u00e1n combinar diferentes estilos, creando estilismos de moda completamente integrados. \u00a1Conoce nuestras ideas!\u00a0<a href=\"http:\/\/www.loreal-paris.es\/tendencias\/moda.aspx\">http:\/\/www.loreal-paris.es\/tendencias\/moda.aspx<\/a><\/p>\n<h2 style=\"color: #000000\">1. LOS SOMBREROS<\/h2>\n<p style=\"color: #000000\">Las gorras se han quedado en un segundo plano y esta temporada se llevan los sombreros. Si el a\u00f1o pasado ya se pusieron de moda las versiones femeninas, este a\u00f1o los hombres quieren mostrar un estilo g\u00e1nster luciendo\u00a0<strong>sombreros llenos de personalidad.<\/strong>\u00a0Es un complemento muy sofisticado que no entiende de edades y con el que marcar\u00e1s la diferencia.<\/p>\n<h3 style=\"color: #000000\">2. SUDADERAS<\/h3>\n<p style=\"color: #000000\"><strong>El look sport<\/strong>\u00a0es un reclamo interesante con el que conseguir\u00e1s transformar tu look obteniendo\u00a0<strong>un outfit casual e informal.<\/strong>\u00a0Las sudaderas son un b\u00e1sico perfecto que puedes combinar con unos jeans, unos pantalones chinos o incluso unos baggy pants y siempre lucir\u00e1s un aspecto muy favorecido y actual. \u00a1Es hora de reinventar los cl\u00e1sicos!<\/p>\n<h3 style=\"color: #000000\">3. LA CAMISA VAQUERA<\/h3>\n<p style=\"color: #000000\">Si prefieres optar por prendas que no sean muy arriesgadas, hazte con una camisa vaquera. Esta primavera se llevan\u00a0<strong>las camisas con aspecto vintage y sutiles estampados.<\/strong>\u00a0Prueba a vestirte de entretiempo con las ideas m\u00e1s originales.<\/p>\n<h3 style=\"color: #000000\">4. BLAZER BLANCA<\/h3>\n<p style=\"color: #000000\">Esta primavera apuesta por las blazers en tonos caqui, beige o blanco.\u00a0<strong>Los total-looks en tonos blancos<\/strong>\u00a0son muy favorecedores, adem\u00e1s de frescos y sofisticados. Muestra un look sencillo y sin renunciar a la elegancia y si lo prefieres, rompe con el blanco apostando por un toque de color en tu outfit. \u00a1Di s\u00ed al color de la temporada!<\/p>\n<h3 style=\"color: #000000\">5. MOCASINES<\/h3>\n<p style=\"color: #000000\">Si tu aspecto es m\u00e1s cl\u00e1sico y formal, deja de lado los zapatos de cordones y en primavera, luce mocasines. Los tienes de todos los colores y para todos los gustos y son\u00a0<strong>un calzado c\u00f3modo y polivalente<\/strong>\u00a0que puedes combinar con tus estilismos m\u00e1s formales y tambi\u00e9n con tus looks m\u00e1s deportivos.<\/p>\n<p style=\"color: #000000\">No renuncies a la frescura y disfruta del buen tiempo con los looks m\u00e1s actuales.\u00a0<strong>\u00a1Los hombres tambi\u00e9n saben cuidarse!<\/strong><\/p>\n<p style=\"color: #000000\">\u00a0<a href=\"http:\/\/blog.espol.edu.ec\/miazespi\/files\/2014\/05\/moda-hombre-hM-4.jpeg\"><img loading=\"lazy\" decoding=\"async\" class=\"alignnone size-medium wp-image-62\" src=\"http:\/\/blog.espol.edu.ec\/miazespi\/files\/2014\/05\/Plumas-como-chalecos-250x300.png\" alt=\"Plumas como chalecos\" width=\"250\" height=\"300\" srcset=\"https:\/\/blog.espol.edu.ec\/miazespi\/files\/2014\/05\/Plumas-como-chalecos-250x300.png 250w, https:\/\/blog.espol.edu.ec\/miazespi\/files\/2014\/05\/Plumas-como-chalecos.png 345w\" sizes=\"auto, (max-width: 250px) 100vw, 250px\" \/><img loading=\"lazy\" decoding=\"async\" class=\"alignnone size-medium wp-image-63\" src=\"http:\/\/blog.espol.edu.ec\/miazespi\/files\/2014\/05\/moda-hombre-hM-4-256x300.jpeg\" alt=\"moda-hombre-hM-4\" width=\"256\" height=\"300\" srcset=\"https:\/\/blog.espol.edu.ec\/miazespi\/files\/2014\/05\/moda-hombre-hM-4-256x300.jpeg 256w, https:\/\/blog.espol.edu.ec\/miazespi\/files\/2014\/05\/moda-hombre-hM-4.jpeg 428w\" sizes=\"auto, (max-width: 256px) 100vw, 256px\" \/><\/a> <a href=\"http:\/\/blog.espol.edu.ec\/miazespi\/files\/2014\/05\/moda-hombre-hM-5.jpeg\"><img loading=\"lazy\" decoding=\"async\" class=\"alignnone size-medium wp-image-64\" src=\"http:\/\/blog.espol.edu.ec\/miazespi\/files\/2014\/05\/moda-hombre-hM-5-256x300.jpeg\" alt=\"moda-hombre-hM-5\" width=\"256\" height=\"300\" srcset=\"https:\/\/blog.espol.edu.ec\/miazespi\/files\/2014\/05\/moda-hombre-hM-5-256x300.jpeg 256w, https:\/\/blog.espol.edu.ec\/miazespi\/files\/2014\/05\/moda-hombre-hM-5.jpeg 800w\" sizes=\"auto, (max-width: 256px) 100vw, 256px\" \/><\/a><a href=\"http:\/\/blog.espol.edu.ec\/miazespi\/files\/2014\/05\/curro-hombre-mujeres-ropa-estilo.jpg\"><img loading=\"lazy\" decoding=\"async\" class=\"alignnone size-medium wp-image-66\" src=\"http:\/\/blog.espol.edu.ec\/miazespi\/files\/2014\/05\/curro-hombre-mujeres-ropa-estilo-200x300.jpg\" alt=\"curro-hombre-mujeres-ropa-estilo\" width=\"200\" height=\"300\" srcset=\"https:\/\/blog.espol.edu.ec\/miazespi\/files\/2014\/05\/curro-hombre-mujeres-ropa-estilo-200x300.jpg 200w, https:\/\/blog.espol.edu.ec\/miazespi\/files\/2014\/05\/curro-hombre-mujeres-ropa-estilo.jpg 655w\" sizes=\"auto, (max-width: 200px) 100vw, 200px\" \/><\/a><\/p>\n","protected":false},"excerpt":{"rendered":"<p>Como lucirse en una fiesta...\u00a0 Fiestas de coctel dan la oportunidad de mezclarse entre amigos, conocidos y asociados de negocios actuales y potenciales. Mirada aguda y vestido apropiadamente para la ocasi\u00f3n. Si no est\u00e1 seguro c\u00f3mo formal el evento es que siempre puedes pedirle a un amigo que tambi\u00e9n va a ver lo que planea [&hellip;]<\/p>\n","protected":false},"author":9083,"featured_media":0,"parent":0,"menu_order":0,"comment_status":"open","ping_status":"open","template":"","meta":{"footnotes":""},"class_list":["post-2","page","type-page","status-publish","hentry"],"_links":{"self":[{"href":"https:\/\/blog.espol.edu.ec\/miazespi\/wp-json\/wp\/v2\/pages\/2","targetHints":{"allow":["GET"]}}],"collection":[{"href":"https:\/\/blog.espol.edu.ec\/miazespi\/wp-json\/wp\/v2\/pages"}],"about":[{"href":"https:\/\/blog.espol.edu.ec\/miazespi\/wp-json\/wp\/v2\/types\/page"}],"author":[{"embeddable":true,"href":"https:\/\/blog.espol.edu.ec\/miazespi\/wp-json\/wp\/v2\/users\/9083"}],"replies":[{"embeddable":true,"href":"https:\/\/blog.espol.edu.ec\/miazespi\/wp-json\/wp\/v2\/comments?post=2"}],"version-history":[{"count":6,"href":"https:\/\/blog.espol.edu.ec\/miazespi\/wp-json\/wp\/v2\/pages\/2\/revisions"}],"predecessor-version":[{"id":71,"href":"https:\/\/blog.espol.edu.ec\/miazespi\/wp-json\/wp\/v2\/pages\/2\/revisions\/71"}],"wp:attachment":[{"href":"https:\/\/blog.espol.edu.ec\/miazespi\/wp-json\/wp\/v2\/media?parent=2"}],"curies":[{"name":"wp","href":"https:\/\/api.w.org\/{rel}","templated":true}]}}