{"id":161,"date":"2016-06-01T15:29:29","date_gmt":"2016-06-01T15:29:29","guid":{"rendered":"http:\/\/blog.espol.edu.ec\/micjorra\/?page_id=161"},"modified":"2016-06-01T15:29:29","modified_gmt":"2016-06-01T15:29:29","slug":"premios","status":"publish","type":"page","link":"https:\/\/blog.espol.edu.ec\/micjorra\/premios\/","title":{"rendered":"Premios"},"content":{"rendered":"<p><img loading=\"lazy\" decoding=\"async\" class=\"alignnone size-medium wp-image-77\" src=\"http:\/\/blog.espol.edu.ec\/micjorra\/files\/2016\/05\/bigbangtheory-300x225.jpg\" alt=\"bigbangtheory\" width=\"300\" height=\"225\" srcset=\"https:\/\/blog.espol.edu.ec\/micjorra\/files\/2016\/05\/bigbangtheory-300x225.jpg 300w, https:\/\/blog.espol.edu.ec\/micjorra\/files\/2016\/05\/bigbangtheory-768x576.jpg 768w, https:\/\/blog.espol.edu.ec\/micjorra\/files\/2016\/05\/bigbangtheory.jpg 1024w\" sizes=\"auto, (max-width: 300px) 100vw, 300px\" \/><\/p>\n<p>El elenco completo de la serie apareci\u00f3 en el escenario para recibir el premio, teniendo a Kaley Cuoco como cabeza en los agradecimientos. \u00a0\u00a0La bella actriz dio gracias a los fans, elogi\u00f3 a los guionistas de la serie y dijo que esperaba continuar por la misma senda por muchos a\u00f1os m\u00e1s.\u00a0Cabe mencionar que <strong>The Big Bang Theory<\/strong> se alz\u00f3 con la categor\u00eda ampliamente, superando a series como 2 Broke Girls, Mile &amp; Molly, Modern Family y New Girl.\u00a0Como se sabe, la gala de los <strong>People\u2019s Choice Awards<\/strong> se realiz\u00f3 la noche del mi\u00e9rcoles 06 de enero en los Estados Unidos. La ceremonia reuni\u00f3 a superestrellas del cine, m\u00fasica, televisi\u00f3n y las redes sociales<\/p>\n<p>Hoy han sido anunciados los nominados a los People Choice Awards 2016 en el Paley Center for Media en Los \u00c1ngeles, California. Con la conducci\u00f3n de Janeth Lynch y otros artistas invitados.<\/p>\n<p>Los People Choice son una categor\u00eda particular de premios, ya que aqu\u00ed se deja a completo criterio de los fans el elegir a sus favoritos. Son los premios en los cuales <strong>tiene m\u00e1s importancia los fandoms<\/strong>, ya que estos est\u00e1n orgnizados y pueden influir en los resultados.<\/p>\n<p>As\u00ed nos hemos enterado que se han contabilizado m\u00e1s de 72 millones de votos emitidos en diversas categor\u00edas de m\u00fasica, cine, televisi\u00f3n y streaming digital.<\/p>\n<p>Por supuesto, a nosotros lo que nos interesa son las categor\u00edas de televisi\u00f3n y comedia, en las cuales The Big Bang Theory ha consido cinco nominaciones en cuatro categor\u00edas, estas son:<\/p>\n<h5>Favorite TV Show<\/h5>\n<ul>\n<li>The Big Bang Theory<\/li>\n<li>Game of Thrones<\/li>\n<li>Grey\u2019s Anatomy<\/li>\n<li>The Voice<\/li>\n<li>The Walking Dead<\/li>\n<\/ul>\n<h5>Favorite Network TV Comedy<\/h5>\n<ul>\n<li>2 Broke Girls<\/li>\n<li>The Big Bang Theory<\/li>\n<li>Mike &amp; Molly<\/li>\n<li>Modern Family<\/li>\n<li>New Girl<\/li>\n<\/ul>\n<h5>Favorite Comedic TV Actor<\/h5>\n<ul>\n<li>Andy Samberg<\/li>\n<li>Jesse Tyler Ferguson<\/li>\n<li>Jim Parsons<\/li>\n<li>Johnny Galecki<\/li>\n<li>Matthew Perry<\/li>\n<\/ul>\n<h5>Favorite Comedic TV Actress<\/h5>\n<ul>\n<li>Anna Faris<\/li>\n<li>Kaley Cuoco<\/li>\n<li>Melissa McCarthy<\/li>\n<li>Sof\u00eda Vergara<\/li>\n<li>Zooey Deschanel<\/li>\n<\/ul>\n<p>Quiz\u00e1s la serie haya perdido presencia en los premios \u201cserios\u201d, pero definitivamente sigue vigente entre el gran p\u00fablico, especialmente el joven (es el que m\u00e1s participa de estos premios \u201cpopulares\u201d). Tanto as\u00ed, que <strong>la serie ha ganado en tres ocasiones<\/strong> el People Choice. Y en cuanto a premios individuales, <strong>Kaley Cuoco lo ha conseguido en dos ocasiones<\/strong> y hasta fue elegida para animar la ceremonia central.<\/p>\n<p>Apenas anunciados los nominados, se han abierto las votaciones para elegir a los ganadores. Puedes hacerlo en cualquier momento, hasta antes del d\u00eda de las premiaciones que ser\u00e1 el pr\u00f3ximo 6 de enero de 2016 y se transmitir\u00e1 por el canal CBS (EEUU).<\/p>\n","protected":false},"excerpt":{"rendered":"<p>El elenco completo de la serie apareci\u00f3 en el escenario para recibir el premio, teniendo a Kaley Cuoco como cabeza en los agradecimientos. \u00a0\u00a0La bella actriz dio gracias a los fans, elogi\u00f3 a los guionistas de la serie y dijo que esperaba continuar por la misma senda por muchos a\u00f1os m\u00e1s.\u00a0Cabe mencionar que The Big [&hellip;]<\/p>\n","protected":false},"author":10311,"featured_media":0,"parent":0,"menu_order":0,"comment_status":"closed","ping_status":"closed","template":"","meta":{"footnotes":""},"class_list":["post-161","page","type-page","status-publish","hentry"],"_links":{"self":[{"href":"https:\/\/blog.espol.edu.ec\/micjorra\/wp-json\/wp\/v2\/pages\/161","targetHints":{"allow":["GET"]}}],"collection":[{"href":"https:\/\/blog.espol.edu.ec\/micjorra\/wp-json\/wp\/v2\/pages"}],"about":[{"href":"https:\/\/blog.espol.edu.ec\/micjorra\/wp-json\/wp\/v2\/types\/page"}],"author":[{"embeddable":true,"href":"https:\/\/blog.espol.edu.ec\/micjorra\/wp-json\/wp\/v2\/users\/10311"}],"replies":[{"embeddable":true,"href":"https:\/\/blog.espol.edu.ec\/micjorra\/wp-json\/wp\/v2\/comments?post=161"}],"version-history":[{"count":1,"href":"https:\/\/blog.espol.edu.ec\/micjorra\/wp-json\/wp\/v2\/pages\/161\/revisions"}],"predecessor-version":[{"id":162,"href":"https:\/\/blog.espol.edu.ec\/micjorra\/wp-json\/wp\/v2\/pages\/161\/revisions\/162"}],"wp:attachment":[{"href":"https:\/\/blog.espol.edu.ec\/micjorra\/wp-json\/wp\/v2\/media?parent=161"}],"curies":[{"name":"wp","href":"https:\/\/api.w.org\/{rel}","templated":true}]}}