{"id":31,"date":"2009-11-05T01:39:33","date_gmt":"2009-11-05T06:39:33","guid":{"rendered":"http:\/\/blog.espol.edu.ec\/mifajard\/?page_id=31"},"modified":"2009-11-05T01:46:25","modified_gmt":"2009-11-05T06:46:25","slug":"undertaker","status":"publish","type":"page","link":"https:\/\/blog.espol.edu.ec\/mifajard\/undertaker\/","title":{"rendered":"Undertaker..."},"content":{"rendered":"<p><object width=\"425\" height=\"344\"><param name=\"movie\" value=\"http:\/\/www.youtube.com\/v\/_cduf_JceMQ&amp;autoplay=1\"><\/param><param name=\"allowFullScreen\" value=\"true\"><\/param><embed src=\"http:\/\/www.youtube.com\/v\/_cduf_JceMQ&amp;autoplay=1\" type=\"application\/x-shockwave-flash\" width=\"425\" height=\"344\"><\/embed><\/object><br \/><a href=\"http:\/\/www.tu.tv\"><img decoding=\"async\" src=\"http:\/\/www.tu.tv\/img\/tranparente.gif\" alt=\"Videos tu.tv\" border=\"0\" \/><\/a><\/p>\n<p>Undertaker...<br \/>\nDesde el momento en que su insigne gong llena el ambiente, el Undertaker cautiva a los fans de la<br \/>\nWWE con su sola presencia. El Deadman del Valle de la Muerte es usualmente un hombre de pocas palabras, pero puede intimidar al m\u00e1s rudo de los Superastros de la WWE con una sola mirada. Su sombr\u00eda persona ha sido una marca aterradora de la WWE por cerca de dos d\u00e9cadas y ninguna lista de los m\u00e1s grandes de todos los tiempos de la WWE estar\u00eda completa son Undertaker.<\/p>\n<p>Fue visto por primera vez en la Survivor Series 1990, Undertaker fue presentado como el \u00faltimo miembro del \u201cEquipo del Mill\u00f3n de D\u00f3lares\u201d de Ted DiBiase. Desde entonces ha sido Campe\u00f3n WWE y de Pesos Pesados en muchas ocasiones, y mantuvo un record invicto de WrestleMania que lleg\u00f3 a un impresionante 16-0. El Deadman ha derrotado a Superastros como Randy Orton, Triple H, \u201cSicho\u201d Sid, \u201cStone Cold\u201d Steve Austin, Bret \u201cHitman\u201d Hart y Jake \u201cThe Snake\u201d Roberts, para ganar sus muchos t\u00edtulos y mantener intacto su invicto. En octubre de 2007, El Deadman tambi\u00e9n se transform\u00f3 en el primero en llibararse del Vice Grip del Gran Khali para derrotar al coloso de 7,3 pies y 420 libras.<\/p>\n<p>A trav\u00e9s de su tiempo en la WWE, Undertaker ha notoriamente desaparecido por meses a la vez; frecuentemente considerado muerto y \u201cdescansando en paz\u201d, el Phenom siempre retorna misteriosamente al ring en busca de venganza contra aquellos que lo mandaron lejos. Desde Yokozuna hasta Kane y Edgem Undertaker siempre encuentra una manera de reclamar las almas de aquellos que lo traicionan.<\/p>\n<p>Adem\u00e1s de su \u00e9xito individual, Undertaker ha sido un buen jugador de equipo durante su carrera. Desde su larga relaci\u00f3n con el manager Paul Bearer hasta liderara el Ministerio de Obscuridad (el cual inclu\u00eda el reclutamiento de los Superastros Ac\u00f3litos, The Brood, Mideon y Vicera), el Phenom ha sido exitoso en cada aventura. Incluso ha ganado m\u00faltiples Campeonatos Mundiales de Relevos, luchando junto a La Roca, Stone Cold, Big Show y su propio hermano, Kane.<\/p>\n<p>De hecho, el Gran Monstruo Rojo es el aliado transformado en adversario (y frecuentemente de regreso) que Undertaker continuamente se cruza. Kane hizo su debut WWE al costar el primer combate Infierno en una Celda de su hermano, y mientras que su relaci\u00f3n es siempre turbulenta, tambi\u00e9n se han visto cara a cara en muchas ocasiones. Han sido oponentes en muchos WrestleMania, pero tambi\u00e9n han sostenido juntos el Campeonato Mundial de Relevos, un verdadero tema para hermanos en todos los campos de la vida.<\/p>\n<p>El Undertaker tambi\u00e9n tiene muchos \u201cprimeros\u201d en su cr\u00e9dito. Adem\u00e1s de ser el originador del Tombstone Piledriver, tambi\u00e9n ha formado parte del inaugural Combate de Infierno en una Celda, contra Shawn Michaels en octubre de 1997, as\u00ed como el primer Combate de Ata\u00fad, el cual le vi derrotar a Kamala en la Survivor Series de 1992.<\/p>\n<p>Undertaker nunca hab\u00eda derrotado a Edge, de modo que su racha perfecta de WrestleMania estaba en peligro para WrestleMania XXIV. El Superastro Clasificado R comprob\u00f3 que era apto para la tarea de soportar los poderosos golpes del Phenom, incluyendo un Tombstone Piledriver y Last Ride, hasta que Undertaker tom\u00f3 a Edge con su misteriosa llave se sumisi\u00f3n. Edge finalmente se rindi\u00f3, perdiendo su T\u00edtulo de Pesos Pesados e invicto ante el Phenom. El triunfo llev\u00f3 la racha ganadora de Undertaker en WrestleMania a 16-0.<\/p>\n<p>El cinco veces Campe\u00f3n Mundial, Edge, termin\u00f3 con la legendaria carrera WWE del futuro miembro del Sal\u00f3n de la Fama WWE, Undertaker, en el One Night Stand en San Diego el 1 de junio de 2008, luego de un cuidadoso plan con la Gerente General de SmackDown Vickie Guerrero. Sin embargo, una traici\u00f3n pre boda por parte del Superastro Clasificado R causo que Guerrero cambiase de opini\u00f3n, re instituyendo al Phenom y abriendo una nueve era de dominaci\u00f3n del Deadman.<\/p>\n<p>A trav\u00e9s de todo, Undertaker se ha mantenido como uno de los Superastros m\u00e1s populares de la WWE, casi asegurando su lugar como futuro miembro del Sal\u00f3n de la Fama.<\/p>\n","protected":false},"excerpt":{"rendered":"<p>Undertaker... Desde el momento en que su insigne gong llena el ambiente, el Undertaker cautiva a los fans de la WWE con su sola presencia. El Deadman del Valle de la Muerte es usualmente un hombre de pocas palabras, pero puede intimidar al m\u00e1s rudo de los Superastros de la WWE con una sola mirada. [&hellip;]<\/p>\n","protected":false},"author":3122,"featured_media":0,"parent":0,"menu_order":0,"comment_status":"open","ping_status":"open","template":"","meta":{"footnotes":""},"class_list":["post-31","page","type-page","status-publish","hentry"],"_links":{"self":[{"href":"https:\/\/blog.espol.edu.ec\/mifajard\/wp-json\/wp\/v2\/pages\/31","targetHints":{"allow":["GET"]}}],"collection":[{"href":"https:\/\/blog.espol.edu.ec\/mifajard\/wp-json\/wp\/v2\/pages"}],"about":[{"href":"https:\/\/blog.espol.edu.ec\/mifajard\/wp-json\/wp\/v2\/types\/page"}],"author":[{"embeddable":true,"href":"https:\/\/blog.espol.edu.ec\/mifajard\/wp-json\/wp\/v2\/users\/3122"}],"replies":[{"embeddable":true,"href":"https:\/\/blog.espol.edu.ec\/mifajard\/wp-json\/wp\/v2\/comments?post=31"}],"version-history":[{"count":3,"href":"https:\/\/blog.espol.edu.ec\/mifajard\/wp-json\/wp\/v2\/pages\/31\/revisions"}],"predecessor-version":[{"id":33,"href":"https:\/\/blog.espol.edu.ec\/mifajard\/wp-json\/wp\/v2\/pages\/31\/revisions\/33"}],"wp:attachment":[{"href":"https:\/\/blog.espol.edu.ec\/mifajard\/wp-json\/wp\/v2\/media?parent=31"}],"curies":[{"name":"wp","href":"https:\/\/api.w.org\/{rel}","templated":true}]}}