{"id":2,"date":"2011-05-30T18:49:54","date_gmt":"2011-05-30T18:49:54","guid":{"rendered":""},"modified":"2022-02-13T15:11:59","modified_gmt":"2022-02-13T20:11:59","slug":"about","status":"publish","type":"page","link":"https:\/\/blog.espol.edu.ec\/migaherr\/about\/","title":{"rendered":"Acerca de mi..."},"content":{"rendered":"<p>\u00a1Sean bienvenidos! Este espacio pretende compartir ideas, opiniones y analog\u00edas sobre la vida cotidiana, vista desde los ojos de un aprendiz permanente apasionado por la vida en su esplendor, y con muchas ganas de crecer y lograr lo mejor de s\u00ed mismo cada d\u00eda.<\/p>\n<p>S\u00edgueme en Instagram: <span class=\"atwho-query\">@mikeherrerav93<\/span><\/p>\n","protected":false},"excerpt":{"rendered":"<p>\u00a1Sean bienvenidos! Este espacio pretende compartir ideas, opiniones y analog\u00edas sobre la vida cotidiana, vista desde los ojos de un aprendiz permanente apasionado por la vida en su esplendor, y con muchas ganas de crecer y lograr lo mejor de s\u00ed mismo cada d\u00eda. S\u00edgueme en Instagram: @mikeherrerav93<\/p>\n","protected":false},"author":5929,"featured_media":0,"parent":0,"menu_order":0,"comment_status":"open","ping_status":"open","template":"","meta":{"footnotes":""},"class_list":["post-2","page","type-page","status-publish","hentry"],"_links":{"self":[{"href":"https:\/\/blog.espol.edu.ec\/migaherr\/wp-json\/wp\/v2\/pages\/2","targetHints":{"allow":["GET"]}}],"collection":[{"href":"https:\/\/blog.espol.edu.ec\/migaherr\/wp-json\/wp\/v2\/pages"}],"about":[{"href":"https:\/\/blog.espol.edu.ec\/migaherr\/wp-json\/wp\/v2\/types\/page"}],"author":[{"embeddable":true,"href":"https:\/\/blog.espol.edu.ec\/migaherr\/wp-json\/wp\/v2\/users\/5929"}],"replies":[{"embeddable":true,"href":"https:\/\/blog.espol.edu.ec\/migaherr\/wp-json\/wp\/v2\/comments?post=2"}],"version-history":[{"count":17,"href":"https:\/\/blog.espol.edu.ec\/migaherr\/wp-json\/wp\/v2\/pages\/2\/revisions"}],"predecessor-version":[{"id":142,"href":"https:\/\/blog.espol.edu.ec\/migaherr\/wp-json\/wp\/v2\/pages\/2\/revisions\/142"}],"wp:attachment":[{"href":"https:\/\/blog.espol.edu.ec\/migaherr\/wp-json\/wp\/v2\/media?parent=2"}],"curies":[{"name":"wp","href":"https:\/\/api.w.org\/{rel}","templated":true}]}}