{"id":179,"date":"2010-10-14T02:57:15","date_gmt":"2010-10-14T02:57:15","guid":{"rendered":"http:\/\/blog.espol.edu.ec\/misionnerd\/?page_id=179"},"modified":"2010-10-14T15:37:43","modified_gmt":"2010-10-14T15:37:43","slug":"palabras-de-ovidio","status":"publish","type":"page","link":"https:\/\/blog.espol.edu.ec\/misionnerd\/palabras-de-ovidio\/","title":{"rendered":"PALABRAS DE OVIDIO"},"content":{"rendered":"<h3>Seguimos con los consejos de Ovidio. Recordemos que este escritor romano vivio en el siglo I a.C.<\/h3>\n<h2><span style=\"color: #ff0000\"> Para los hombres<\/span><\/h2>\n<table border=\"1\" cellspacing=\"0\" cellpadding=\"0\">\n<tbody>\n<tr>\n<td width=\"206\" valign=\"top\"><strong> <a href=\"http:\/\/blog.espol.edu.ec\/misionnerd\/files\/2010\/10\/macho-rizando.jpg\"><img loading=\"lazy\" decoding=\"async\" class=\"aligncenter size-full wp-image-180\" title=\"macho rizando\" src=\"http:\/\/blog.espol.edu.ec\/misionnerd\/files\/2010\/10\/macho-rizando.jpg\" alt=\"\" width=\"170\" height=\"204\" \/><\/a><\/strong><\/td>\n<td width=\"371\" valign=\"top\">\n<h3>Que no se te ocurra rizarte el pelo con unas tenacillas ni depilarte las piernas con \u00e1spera piedra p\u00f3mez.<\/h3>\n<h3>Que tu cuerpo agrade por su limpieza, haz que se ponga moreno en el campo de Marte.<\/h3>\n<\/td>\n<\/tr>\n<\/tbody>\n<\/table>\n<p><strong> <\/strong><\/p>\n<table border=\"1\" cellspacing=\"0\" cellpadding=\"0\">\n<tbody>\n<tr>\n<td width=\"206\" valign=\"top\"><strong> <a href=\"http:\/\/blog.espol.edu.ec\/misionnerd\/files\/2010\/10\/dientes_manchados.jpg\"><img loading=\"lazy\" decoding=\"async\" class=\"aligncenter size-full wp-image-187\" title=\"dientes_manchados\" src=\"http:\/\/blog.espol.edu.ec\/misionnerd\/files\/2010\/10\/dientes_manchados.jpg\" alt=\"\" width=\"206\" height=\"116\" \/><\/a><\/strong><\/td>\n<td width=\"371\" valign=\"top\">\n<h3>Si tienes alg\u00fan diente negro, grande o descolocado, al re\u00edrte te perjudicara mucho.<\/h3>\n<\/td>\n<\/tr>\n<\/tbody>\n<\/table>\n<table border=\"1\" cellspacing=\"0\" cellpadding=\"0\">\n<tbody>\n<tr>\n<td width=\"206\" valign=\"top\"><strong> <a href=\"http:\/\/blog.espol.edu.ec\/misionnerd\/files\/2010\/10\/barbas-curiosas.jpg\"><img loading=\"lazy\" decoding=\"async\" class=\"aligncenter size-full wp-image-192\" title=\"barbas-curiosas\" src=\"http:\/\/blog.espol.edu.ec\/misionnerd\/files\/2010\/10\/barbas-curiosas.jpg\" alt=\"\" width=\"174\" height=\"282\" \/><\/a><\/strong><\/td>\n<td width=\"371\" valign=\"top\">\n<h3>Hazte cortar el pelo y afeitar la barba por una mano experta, no te dejes crecer las u\u00f1as y ll\u00e9valas siempre limpias.<\/h3>\n<\/td>\n<\/tr>\n<\/tbody>\n<\/table>\n<table border=\"1\" cellspacing=\"0\" cellpadding=\"0\">\n<tbody>\n<tr>\n<td width=\"206\" valign=\"top\"><strong> <a href=\"http:\/\/blog.espol.edu.ec\/misionnerd\/files\/2010\/10\/torpe-varon.jpeg\"><img loading=\"lazy\" decoding=\"async\" class=\"aligncenter size-full wp-image-195\" title=\"torpe varon\" src=\"http:\/\/blog.espol.edu.ec\/misionnerd\/files\/2010\/10\/torpe-varon.jpeg\" alt=\"\" width=\"210\" height=\"291\" \/><\/a><\/strong><\/td>\n<td width=\"371\" valign=\"top\">\n<h3>Deja que hagan todo lo dem\u00e1s las j\u00f3venes coquetas o un torpe var\u00f3n, si lo hubiera, que pretenda conquistar a otro var\u00f3n.<\/h3>\n<\/td>\n<\/tr>\n<\/tbody>\n<\/table>\n<table border=\"1\" cellspacing=\"0\" cellpadding=\"0\">\n<tbody>\n<tr>\n<td width=\"329\" valign=\"top\">\n<h3>Hombres, cuidado con el \u00faltimo consejo (me refiero al torpe var\u00f3n), porque pueden terminar as\u00ed:<\/h3>\n<\/td>\n<td width=\"248\" valign=\"top\"><a href=\"http:\/\/blog.espol.edu.ec\/misionnerd\/files\/2010\/10\/torta-gey.jpg\"><img loading=\"lazy\" decoding=\"async\" class=\"aligncenter size-full wp-image-198\" title=\"torta gey\" src=\"http:\/\/blog.espol.edu.ec\/misionnerd\/files\/2010\/10\/torta-gey.jpg\" alt=\"\" width=\"344\" height=\"247\" \/><\/a><\/td>\n<\/tr>\n<\/tbody>\n<\/table>\n<p>________________________________________________________________________________________________________<\/p>\n<h3>Seguimos con la moda romana.<\/h3>\n<h3>La expresi\u00f3n \u201cllevar los pantalones bien puestos\u201d de seguro no naci\u00f3 en Roma, porque lo que se usaba all\u00e1 fueron togas, t\u00fanicas y uniforme militar.<\/h3>\n<p><a href=\"http:\/\/blog.espol.edu.ec\/misionnerd\/files\/2010\/10\/legionario1.jpg\"><img loading=\"lazy\" decoding=\"async\" class=\"aligncenter size-medium wp-image-207\" title=\"legionario\" src=\"http:\/\/blog.espol.edu.ec\/misionnerd\/files\/2010\/10\/legionario1-218x300.jpg\" alt=\"\" width=\"218\" height=\"300\" srcset=\"https:\/\/blog.espol.edu.ec\/misionnerd\/files\/2010\/10\/legionario1-218x300.jpg 218w, https:\/\/blog.espol.edu.ec\/misionnerd\/files\/2010\/10\/legionario1-745x1024.jpg 745w, https:\/\/blog.espol.edu.ec\/misionnerd\/files\/2010\/10\/legionario1.jpg 780w\" sizes=\"auto, (max-width: 218px) 100vw, 218px\" \/><\/a><\/p>\n<h3>Este \u00faltimo inclu\u00eda un faldell\u00edn, debajo del cual los romanos no llevaban nada. El hecho se conoce por el relato de un historiador, que describi\u00f3 la bronca entre un legionario romano\u00a0 y un grupo de jud\u00edos que tuvo lugar en Jerusal\u00e9n.<\/h3>\n<h3>\u201cFucking\u00a0 jud\u00edos\u201d \u2013 dijo el legionario en puro lat\u00edn, pero como los jud\u00edos no entend\u00edan bien este idioma, el romano us\u00f3 el lenguaje gestual\u00a0 levantando su faldell\u00edn y mostrando a los representantes del pueblo de Israel parte de su anatom\u00eda.<\/h3>\n<h3>Los pudorosos jud\u00edos pegaron grito al cielo viendo que aquella no estaba cubierta ni por un miserable b\u00f3xer, y as\u00ed comenz\u00f3 \u00a0un violento mot\u00edn popular que tuvo que ser sofocado sangrientamente por los romanos.<\/h3>\n<p>_________________________________________________________________________________________________________________<\/p>\n<h3>\n<p style=\"text-align: left\"><a href=\"http:\/\/blog.espol.edu.ec\/misionnerd\/files\/2010\/10\/14_alejandro_magno_grande4.jpg\"><img loading=\"lazy\" decoding=\"async\" class=\"alignleft size-medium wp-image-215\" title=\"14_alejandro_magno_grande\" src=\"http:\/\/blog.espol.edu.ec\/misionnerd\/files\/2010\/10\/14_alejandro_magno_grande4-160x300.jpg\" alt=\"\" width=\"160\" height=\"300\" srcset=\"https:\/\/blog.espol.edu.ec\/misionnerd\/files\/2010\/10\/14_alejandro_magno_grande4-160x300.jpg 160w, https:\/\/blog.espol.edu.ec\/misionnerd\/files\/2010\/10\/14_alejandro_magno_grande4.jpg 321w\" sizes=\"auto, (max-width: 160px) 100vw, 160px\" \/><\/a><\/p>\n<p style=\"text-align: left\">\n<p style=\"text-align: left\">As\u00ed que las tropas   romanas conquistaron la mitad del mundo con trasero al aire, probablemente   inspirados en moda griega. Aqu\u00ed se puede ver el retrato escult\u00f3rico de   Alejandro Magno con su traje de camuflaje, que como vemos fue bastante   ligero.<\/p>\n<p style=\"text-align: left\">\n<p style=\"text-align: left\">\n<p style=\"text-align: left\">\n<p style=\"text-align: left\">\n<p style=\"text-align: left\">\n<p style=\"text-align: left\">\n<p style=\"text-align: left\">\n<p style=\"text-align: left\">________________________________________________________________________________<\/p>\n<p style=\"text-align: left\"><a href=\"http:\/\/blog.espol.edu.ec\/misionnerd\/files\/2010\/10\/pescadores1.jpg\"><img loading=\"lazy\" decoding=\"async\" class=\"aligncenter size-medium wp-image-219\" title=\"pescadores\" src=\"http:\/\/blog.espol.edu.ec\/misionnerd\/files\/2010\/10\/pescadores1-253x300.jpg\" alt=\"\" width=\"253\" height=\"300\" srcset=\"https:\/\/blog.espol.edu.ec\/misionnerd\/files\/2010\/10\/pescadores1-253x300.jpg 253w, https:\/\/blog.espol.edu.ec\/misionnerd\/files\/2010\/10\/pescadores1.jpg 472w\" sizes=\"auto, (max-width: 253px) 100vw, 253px\" \/><\/a><\/p>\n<p style=\"text-align: left\">\n<\/h3>\n<h3>Los pantalones han hecho su aparici\u00f3n en el Imperio solo con la llegada de los barbaros y al principio no fueron aceptados (la moda europea no pegaba en esta \u00e9poca).Despu\u00e9s la prenda empez\u00f3 a gustar y ser usada, y tal vez desde entonces se hizo popular la expresi\u00f3n \u201c!que b\u00e1rbaro!\u201d refiri\u00e9ndose a algo novedoso e inusual.<\/h3>\n<h3>Los primeros pantalones parec\u00edan pescadores, como pueden ver en este bajorrelieve romano.<\/h3>\n<h3><\/h3>\n<p><span style=\"line-height: normal;font-size: small\"><br \/>\n<\/span><\/p>\n","protected":false},"excerpt":{"rendered":"<p>Seguimos con los consejos de Ovidio. Recordemos que este escritor romano vivio en el siglo I a.C. Para los hombres Que no se te ocurra rizarte el pelo con unas tenacillas ni depilarte las piernas con \u00e1spera piedra p\u00f3mez. Que tu cuerpo agrade por su limpieza, haz que se ponga moreno en el campo de [&hellip;]<\/p>\n","protected":false},"author":5156,"featured_media":0,"parent":0,"menu_order":0,"comment_status":"open","ping_status":"open","template":"","meta":{"footnotes":""},"class_list":["post-179","page","type-page","status-publish","hentry"],"_links":{"self":[{"href":"https:\/\/blog.espol.edu.ec\/misionnerd\/wp-json\/wp\/v2\/pages\/179","targetHints":{"allow":["GET"]}}],"collection":[{"href":"https:\/\/blog.espol.edu.ec\/misionnerd\/wp-json\/wp\/v2\/pages"}],"about":[{"href":"https:\/\/blog.espol.edu.ec\/misionnerd\/wp-json\/wp\/v2\/types\/page"}],"author":[{"embeddable":true,"href":"https:\/\/blog.espol.edu.ec\/misionnerd\/wp-json\/wp\/v2\/users\/5156"}],"replies":[{"embeddable":true,"href":"https:\/\/blog.espol.edu.ec\/misionnerd\/wp-json\/wp\/v2\/comments?post=179"}],"version-history":[{"count":27,"href":"https:\/\/blog.espol.edu.ec\/misionnerd\/wp-json\/wp\/v2\/pages\/179\/revisions"}],"predecessor-version":[{"id":204,"href":"https:\/\/blog.espol.edu.ec\/misionnerd\/wp-json\/wp\/v2\/pages\/179\/revisions\/204"}],"wp:attachment":[{"href":"https:\/\/blog.espol.edu.ec\/misionnerd\/wp-json\/wp\/v2\/media?parent=179"}],"curies":[{"name":"wp","href":"https:\/\/api.w.org\/{rel}","templated":true}]}}