{"id":224,"date":"2010-10-22T14:47:16","date_gmt":"2010-10-22T14:47:16","guid":{"rendered":"http:\/\/blog.espol.edu.ec\/misionnerd\/?page_id=224"},"modified":"2010-10-22T14:47:16","modified_gmt":"2010-10-22T14:47:16","slug":"sex-in-the-city-roma","status":"publish","type":"page","link":"https:\/\/blog.espol.edu.ec\/misionnerd\/sex-in-the-city-roma\/","title":{"rendered":"SEX IN THE CITY ROMA"},"content":{"rendered":"<div><a href=\"http:\/\/blog.espol.edu.ec\/misionnerd\/files\/2010\/10\/roman-toga-costume-plus-size-unisex-1912-p.jpg\"><\/a><\/div>\n<div><a href=\"http:\/\/blog.espol.edu.ec\/misionnerd\/files\/2010\/10\/roman-toga-costume-plus-size-unisex-1912-p.jpg\"><\/a><\/div>\n<div><a href=\"http:\/\/blog.espol.edu.ec\/misionnerd\/files\/2010\/10\/roman-toga-costume-plus-size-unisex-1912-p.jpg\"><\/a><\/div>\n<div><a href=\"http:\/\/blog.espol.edu.ec\/misionnerd\/files\/2010\/10\/roman-toga-costume-plus-size-unisex-1912-p.jpg\"><\/a><\/div>\n<div><a href=\"http:\/\/blog.espol.edu.ec\/misionnerd\/files\/2010\/10\/roman-toga-costume-plus-size-unisex-1912-p.jpg\"><\/a><\/div>\n<div><a href=\"http:\/\/blog.espol.edu.ec\/misionnerd\/files\/2010\/10\/roman-toga-costume-plus-size-unisex-1912-p.jpg\"><\/a><\/div>\n<div><a href=\"http:\/\/blog.espol.edu.ec\/misionnerd\/files\/2010\/10\/roman-toga-costume-plus-size-unisex-1912-p.jpg\"><\/a><\/div>\n<div><a href=\"http:\/\/blog.espol.edu.ec\/misionnerd\/files\/2010\/10\/roman-toga-costume-plus-size-unisex-1912-p.jpg\"><\/a><\/div>\n<div><a href=\"http:\/\/blog.espol.edu.ec\/misionnerd\/files\/2010\/10\/roman-toga-costume-plus-size-unisex-1912-p.jpg\"><\/a><\/div>\n<div><a href=\"http:\/\/blog.espol.edu.ec\/misionnerd\/files\/2010\/10\/roman-toga-costume-plus-size-unisex-1912-p.jpg\"><\/a><\/div>\n<div><a href=\"http:\/\/blog.espol.edu.ec\/misionnerd\/files\/2010\/10\/roman-toga-costume-plus-size-unisex-1912-p.jpg\"><\/a><\/div>\n<div><a href=\"http:\/\/blog.espol.edu.ec\/misionnerd\/files\/2010\/10\/roman-toga-costume-plus-size-unisex-1912-p.jpg\"><\/a><\/div>\n<div><a href=\"http:\/\/blog.espol.edu.ec\/misionnerd\/files\/2010\/10\/roman-toga-costume-plus-size-unisex-1912-p.jpg\"><\/a><\/div>\n<div><a href=\"http:\/\/blog.espol.edu.ec\/misionnerd\/files\/2010\/10\/roman-toga-costume-plus-size-unisex-1912-p.jpg\"><\/a><\/div>\n<div><a href=\"http:\/\/blog.espol.edu.ec\/misionnerd\/files\/2010\/10\/roman-toga-costume-plus-size-unisex-1912-p.jpg\"><\/a><\/div>\n<div><a href=\"http:\/\/blog.espol.edu.ec\/misionnerd\/files\/2010\/10\/roman-toga-costume-plus-size-unisex-1912-p.jpg\"><\/a><\/div>\n<p><a href=\"http:\/\/blog.espol.edu.ec\/misionnerd\/files\/2010\/10\/roman-toga-costume-plus-size-unisex-1912-p.jpg\"><\/p>\n<p style=\"text-align: center\"><img loading=\"lazy\" decoding=\"async\" class=\"aligncenter size-medium wp-image-225\" title=\"roman-toga-costume-plus-size-unisex-1912-p\" src=\"http:\/\/blog.espol.edu.ec\/misionnerd\/files\/2010\/10\/roman-toga-costume-plus-size-unisex-1912-p-225x300.jpg\" alt=\"\" width=\"280\" height=\"373\" srcset=\"https:\/\/blog.espol.edu.ec\/misionnerd\/files\/2010\/10\/roman-toga-costume-plus-size-unisex-1912-p-225x300.jpg 225w, https:\/\/blog.espol.edu.ec\/misionnerd\/files\/2010\/10\/roman-toga-costume-plus-size-unisex-1912-p.jpg 375w\" sizes=\"auto, (max-width: 280px) 100vw, 280px\" \/><\/p>\n<p>\u00a0<\/p>\n<p><\/a><\/p>\n<h3 class=\"MsoNormal\" style=\"line-height: 115%;margin: 0cm 0cm 0pt\"><span>En general, los romanos eran muy desinhibidos en su vida privada y ten\u00edan la mentalidad un tanto<span>\u00a0 <\/span>distinta de la nuestra.<\/span><\/h3>\n<h3 class=\"MsoNormal\" style=\"line-height: 115%;margin: 0cm 0cm 0pt\"><span>\u00a0<\/span><\/h3>\n<div><span style=\"font-family: mceinline\">\u00a0<\/span><\/div>\n<table class=\"MsoTableGrid\" style=\"border-collapse: collapse\" border=\"1\" cellspacing=\"0\" cellpadding=\"0\">\n<tbody>\n<tr>\n<td style=\"padding-bottom: 0cm;background-color: transparent;padding-left: 5.4pt;width: 216.1pt;padding-right: 5.4pt;padding-top: 0cm;border: black 1pt solid\" width=\"288\" valign=\"top\">\n<p class=\"MsoNormal\" style=\"line-height: normal;margin: 0cm 0cm 0pt\"><span style=\"font-family: Calibri;font-size: small\">\u00a0<a href=\"http:\/\/blog.espol.edu.ec\/misionnerd\/files\/2010\/10\/2512050293_0a248f0f83.jpg\"><img loading=\"lazy\" decoding=\"async\" class=\"aligncenter size-medium wp-image-228\" title=\"2512050293_0a248f0f83\" src=\"http:\/\/blog.espol.edu.ec\/misionnerd\/files\/2010\/10\/2512050293_0a248f0f83-300x166.jpg\" alt=\"\" width=\"309\" height=\"185\" \/><\/a><\/span><\/p>\n<\/td>\n<td style=\"border-bottom: black 1pt solid;border-left: #f0f0f0;padding-bottom: 0cm;background-color: transparent;padding-left: 5.4pt;width: 216.1pt;padding-right: 5.4pt;border-top: black 1pt solid;border-right: black 1pt solid;padding-top: 0cm\" width=\"288\" valign=\"top\">\n<h3 class=\"MsoNormal\" style=\"line-height: 115%;margin: 0cm 0cm 0pt\"><span>El verbo fornicar proviene de Roma Antigua, <span>\u00a0<\/span>porque el lugar favorito para este pasatiempo eran fornices, las grandes arcadas que estaban edificadas en todas partes.<\/span><\/h3>\n<h3 class=\"MsoNormal\" style=\"line-height: 115%;margin: 0cm 0cm 0pt\"><span>\u00a0<\/span><\/h3>\n<h3 class=\"MsoNormal\" style=\"line-height: normal;margin: 0cm 0cm 0pt\"><span style=\"font-family: Calibri;font-size: small\">\u00a0<\/span><\/h3>\n<\/td>\n<\/tr>\n<\/tbody>\n<\/table>\n<table border=\"1\" cellspacing=\"0\" cellpadding=\"0\">\n<tbody>\n<tr>\n<td width=\"288\" valign=\"top\">\u00a0<a href=\"http:\/\/blog.espol.edu.ec\/misionnerd\/files\/2010\/10\/mesalina.jpg\"><img loading=\"lazy\" decoding=\"async\" class=\"aligncenter size-medium wp-image-233\" title=\"mesalina\" src=\"http:\/\/blog.espol.edu.ec\/misionnerd\/files\/2010\/10\/mesalina-211x300.jpg\" alt=\"\" width=\"238\" height=\"364\" \/><\/a><\/td>\n<td width=\"288\" valign=\"top\">\n<h3>La prostituci\u00f3n era considerada como un bien social, por esto hab\u00eda batallones de representantes de esta profesi\u00f3n que estaban divididas en diversas categor\u00edas.<\/h3>\n<h3>Las divisiones parec\u00edan a las del ej\u00e9rcito, donde por ejemplo si los combatientes montan a caballo esto se llama caballer\u00eda. En Roma la denominaci\u00f3n \u00a0depend\u00eda del lugar, las que montaban en el circo o en la calle se llamaban ambulatarae (seguramente por el trabajo ambulatorio), las que montaban en los bosques se denominaban lupae, las que se situaban en los cementerios eran bustuariae, etc. (este \u00faltimo lugar parece un poco extra\u00f1o para el oficio, pero tal vez los parientes de los difuntos necesitaban un r\u00e1pido consuelo).<\/h3>\n<h3>\u00a0<\/h3>\n<\/td>\n<\/tr>\n<\/tbody>\n<\/table>\n<table border=\"1\" cellspacing=\"0\" cellpadding=\"0\">\n<tbody>\n<tr>\n<td width=\"288\" valign=\"top\">\u00a0<img loading=\"lazy\" decoding=\"async\" class=\"aligncenter size-medium wp-image-238\" title=\"coins-5[2]\" src=\"http:\/\/blog.espol.edu.ec\/misionnerd\/files\/2010\/10\/coins-52-300x157.jpg\" alt=\"\" width=\"295\" height=\"175\" \/><\/td>\n<td width=\"288\" valign=\"top\">\n<h3>Con estas monedas se pagaban los servicios en los burdeles. Como podemos ver, los romanos eran muy organizados, ya que en cada moneda estaba estampado el tipo determinado de servicio que uno solicitaba, para que no haya confusi\u00f3n.<\/h3>\n<h3>\u00a0<\/h3>\n<p>\u00a0<\/td>\n<\/tr>\n<\/tbody>\n<\/table>\n<table border=\"1\" cellspacing=\"0\" cellpadding=\"0\">\n<tbody>\n<tr>\n<td width=\"234\" valign=\"top\">\u00a0<a href=\"http:\/\/blog.espol.edu.ec\/misionnerd\/files\/2010\/10\/pantera.jpg\"><img loading=\"lazy\" decoding=\"async\" class=\"aligncenter size-medium wp-image-243\" title=\"pantera\" src=\"http:\/\/blog.espol.edu.ec\/misionnerd\/files\/2010\/10\/pantera-300x199.jpg\" alt=\"\" width=\"300\" height=\"199\" srcset=\"https:\/\/blog.espol.edu.ec\/misionnerd\/files\/2010\/10\/pantera-300x199.jpg 300w, https:\/\/blog.espol.edu.ec\/misionnerd\/files\/2010\/10\/pantera.jpg 407w\" sizes=\"auto, (max-width: 300px) 100vw, 300px\" \/><\/a><\/td>\n<td width=\"342\" valign=\"top\">\n<h3>Parece que en esta \u00e9poca no hab\u00eda mucho tab\u00fa, as\u00ed que un d\u00eda el emperador C\u00f3modo, borracho\u00a0 como de costumbre, quiso copular con una pantera alunada. Parece que alguien le dijo que no sea animal, por lo que el alternativo emperador al final dej\u00f3 a la pobre pantera en paz.<\/h3>\n<h3>\u00a0<\/h3>\n<p><span style=\"text-decoration: underline\">\u00a0<\/span><\/td>\n<\/tr>\n<\/tbody>\n<\/table>\n<table border=\"1\" cellspacing=\"0\" cellpadding=\"0\">\n<tbody>\n<tr>\n<td width=\"234\" valign=\"top\">\u00a0<a href=\"http:\/\/blog.espol.edu.ec\/misionnerd\/files\/2010\/10\/20080510082432Pene_con_alas2.jpg\"><img loading=\"lazy\" decoding=\"async\" class=\"aligncenter size-medium wp-image-251\" title=\"20080510082432!Pene_con_alas\" src=\"http:\/\/blog.espol.edu.ec\/misionnerd\/files\/2010\/10\/20080510082432Pene_con_alas2-300x220.jpg\" alt=\"\" width=\"345\" height=\"261\" \/><\/a><\/td>\n<td width=\"342\" valign=\"top\">\n<h3>La semi\u00f3tica de los romanos fue muy espec\u00edfica. Por ejemplo, esta alegre paloma fue el s\u00edmbolo oficial de la ciudad de Pompeya.<\/h3>\n<h3>\u00a0<\/h3>\n<\/td>\n<\/tr>\n<\/tbody>\n<\/table>\n<table border=\"1\" cellspacing=\"0\" cellpadding=\"0\">\n<tbody>\n<tr>\n<td width=\"234\" valign=\"top\">\u00a0<a href=\"http:\/\/blog.espol.edu.ec\/misionnerd\/files\/2010\/10\/imagesCAMN0T03.jpg\"><img loading=\"lazy\" decoding=\"async\" class=\"aligncenter size-full wp-image-258\" title=\"imagesCAMN0T03\" src=\"http:\/\/blog.espol.edu.ec\/misionnerd\/files\/2010\/10\/imagesCAMN0T03.jpg\" alt=\"\" width=\"259\" height=\"194\" \/><\/a><\/td>\n<td width=\"342\" valign=\"top\">\n<h3>La menta era considerada como un gran afrodisiaco. En tiempo de guerra se prohibi\u00f3 su cultivo y las infusiones de esta planta, para no debilitar a los soldados. (Nosotros la tragamos todos los d\u00edas con chicle y no nos pasa nada, ser\u00e1 que la transg\u00e9nica no funciona).<\/h3>\n<h3>\u00a0<\/h3>\n<p>\u00a0<\/td>\n<\/tr>\n<\/tbody>\n<\/table>\n<table border=\"1\" cellspacing=\"0\" cellpadding=\"0\">\n<tbody>\n<tr>\n<td width=\"234\" valign=\"top\">\u00a0<a href=\"http:\/\/blog.espol.edu.ec\/misionnerd\/files\/2010\/10\/anticonceptivos-intestinos.jpg\"><img loading=\"lazy\" decoding=\"async\" class=\"aligncenter size-full wp-image-262\" title=\"anticonceptivos-intestinos\" src=\"http:\/\/blog.espol.edu.ec\/misionnerd\/files\/2010\/10\/anticonceptivos-intestinos.jpg\" alt=\"\" width=\"216\" height=\"205\" \/><\/a><\/td>\n<td width=\"342\" valign=\"top\">\n<h3>Los romanos emplearon los primeros preservativos hechos de las vejigas de animales (aunque este artefacto parece lija de madera, de todos modos debi\u00f3 ser m\u00e1s agradable que los anticonceptivos egipcios fabricados a base de excrementos de cocodrilo).<\/h3>\n<h3>\u00a0<\/h3>\n<p>\u00a0<\/td>\n<\/tr>\n<\/tbody>\n<\/table>\n","protected":false},"excerpt":{"rendered":"<p>\u00a0 En general, los romanos eran muy desinhibidos en su vida privada y ten\u00edan la mentalidad un tanto\u00a0 distinta de la nuestra. \u00a0 \u00a0 \u00a0 El verbo fornicar proviene de Roma Antigua, \u00a0porque el lugar favorito para este pasatiempo eran fornices, las grandes arcadas que estaban edificadas en todas partes. \u00a0 \u00a0 \u00a0 La prostituci\u00f3n [&hellip;]<\/p>\n","protected":false},"author":5156,"featured_media":0,"parent":0,"menu_order":0,"comment_status":"open","ping_status":"open","template":"","meta":{"footnotes":""},"class_list":["post-224","page","type-page","status-publish","hentry"],"_links":{"self":[{"href":"https:\/\/blog.espol.edu.ec\/misionnerd\/wp-json\/wp\/v2\/pages\/224","targetHints":{"allow":["GET"]}}],"collection":[{"href":"https:\/\/blog.espol.edu.ec\/misionnerd\/wp-json\/wp\/v2\/pages"}],"about":[{"href":"https:\/\/blog.espol.edu.ec\/misionnerd\/wp-json\/wp\/v2\/types\/page"}],"author":[{"embeddable":true,"href":"https:\/\/blog.espol.edu.ec\/misionnerd\/wp-json\/wp\/v2\/users\/5156"}],"replies":[{"embeddable":true,"href":"https:\/\/blog.espol.edu.ec\/misionnerd\/wp-json\/wp\/v2\/comments?post=224"}],"version-history":[{"count":34,"href":"https:\/\/blog.espol.edu.ec\/misionnerd\/wp-json\/wp\/v2\/pages\/224\/revisions"}],"predecessor-version":[{"id":268,"href":"https:\/\/blog.espol.edu.ec\/misionnerd\/wp-json\/wp\/v2\/pages\/224\/revisions\/268"}],"wp:attachment":[{"href":"https:\/\/blog.espol.edu.ec\/misionnerd\/wp-json\/wp\/v2\/media?parent=224"}],"curies":[{"name":"wp","href":"https:\/\/api.w.org\/{rel}","templated":true}]}}