{"id":272,"date":"2010-10-30T21:36:14","date_gmt":"2010-10-30T21:36:14","guid":{"rendered":"http:\/\/blog.espol.edu.ec\/misionnerd\/?page_id=272"},"modified":"2010-10-30T21:36:14","modified_gmt":"2010-10-30T21:36:14","slug":"cocina-y-hogar","status":"publish","type":"page","link":"https:\/\/blog.espol.edu.ec\/misionnerd\/cocina-y-hogar\/","title":{"rendered":"COCINA Y HOGAR"},"content":{"rendered":"<h3>Todos conocemos las delicias de la cocina italiana, pero ahora veamos la originalidad de los\u00a0 romanos en el campo culinario.<\/h3>\n<p><a href=\"http:\/\/blog.espol.edu.ec\/misionnerd\/files\/2010\/10\/jureles_a_lo_garum.jpg\"><img loading=\"lazy\" decoding=\"async\" class=\"aligncenter size-medium wp-image-273\" title=\"jureles_a_lo_garum\" src=\"http:\/\/blog.espol.edu.ec\/misionnerd\/files\/2010\/10\/jureles_a_lo_garum-295x300.jpg\" alt=\"\" width=\"295\" height=\"300\" srcset=\"https:\/\/blog.espol.edu.ec\/misionnerd\/files\/2010\/10\/jureles_a_lo_garum-295x300.jpg 295w, https:\/\/blog.espol.edu.ec\/misionnerd\/files\/2010\/10\/jureles_a_lo_garum.jpg 394w\" sizes=\"auto, (max-width: 295px) 100vw, 295px\" \/><\/a><\/p>\n<h3>La salsa m\u00e1s famosa y cotizada era el garum, se a\u00f1ad\u00eda a cualquier plato e incluso al vino.<\/h3>\n<h3>Se elaboraba con v\u00edsceras de pescado, que se pon\u00edan en maceraci\u00f3n con salmuera y se dejaban al sol por un par de meses (\u00a1mamma mia, que fragancia debi\u00f3 tener garum! Menos mal que no lo sirven en Pizza Hut)<\/h3>\n<p>_________________________________________________________________________________________________________________<\/p>\n<p><a href=\"http:\/\/blog.espol.edu.ec\/misionnerd\/files\/2010\/10\/tarantula.jpg\"><img loading=\"lazy\" decoding=\"async\" class=\"aligncenter size-medium wp-image-275\" title=\"tarantula\" src=\"http:\/\/blog.espol.edu.ec\/misionnerd\/files\/2010\/10\/tarantula-300x225.jpg\" alt=\"\" width=\"300\" height=\"225\" srcset=\"https:\/\/blog.espol.edu.ec\/misionnerd\/files\/2010\/10\/tarantula-300x225.jpg 300w, https:\/\/blog.espol.edu.ec\/misionnerd\/files\/2010\/10\/tarantula.jpg 380w\" sizes=\"auto, (max-width: 300px) 100vw, 300px\" \/><\/a><\/p>\n<h3>En Roma hab\u00eda una gran cantidad de platos ex\u00f3ticos o raros, como sesos de alondra con miel, lenguas de flamenco o ruise\u00f1or, cresta de aves o pezones de cerda.<\/h3>\n<p>_________________________________________________________________________________________________________________<\/p>\n<p><a href=\"http:\/\/blog.espol.edu.ec\/misionnerd\/files\/2010\/10\/hamburguesa_med.png\"> <img loading=\"lazy\" decoding=\"async\" class=\"aligncenter size-medium wp-image-278\" title=\"hamburguesa_med\" src=\"http:\/\/blog.espol.edu.ec\/misionnerd\/files\/2010\/10\/hamburguesa_med-300x237.png\" alt=\"\" width=\"300\" height=\"237\" srcset=\"https:\/\/blog.espol.edu.ec\/misionnerd\/files\/2010\/10\/hamburguesa_med-300x237.png 300w, https:\/\/blog.espol.edu.ec\/misionnerd\/files\/2010\/10\/hamburguesa_med.png 320w\" sizes=\"auto, (max-width: 300px) 100vw, 300px\" \/><\/a><\/p>\n<h3>Marcus Gavius Apicius, patricio y gastr\u00f3nomo romano que vivi\u00f3 durante el reinado del emperador Tiberio, escribi\u00f3 un notable libro que se titula De re coquinaria, es decir, \"Asuntos de la cocina\", en el cual nos deja la receta de la primera hamburguesa de la historia llamada isicia omentata:<\/h3>\n<h3>\"Mezcle la carne picada con el pan\u00a0 mojado en vino. Mezcle las especias (piment\u00f3n, pi mienta verde y garum) con el preparado. (\u00a1Y dale con el garum!)<\/h3>\n<h3>Forme \u00a0isicias e introd\u00fazcales algunos pi\u00f1ones y granos de pimienta. \u00a0Coc\u00ednelas en la plancha.<\/h3>\n<h3>(Y dec\u00edan\u00a0 que la hamburguesa fue el invento de los pr\u00e1cticos alemanes de la ciudad de Hamburgo, popularizada despu\u00e9s por los yankies.)<\/h3>\n<h3>__________________________________________________________________________________<\/h3>\n<p style=\"text-align: center\"><a href=\"http:\/\/blog.espol.edu.ec\/misionnerd\/files\/2010\/10\/470CityCouncilVomitorium.jpg\"><img loading=\"lazy\" decoding=\"async\" class=\"aligncenter size-medium wp-image-281\" title=\"470CityCouncilVomitorium\" src=\"http:\/\/blog.espol.edu.ec\/misionnerd\/files\/2010\/10\/470CityCouncilVomitorium-203x300.jpg\" alt=\"\" width=\"203\" height=\"300\" srcset=\"https:\/\/blog.espol.edu.ec\/misionnerd\/files\/2010\/10\/470CityCouncilVomitorium-203x300.jpg 203w, https:\/\/blog.espol.edu.ec\/misionnerd\/files\/2010\/10\/470CityCouncilVomitorium.jpg 470w\" sizes=\"auto, (max-width: 203px) 100vw, 203px\" \/><\/a><\/p>\n<h3>Los banquetes en Roma eran muy, pero muy abundantes y casi ninguna panza podr\u00eda aguantar tanta comida. Para solucionar el problema fueron construidos los Vomitorium, unos lugares donde los romanos vomitaban la comida ayud\u00e1ndose con una pluma de pavo real o avestruz para poder seguir comiendo.<\/h3>\n<h3>As\u00ed que la bulimia no es un mal moderno, sino la herencia romana.<\/h3>\n","protected":false},"excerpt":{"rendered":"<p>Todos conocemos las delicias de la cocina italiana, pero ahora veamos la originalidad de los\u00a0 romanos en el campo culinario. La salsa m\u00e1s famosa y cotizada era el garum, se a\u00f1ad\u00eda a cualquier plato e incluso al vino. Se elaboraba con v\u00edsceras de pescado, que se pon\u00edan en maceraci\u00f3n con salmuera y se dejaban al [&hellip;]<\/p>\n","protected":false},"author":5156,"featured_media":0,"parent":0,"menu_order":0,"comment_status":"open","ping_status":"open","template":"","meta":{"footnotes":""},"class_list":["post-272","page","type-page","status-publish","hentry"],"_links":{"self":[{"href":"https:\/\/blog.espol.edu.ec\/misionnerd\/wp-json\/wp\/v2\/pages\/272","targetHints":{"allow":["GET"]}}],"collection":[{"href":"https:\/\/blog.espol.edu.ec\/misionnerd\/wp-json\/wp\/v2\/pages"}],"about":[{"href":"https:\/\/blog.espol.edu.ec\/misionnerd\/wp-json\/wp\/v2\/types\/page"}],"author":[{"embeddable":true,"href":"https:\/\/blog.espol.edu.ec\/misionnerd\/wp-json\/wp\/v2\/users\/5156"}],"replies":[{"embeddable":true,"href":"https:\/\/blog.espol.edu.ec\/misionnerd\/wp-json\/wp\/v2\/comments?post=272"}],"version-history":[{"count":9,"href":"https:\/\/blog.espol.edu.ec\/misionnerd\/wp-json\/wp\/v2\/pages\/272\/revisions"}],"predecessor-version":[{"id":285,"href":"https:\/\/blog.espol.edu.ec\/misionnerd\/wp-json\/wp\/v2\/pages\/272\/revisions\/285"}],"wp:attachment":[{"href":"https:\/\/blog.espol.edu.ec\/misionnerd\/wp-json\/wp\/v2\/media?parent=272"}],"curies":[{"name":"wp","href":"https:\/\/api.w.org\/{rel}","templated":true}]}}