{"id":745,"date":"2012-01-10T00:48:54","date_gmt":"2012-01-10T00:48:54","guid":{"rendered":"http:\/\/blog.espol.edu.ec\/misionnerd\/?page_id=745"},"modified":"2012-01-10T01:00:16","modified_gmt":"2012-01-10T01:00:16","slug":"arte-erotico","status":"publish","type":"page","link":"https:\/\/blog.espol.edu.ec\/misionnerd\/arte-erotico\/","title":{"rendered":"ARTE EROTICO"},"content":{"rendered":"<p><a href=\"http:\/\/blog.espol.edu.ec\/misionnerd\/files\/2012\/01\/1.jpg\"><img loading=\"lazy\" decoding=\"async\" class=\"aligncenter size-medium wp-image-746\" src=\"http:\/\/blog.espol.edu.ec\/misionnerd\/files\/2012\/01\/1-300x247.jpg\" alt=\"\" width=\"226\" height=\"171\" \/><\/a><\/p>\n<h3>El arte er\u00f3tico existi\u00f3 desde los albores de la humanidad, apenas los cavern\u00edcolas aprendieron a tallar piedras aparecieron las primeras esculturas de mujeres desnudas:<\/h3>\n<p><a href=\"http:\/\/blog.espol.edu.ec\/misionnerd\/files\/2012\/01\/21.jpg\"><img loading=\"lazy\" decoding=\"async\" class=\"aligncenter size-medium wp-image-748\" src=\"http:\/\/blog.espol.edu.ec\/misionnerd\/files\/2012\/01\/21-272x300.jpg\" alt=\"\" width=\"167\" height=\"199\" \/><\/a><\/p>\n<h3>Lo que ven aqu\u00ed, es la escultura mas antigua del mundo que data de hace 35 000 a\u00f1os y representa\u00a0 una mujer prehist\u00f3rica muy sexy, con los senos talla 5D absolutamente naturales.<\/h3>\n<p>____________________________________________________________________________________________<\/p>\n<h3>En el Antiguo Egipto los artistas comenzaron a registrar las pasiones homosexuales<\/h3>\n<p><a href=\"http:\/\/blog.espol.edu.ec\/misionnerd\/files\/2012\/01\/3.jpg\"><img loading=\"lazy\" decoding=\"async\" class=\"aligncenter size-medium wp-image-749\" src=\"http:\/\/blog.espol.edu.ec\/misionnerd\/files\/2012\/01\/3-300x222.jpg\" alt=\"\" width=\"172\" height=\"169\" \/><\/a><\/p>\n<h3>y tambi\u00e9n ilustrar los manuales del sexo desenfrenado que har\u00edan palidecer al autor del Kamasutra:<\/h3>\n<p><a href=\"http:\/\/blog.espol.edu.ec\/misionnerd\/files\/2012\/01\/4.jpg\"><img loading=\"lazy\" decoding=\"async\" class=\"aligncenter size-medium wp-image-752\" src=\"http:\/\/blog.espol.edu.ec\/misionnerd\/files\/2012\/01\/4-300x164.jpg\" alt=\"\" width=\"300\" height=\"164\" srcset=\"https:\/\/blog.espol.edu.ec\/misionnerd\/files\/2012\/01\/4-300x164.jpg 300w, https:\/\/blog.espol.edu.ec\/misionnerd\/files\/2012\/01\/4.jpg 448w\" sizes=\"auto, (max-width: 300px) 100vw, 300px\" \/><\/a><\/p>\n<p>____________________________________________________________________________________<\/p>\n<h3>Los antiguos griegos eran aun m\u00e1s liberales, los artes del amor no ten\u00edan l\u00edmites para ellos.\u00a0 Se ve que amaban mucho a los ni\u00f1os<\/h3>\n<p><a href=\"http:\/\/blog.espol.edu.ec\/misionnerd\/files\/2012\/01\/5.jpg\"><img loading=\"lazy\" decoding=\"async\" class=\"aligncenter size-medium wp-image-753\" src=\"http:\/\/blog.espol.edu.ec\/misionnerd\/files\/2012\/01\/5-224x300.jpg\" alt=\"\" width=\"183\" height=\"230\" \/><\/a><\/p>\n<h3>\u00a0\u2026y a los animales<\/h3>\n<p><a href=\"http:\/\/blog.espol.edu.ec\/misionnerd\/files\/2012\/01\/6.jpg\"><img loading=\"lazy\" decoding=\"async\" class=\"aligncenter size-medium wp-image-754\" src=\"http:\/\/blog.espol.edu.ec\/misionnerd\/files\/2012\/01\/6-245x300.jpg\" alt=\"\" width=\"185\" height=\"205\" \/><\/a><\/p>\n<p>_______________________________________________________________________________________<\/p>\n<h3>Ni hablar de los romanos que \u00a0ten\u00edan las camas de piedra desgastadas por el continuo uso, y las pinturas er\u00f3ticas que cubr\u00edan las paredes como papel tapiz\u00a0 (reproduzco aqu\u00ed una de las m\u00e1s p\u00fadicas)<\/h3>\n<p><a href=\"http:\/\/blog.espol.edu.ec\/misionnerd\/files\/2012\/01\/8.jpg\"><img loading=\"lazy\" decoding=\"async\" class=\"alignleft size-medium wp-image-757\" src=\"http:\/\/blog.espol.edu.ec\/misionnerd\/files\/2012\/01\/8-278x300.jpg\" alt=\"\" width=\"173\" height=\"170\" \/><\/a>\u00a0\u00a0\u00a0 <img loading=\"lazy\" decoding=\"async\" class=\"alignright size-medium wp-image-758\" src=\"http:\/\/blog.espol.edu.ec\/misionnerd\/files\/2012\/01\/8-1-262x300.jpg\" alt=\"\" width=\"174\" height=\"189\" \/><\/p>\n<p>&nbsp;<\/p>\n<p>&nbsp;<\/p>\n<h3>Y hasta ten\u00edan unas curiosas se\u00f1ales de transito que marcaban camino a las casas de citas:<\/h3>\n<p><a href=\"http:\/\/blog.espol.edu.ec\/misionnerd\/files\/2012\/01\/9.jpg\"><img loading=\"lazy\" decoding=\"async\" class=\"aligncenter size-medium wp-image-769\" src=\"http:\/\/blog.espol.edu.ec\/misionnerd\/files\/2012\/01\/9-300x262.jpg\" alt=\"\" width=\"191\" height=\"182\" \/><\/a><\/p>\n<p>_________________________________________________________________________________________<\/p>\n<h3>La dur\u00edsima Edad Media intento poner fin a este desenfreno carnal imponiendo el moralismo, pero el ser humano \u00a0igual se sal\u00eda con la suya. Hasta ahora los arque\u00f3logos no pueden dar cr\u00e9dito a sus ojos viendo las esculturas de los templos del periodo rom\u00e1nico, que representan unas actitudes poco recatadas:<\/h3>\n<p><a href=\"http:\/\/blog.espol.edu.ec\/misionnerd\/files\/2012\/01\/10.jpg\"><img loading=\"lazy\" decoding=\"async\" class=\"alignleft size-medium wp-image-772\" src=\"http:\/\/blog.espol.edu.ec\/misionnerd\/files\/2012\/01\/10-300x186.jpg\" alt=\"\" width=\"240\" height=\"131\" \/><\/a>\u00a0\u00a0 <a href=\"http:\/\/blog.espol.edu.ec\/misionnerd\/files\/2012\/01\/10-1.jpg\"><img loading=\"lazy\" decoding=\"async\" class=\"alignright size-medium wp-image-773\" src=\"http:\/\/blog.espol.edu.ec\/misionnerd\/files\/2012\/01\/10-1-231x300.jpg\" alt=\"\" width=\"139\" height=\"160\" \/><\/a><\/p>\n<p>&nbsp;<\/p>\n<p>&nbsp;<\/p>\n<p>\u00a0<a href=\"http:\/\/blog.espol.edu.ec\/misionnerd\/files\/2012\/01\/111.jpg\"><img loading=\"lazy\" decoding=\"async\" class=\"aligncenter size-medium wp-image-775\" src=\"http:\/\/blog.espol.edu.ec\/misionnerd\/files\/2012\/01\/111-300x130.jpg\" alt=\"\" width=\"316\" height=\"146\" \/><\/a><\/p>\n<p>____________________________________________________________________________________________<\/p>\n<h3>La \u00e9poca moderna permite mucha libertad para expresarse. Hasta en los pa\u00edses tan recatados como Corea donde las mujeres se ba\u00f1an en blue jean, la poblaci\u00f3n cansada de llorar la muerte\u00a0 de Kim Ir Chen acude al museo del arte er\u00f3tico:<\/h3>\n<p><a href=\"http:\/\/blog.espol.edu.ec\/misionnerd\/files\/2012\/01\/12.jpg\"><img loading=\"lazy\" decoding=\"async\" class=\"aligncenter size-medium wp-image-778\" src=\"http:\/\/blog.espol.edu.ec\/misionnerd\/files\/2012\/01\/12-300x171.jpg\" alt=\"\" width=\"300\" height=\"171\" srcset=\"https:\/\/blog.espol.edu.ec\/misionnerd\/files\/2012\/01\/12-300x171.jpg 300w, https:\/\/blog.espol.edu.ec\/misionnerd\/files\/2012\/01\/12.jpg 448w\" sizes=\"auto, (max-width: 300px) 100vw, 300px\" \/><\/a><\/p>\n<h3>\u00a0<a href=\"http:\/\/blog.espol.edu.ec\/misionnerd\/files\/2012\/01\/13.jpg\"><img loading=\"lazy\" decoding=\"async\" class=\"aligncenter size-medium wp-image-779\" src=\"http:\/\/blog.espol.edu.ec\/misionnerd\/files\/2012\/01\/13-300x168.jpg\" alt=\"\" width=\"274\" height=\"141\" \/><\/a><\/h3>\n<h3><strong>\u00a0\u00a0\u00a0\u00a0\u00a0\u00a0\u00a0\u00a0\u00a0\u00a0<span style=\"color: #ff6600\">MEMORIAS FALICAS<\/span><\/strong><\/h3>\n<h3><strong>\u00a0<\/strong>Falos siempre ocupo un lugar especial en las culturas de distintos pueblos y fue homenajeado \u00a0de distintas formas y maneras.<\/h3>\n<h3>Siempre originales, los egipcios dejaron para la posteridad unas estatuillas representando una especie de siameses de tama\u00f1o descomunal:<\/h3>\n<p><a href=\"http:\/\/blog.espol.edu.ec\/misionnerd\/files\/2012\/01\/141.jpg\"><img loading=\"lazy\" decoding=\"async\" class=\"aligncenter size-medium wp-image-781\" src=\"http:\/\/blog.espol.edu.ec\/misionnerd\/files\/2012\/01\/141-208x300.jpg\" alt=\"\" width=\"150\" height=\"171\" \/><\/a><\/p>\n<h3>Otros pueblos antiguos ten\u00edan unos curiosos talismanes cuyo prop\u00f3sito solo se puede suponer:<\/h3>\n<p><a href=\"http:\/\/blog.espol.edu.ec\/misionnerd\/files\/2012\/01\/15.jpg\"><img loading=\"lazy\" decoding=\"async\" class=\"aligncenter size-medium wp-image-785\" src=\"http:\/\/blog.espol.edu.ec\/misionnerd\/files\/2012\/01\/15-225x300.jpg\" alt=\"\" width=\"137\" height=\"150\" \/><\/a><\/p>\n<h3>En la \u00e9poca barroca, como se puede ver en este grabado, exist\u00edan algunas tiendas especializadas en este tipo de mercanc\u00eda.<\/h3>\n<p><a href=\"http:\/\/blog.espol.edu.ec\/misionnerd\/files\/2012\/01\/161.jpg\"><img loading=\"lazy\" decoding=\"async\" class=\"aligncenter size-full wp-image-789\" src=\"http:\/\/blog.espol.edu.ec\/misionnerd\/files\/2012\/01\/161.jpg\" alt=\"\" width=\"200\" height=\"177\" \/><\/a><\/p>\n<h3>\u00a0Actualmente, ya no hay tanto respeto por el divino falo. F\u00edjense en la manija de la puerta del ba\u00f1o p\u00fablico o en ese lavamanos muy pop.<\/h3>\n<h3><a href=\"http:\/\/blog.espol.edu.ec\/misionnerd\/files\/2012\/01\/171.jpg\"><img loading=\"lazy\" decoding=\"async\" class=\"aligncenter size-medium wp-image-798\" src=\"http:\/\/blog.espol.edu.ec\/misionnerd\/files\/2012\/01\/171-228x300.jpg\" alt=\"\" width=\"140\" height=\"168\" \/><\/a><\/h3>\n<p><a href=\"http:\/\/blog.espol.edu.ec\/misionnerd\/files\/2012\/01\/183.jpg\"><img loading=\"lazy\" decoding=\"async\" class=\"aligncenter size-medium wp-image-800\" src=\"http:\/\/blog.espol.edu.ec\/misionnerd\/files\/2012\/01\/183-262x300.jpg\" alt=\"\" width=\"165\" height=\"156\" \/><\/a><\/p>\n<h3>Sin embargo, los vanguardistas rusos le rindieron un gran homenaje, al pintar un enorme falos de 65 metros sobre un puente levadizo en Sankt Petersburgo. Cuando el puente se levant\u00f3 , el gran s\u00edmbolo qued\u00f3 \u00a0erguido frente a las ventanas de la sede de la KGB alegrando mucho la vista.<span style=\"color: #ff9900\"><strong><img loading=\"lazy\" decoding=\"async\" class=\"aligncenter size-medium wp-image-795\" src=\"http:\/\/blog.espol.edu.ec\/misionnerd\/files\/2012\/01\/20-300x199.jpg\" alt=\"\" width=\"305\" height=\"217\" \/><\/strong><\/span><\/h3>\n<h3><span style=\"color: #ff6600\"><strong>REFINAMIENTOS<\/strong><\/span><\/h3>\n<h3>Existen tantos refinamientos er\u00f3ticos que seria imposible enumerarlos, por eso veamos uno de los m\u00e1s sutiles:<\/h3>\n<p><a href=\"http:\/\/blog.espol.edu.ec\/misionnerd\/files\/2012\/01\/19.jpg\"><img loading=\"lazy\" decoding=\"async\" class=\"aligncenter size-medium wp-image-803\" src=\"http:\/\/blog.espol.edu.ec\/misionnerd\/files\/2012\/01\/19-246x300.jpg\" alt=\"\" width=\"165\" height=\"191\" \/><\/a><\/p>\n<h3>\u00a0Shibari, o la t\u00e9cnica del amarrar a su compa\u00f1ero \u00a0de modo est\u00e9tico y er\u00f3tico\u00a0 (parece que el famoso cineasta Pedro Almodovar se inspir\u00f3 en esta idea para crear su sonada pelicula !Atame!) Dicen que los maestros de este arte gastan toneladas de tiempo y kil\u00f3metros de cuerda para lograr algo excitante, pero a veces desgastan antes la paciencia de su objeto. Si el objeto resiste, debe salir algo as\u00ed:<\/h3>\n<p><a href=\"http:\/\/blog.espol.edu.ec\/misionnerd\/files\/2012\/01\/211.jpg\"><img loading=\"lazy\" decoding=\"async\" class=\"aligncenter size-medium wp-image-804\" src=\"http:\/\/blog.espol.edu.ec\/misionnerd\/files\/2012\/01\/211-300x188.jpg\" alt=\"\" width=\"204\" height=\"120\" \/><\/a><\/p>\n<h3>Para los deseosos de practicar este refinado arte, se\u00a0 recomienda \u00a0comenzar con algo\u00a0 m\u00e1s sencillo, antes de pasar al cuerpo humano. Aqu\u00ed \u00a0est\u00e1n algunas t\u00e9cnicas de shibari para novatos:<\/h3>\n<p><a href=\"http:\/\/blog.espol.edu.ec\/misionnerd\/files\/2012\/01\/231.jpg\"><img loading=\"lazy\" decoding=\"async\" class=\"aligncenter size-medium wp-image-809\" src=\"http:\/\/blog.espol.edu.ec\/misionnerd\/files\/2012\/01\/231-300x260.jpg\" alt=\"\" width=\"203\" height=\"190\" \/><\/a><a href=\"http:\/\/blog.espol.edu.ec\/misionnerd\/files\/2012\/01\/22.jpg\"><img loading=\"lazy\" decoding=\"async\" class=\"aligncenter size-medium wp-image-807\" src=\"http:\/\/blog.espol.edu.ec\/misionnerd\/files\/2012\/01\/22-300x247.jpg\" alt=\"\" width=\"201\" height=\"176\" \/><\/a><\/p>\n<h3>\u00a0\u00a1Mucha suerte!<\/h3>\n","protected":false},"excerpt":{"rendered":"<p>El arte er\u00f3tico existi\u00f3 desde los albores de la humanidad, apenas los cavern\u00edcolas aprendieron a tallar piedras aparecieron las primeras esculturas de mujeres desnudas: Lo que ven aqu\u00ed, es la escultura mas antigua del mundo que data de hace 35 000 a\u00f1os y representa\u00a0 una mujer prehist\u00f3rica muy sexy, con los senos talla 5D absolutamente [&hellip;]<\/p>\n","protected":false},"author":5156,"featured_media":0,"parent":0,"menu_order":0,"comment_status":"open","ping_status":"open","template":"","meta":{"footnotes":""},"class_list":["post-745","page","type-page","status-publish","hentry"],"_links":{"self":[{"href":"https:\/\/blog.espol.edu.ec\/misionnerd\/wp-json\/wp\/v2\/pages\/745","targetHints":{"allow":["GET"]}}],"collection":[{"href":"https:\/\/blog.espol.edu.ec\/misionnerd\/wp-json\/wp\/v2\/pages"}],"about":[{"href":"https:\/\/blog.espol.edu.ec\/misionnerd\/wp-json\/wp\/v2\/types\/page"}],"author":[{"embeddable":true,"href":"https:\/\/blog.espol.edu.ec\/misionnerd\/wp-json\/wp\/v2\/users\/5156"}],"replies":[{"embeddable":true,"href":"https:\/\/blog.espol.edu.ec\/misionnerd\/wp-json\/wp\/v2\/comments?post=745"}],"version-history":[{"count":40,"href":"https:\/\/blog.espol.edu.ec\/misionnerd\/wp-json\/wp\/v2\/pages\/745\/revisions"}],"predecessor-version":[{"id":817,"href":"https:\/\/blog.espol.edu.ec\/misionnerd\/wp-json\/wp\/v2\/pages\/745\/revisions\/817"}],"wp:attachment":[{"href":"https:\/\/blog.espol.edu.ec\/misionnerd\/wp-json\/wp\/v2\/media?parent=745"}],"curies":[{"name":"wp","href":"https:\/\/api.w.org\/{rel}","templated":true}]}}