{"id":143,"date":"2016-06-01T17:00:59","date_gmt":"2016-06-01T17:00:59","guid":{"rendered":"http:\/\/blog.espol.edu.ec\/mistboni\/?page_id=143"},"modified":"2016-06-01T17:00:59","modified_gmt":"2016-06-01T17:00:59","slug":"obras-de-jojo-moyes","status":"publish","type":"page","link":"https:\/\/blog.espol.edu.ec\/mistboni\/obras-de-jojo-moyes\/","title":{"rendered":"Obras de Jojo Moyes"},"content":{"rendered":"<p><b><img loading=\"lazy\" decoding=\"async\" class=\"alignleft\" src=\"http:\/\/www.slate.com\/content\/dam\/slate\/articles\/arts\/books\/2015\/10\/151007_BOOKS_Jojo-Moyes-Portrait.jpg.CROP.promo-xlarge2.jpg\" alt=\"\" width=\"274\" height=\"196\" \/>Jojo Moyes<\/b> (naci\u00f3 el 04 de agosto 1969 en Londres, Inglaterra) es una periodista y novelista rom\u00e1ntica Brit\u00e1nica desde 2002. Ella es una de los pocas autores que dos veces gan\u00f3 el Premio de Novela Rom\u00e1ntica del A\u00f1o (Romantic Novel of the Year Award) por la Asociaci\u00f3n de novelistas rom\u00e1nticos y dichas novelas han sido traducido a once idiomas diferentes.<\/p>\n<p>OBRAS:<\/p>\n<div class=\"item_list gris\">\n<ul>\n<li class=\"l_datos_izq_gra\">Uno m\u00e1s uno<\/li>\n<li class=\"l_datos_izq_gra\">Yo antes de ti<\/li>\n<li class=\"l_datos_izq_gra\">Hasta siempre, mi amor<\/li>\n<li class=\"l_datos_izq_gra\">M\u00fasica nocturna<\/li>\n<li class=\"l_datos_izq_gra\">El viaje de las novias<\/li>\n<li class=\"l_datos_izq_gra\">El bazar de los sue\u00f1os<\/li>\n<li class=\"l_datos_izq_gra\">La casa de las olas<\/li>\n<li class=\"l_datos_izq_gra\">Regreso a Irlanda<\/li>\n<\/ul>\n<\/div>\n","protected":false},"excerpt":{"rendered":"<p>Jojo Moyes (naci\u00f3 el 04 de agosto 1969 en Londres, Inglaterra) es una periodista y novelista rom\u00e1ntica Brit\u00e1nica desde 2002. Ella es una de los pocas autores que dos veces gan\u00f3 el Premio de Novela Rom\u00e1ntica del A\u00f1o (Romantic Novel of the Year Award) por la Asociaci\u00f3n de novelistas rom\u00e1nticos y dichas novelas han sido [&hellip;]<\/p>\n","protected":false},"author":10297,"featured_media":0,"parent":0,"menu_order":0,"comment_status":"closed","ping_status":"closed","template":"","meta":{"footnotes":""},"class_list":["post-143","page","type-page","status-publish","hentry"],"_links":{"self":[{"href":"https:\/\/blog.espol.edu.ec\/mistboni\/wp-json\/wp\/v2\/pages\/143","targetHints":{"allow":["GET"]}}],"collection":[{"href":"https:\/\/blog.espol.edu.ec\/mistboni\/wp-json\/wp\/v2\/pages"}],"about":[{"href":"https:\/\/blog.espol.edu.ec\/mistboni\/wp-json\/wp\/v2\/types\/page"}],"author":[{"embeddable":true,"href":"https:\/\/blog.espol.edu.ec\/mistboni\/wp-json\/wp\/v2\/users\/10297"}],"replies":[{"embeddable":true,"href":"https:\/\/blog.espol.edu.ec\/mistboni\/wp-json\/wp\/v2\/comments?post=143"}],"version-history":[{"count":1,"href":"https:\/\/blog.espol.edu.ec\/mistboni\/wp-json\/wp\/v2\/pages\/143\/revisions"}],"predecessor-version":[{"id":145,"href":"https:\/\/blog.espol.edu.ec\/mistboni\/wp-json\/wp\/v2\/pages\/143\/revisions\/145"}],"wp:attachment":[{"href":"https:\/\/blog.espol.edu.ec\/mistboni\/wp-json\/wp\/v2\/media?parent=143"}],"curies":[{"name":"wp","href":"https:\/\/api.w.org\/{rel}","templated":true}]}}