{"id":108,"date":"2016-11-15T17:27:38","date_gmt":"2016-11-15T17:27:38","guid":{"rendered":"http:\/\/blog.espol.edu.ec\/mjchamba\/?page_id=108"},"modified":"2016-11-15T20:41:29","modified_gmt":"2016-11-15T20:41:29","slug":"explora-fuera-de-ecuador","status":"publish","type":"page","link":"https:\/\/blog.espol.edu.ec\/mjchamba\/explora-fuera-de-ecuador\/","title":{"rendered":"Explora fuera de Ecuador"},"content":{"rendered":"<h1>Tours de aventura fuera de Ecuador<\/h1>\n<p>EcosTravel le ayuda a planificar sus vacaciones aventura fuera del Ecuador. Elaborando programas de viajes especiales para los amantes de la adrenalina.<\/p>\n<p>Aqu\u00ed e encontrar\u00e1n diferentes destinos, donde podr\u00e1n relizar actividades como el rafting en aguas bravas, ciclismo de monta\u00f1a, trekking, acampar y escalada de monta\u00f1a.<\/p>\n<p><img loading=\"lazy\" decoding=\"async\" class=\"alignnone size-medium wp-image-109\" src=\"http:\/\/blog.espol.edu.ec\/mjchamba\/files\/2016\/11\/large-18-500x478.jpg\" alt=\"large-18\" width=\"500\" height=\"478\" \/><\/p>\n","protected":false},"excerpt":{"rendered":"<p>Tours de aventura fuera de Ecuador EcosTravel le ayuda a planificar sus vacaciones aventura fuera del Ecuador. Elaborando programas de viajes especiales para los amantes de la adrenalina. Aqu\u00ed e encontrar\u00e1n diferentes destinos, donde podr\u00e1n relizar actividades como el rafting en aguas bravas, ciclismo de monta\u00f1a, trekking, acampar y escalada de monta\u00f1a.<\/p>\n","protected":false},"author":10725,"featured_media":0,"parent":0,"menu_order":0,"comment_status":"closed","ping_status":"closed","template":"","meta":{"footnotes":""},"class_list":["post-108","page","type-page","status-publish","hentry"],"_links":{"self":[{"href":"https:\/\/blog.espol.edu.ec\/mjchamba\/wp-json\/wp\/v2\/pages\/108","targetHints":{"allow":["GET"]}}],"collection":[{"href":"https:\/\/blog.espol.edu.ec\/mjchamba\/wp-json\/wp\/v2\/pages"}],"about":[{"href":"https:\/\/blog.espol.edu.ec\/mjchamba\/wp-json\/wp\/v2\/types\/page"}],"author":[{"embeddable":true,"href":"https:\/\/blog.espol.edu.ec\/mjchamba\/wp-json\/wp\/v2\/users\/10725"}],"replies":[{"embeddable":true,"href":"https:\/\/blog.espol.edu.ec\/mjchamba\/wp-json\/wp\/v2\/comments?post=108"}],"version-history":[{"count":3,"href":"https:\/\/blog.espol.edu.ec\/mjchamba\/wp-json\/wp\/v2\/pages\/108\/revisions"}],"predecessor-version":[{"id":140,"href":"https:\/\/blog.espol.edu.ec\/mjchamba\/wp-json\/wp\/v2\/pages\/108\/revisions\/140"}],"wp:attachment":[{"href":"https:\/\/blog.espol.edu.ec\/mjchamba\/wp-json\/wp\/v2\/media?parent=108"}],"curies":[{"name":"wp","href":"https:\/\/api.w.org\/{rel}","templated":true}]}}