{"id":28,"date":"2009-06-09T14:16:19","date_gmt":"2009-06-09T18:16:19","guid":{"rendered":"http:\/\/blog.espol.edu.ec\/mjonofre\/?page_id=28"},"modified":"2009-08-05T13:36:31","modified_gmt":"2009-08-05T17:36:31","slug":"mi-vida","status":"publish","type":"page","link":"https:\/\/blog.espol.edu.ec\/mjonofre\/mi-vida\/","title":{"rendered":"Mi Vida"},"content":{"rendered":"<p>HOLA GRACIAS POR VISITAR MI BLOG<\/p>\n<p>Hola mi nombre es Mar\u00eda Jos\u00e9 Onofre Acosta nac\u00ed en la cuidad de Vinces-Los R\u00edos-Ecuador el 28 de\u00a0 Agosto de 1990 .Bueno crec\u00ed junto a mi madre Esmeralda Acosta\u00a0y hermano mayor Darwin Acosta .Estudie en la escuela \"Jos\u00e9 Mar\u00eda Velazco Ibarra\" en mi cuidad natal,as\u00ed mismo el colegio \"Nacinal Vinces\" DONDE PASE LOS MEJORES A\u00d1OS DE MI VIDA.<br \/>\nAhora estudio en la Universidad \"Escuela Superior Politecnica del Litoral\" donde me estoy preparando para ser Auditora CPA en el \"Instituto de Ciencias Matem\u00e1ticas\"\u00a0 en la carrera de Auditoria y Contaduria P\u00fablica.<br \/>\nA\u00a0 mi me gusta tener muchos amigos para poder ver los distintos mundos que existen y poder mejorar as\u00ed\u00a0 como persona d\u00e1ndome cuenta de lo\u00a0bien y mal \u00a0que nos o se comportan los dem\u00e1s.Me considero una persona sencilla,humilde,divertida,sentimental honesta ,sin caprichos(el un\u00edco ser\u00edia emostrar que s\u00ed se puede\u00a0 lograr lo que uno se proponga) y un poco celosa.Me encanta jugaar basketh,ver pel\u00edculas,convivir con mi familia y amigos.Quieres conocerme <a href=\"http:\/\/www.mjoa_onofre@hotmail.com\">http:\/\/www.mjoa_onofre@hotmail.com<\/a><\/p>\n","protected":false},"excerpt":{"rendered":"<p>HOLA GRACIAS POR VISITAR MI BLOG Hola mi nombre es Mar\u00eda Jos\u00e9 Onofre Acosta nac\u00ed en la cuidad de Vinces-Los R\u00edos-Ecuador el 28 de\u00a0 Agosto de 1990 .Bueno crec\u00ed junto a mi madre Esmeralda Acosta\u00a0y hermano mayor Darwin Acosta .Estudie en la escuela \"Jos\u00e9 Mar\u00eda Velazco Ibarra\" en mi cuidad natal,as\u00ed mismo el colegio \"Nacinal [&hellip;]<\/p>\n","protected":false},"author":1868,"featured_media":0,"parent":0,"menu_order":0,"comment_status":"open","ping_status":"open","template":"","meta":{"footnotes":""},"class_list":["post-28","page","type-page","status-publish","hentry"],"_links":{"self":[{"href":"https:\/\/blog.espol.edu.ec\/mjonofre\/wp-json\/wp\/v2\/pages\/28","targetHints":{"allow":["GET"]}}],"collection":[{"href":"https:\/\/blog.espol.edu.ec\/mjonofre\/wp-json\/wp\/v2\/pages"}],"about":[{"href":"https:\/\/blog.espol.edu.ec\/mjonofre\/wp-json\/wp\/v2\/types\/page"}],"author":[{"embeddable":true,"href":"https:\/\/blog.espol.edu.ec\/mjonofre\/wp-json\/wp\/v2\/users\/1868"}],"replies":[{"embeddable":true,"href":"https:\/\/blog.espol.edu.ec\/mjonofre\/wp-json\/wp\/v2\/comments?post=28"}],"version-history":[{"count":4,"href":"https:\/\/blog.espol.edu.ec\/mjonofre\/wp-json\/wp\/v2\/pages\/28\/revisions"}],"predecessor-version":[{"id":31,"href":"https:\/\/blog.espol.edu.ec\/mjonofre\/wp-json\/wp\/v2\/pages\/28\/revisions\/31"}],"wp:attachment":[{"href":"https:\/\/blog.espol.edu.ec\/mjonofre\/wp-json\/wp\/v2\/media?parent=28"}],"curies":[{"name":"wp","href":"https:\/\/api.w.org\/{rel}","templated":true}]}}