{"id":2,"date":"2016-05-11T17:11:21","date_gmt":"2016-05-11T17:11:21","guid":{"rendered":"http:\/\/blog.espol.edu.ec\/mnogales\/?page_id=2"},"modified":"2016-05-23T04:59:44","modified_gmt":"2016-05-23T04:59:44","slug":"pagina-ejemplo","status":"publish","type":"page","link":"https:\/\/blog.espol.edu.ec\/mnogales\/pagina-ejemplo\/","title":{"rendered":"Coachella"},"content":{"rendered":"<p>Coachella nace gracias a una protesta e la famosa banda\u00a0<a href=\"http:\/\/rock.about.com\/od\/pearljam\/p\/PearlJam.htm\">Pearl Jam<\/a>\u00a0ya que aseguraban que Ticketmaster \u00a0(exitosa compa\u00f1\u00eda que organiza conciertos y eventos) manten\u00eda un monopolio en el sur de California.<\/p>\n<p>El primer festival se realiz\u00f3 en el Empire Club, en Indio, California. A pesar de la lejan\u00eda del lugar y contra todo pron\u00f3stico este festival termin\u00f3 siendo un \u00e9xito.<\/p>\n<p>En la actualidad se lo sigue realizando generalmente a mediados de Abril y dura 4 d\u00edas (viernes y s\u00e1bado, de dos semanas).<\/p>\n<p>&nbsp;<\/p>\n<div id=\"inArticleVideo_2-0\" class=\"comp inArticleVideo inArticleVideoPlaceHolder videoPlaceholder\"><\/div>\n<p>&nbsp;<\/p>\n<p>&nbsp;<\/p>\n<p>&nbsp;<\/p>\n","protected":false},"excerpt":{"rendered":"<p>Coachella nace gracias a una protesta e la famosa banda\u00a0Pearl Jam\u00a0ya que aseguraban que Ticketmaster \u00a0(exitosa compa\u00f1\u00eda que organiza conciertos y eventos) manten\u00eda un monopolio en el sur de California. El primer festival se realiz\u00f3 en el Empire Club, en Indio, California. A pesar de la lejan\u00eda del lugar y contra todo pron\u00f3stico este festival [&hellip;]<\/p>\n","protected":false},"author":10213,"featured_media":0,"parent":0,"menu_order":0,"comment_status":"closed","ping_status":"open","template":"","meta":{"footnotes":""},"class_list":["post-2","page","type-page","status-publish","hentry"],"_links":{"self":[{"href":"https:\/\/blog.espol.edu.ec\/mnogales\/wp-json\/wp\/v2\/pages\/2","targetHints":{"allow":["GET"]}}],"collection":[{"href":"https:\/\/blog.espol.edu.ec\/mnogales\/wp-json\/wp\/v2\/pages"}],"about":[{"href":"https:\/\/blog.espol.edu.ec\/mnogales\/wp-json\/wp\/v2\/types\/page"}],"author":[{"embeddable":true,"href":"https:\/\/blog.espol.edu.ec\/mnogales\/wp-json\/wp\/v2\/users\/10213"}],"replies":[{"embeddable":true,"href":"https:\/\/blog.espol.edu.ec\/mnogales\/wp-json\/wp\/v2\/comments?post=2"}],"version-history":[{"count":3,"href":"https:\/\/blog.espol.edu.ec\/mnogales\/wp-json\/wp\/v2\/pages\/2\/revisions"}],"predecessor-version":[{"id":36,"href":"https:\/\/blog.espol.edu.ec\/mnogales\/wp-json\/wp\/v2\/pages\/2\/revisions\/36"}],"wp:attachment":[{"href":"https:\/\/blog.espol.edu.ec\/mnogales\/wp-json\/wp\/v2\/media?parent=2"}],"curies":[{"name":"wp","href":"https:\/\/api.w.org\/{rel}","templated":true}]}}