{"id":47,"date":"2011-10-31T03:30:01","date_gmt":"2011-10-31T03:30:01","guid":{"rendered":"http:\/\/blog.espol.edu.ec\/mpasmay\/?page_id=47"},"modified":"2011-10-31T12:54:58","modified_gmt":"2011-10-31T12:54:58","slug":"derivados-del-petroleo","status":"publish","type":"page","link":"https:\/\/blog.espol.edu.ec\/mpasmay\/derivados-del-petroleo\/","title":{"rendered":"Derivados del Petroleo"},"content":{"rendered":"<p><a href=\"http:\/\/blog.espol.edu.ec\/mpasmay\/files\/2011\/10\/PETROLEO1.jpg\"><img loading=\"lazy\" decoding=\"async\" class=\"alignleft size-medium wp-image-55\" title=\"PETROLEO\" src=\"http:\/\/blog.espol.edu.ec\/mpasmay\/files\/2011\/10\/PETROLEO1-300x263.jpg\" alt=\"\" width=\"300\" height=\"263\" srcset=\"https:\/\/blog.espol.edu.ec\/mpasmay\/files\/2011\/10\/PETROLEO1-300x263.jpg 300w, https:\/\/blog.espol.edu.ec\/mpasmay\/files\/2011\/10\/PETROLEO1.jpg 585w\" sizes=\"auto, (max-width: 300px) 100vw, 300px\" \/><\/a>Los siguientes son los diferentes productos derivados del petr\u00f3leo y su utilizaci\u00f3n:<\/p>\n<p>Gasolina motor corriente y extra - Para <a href=\"http:\/\/www.monografias.com\/trabajos35\/consumo-inversion\/consumo-inversion.shtml\">consumo<\/a> en los veh\u00edculos automotores de <a href=\"http:\/\/www.monografias.com\/trabajos14\/impacto-ambiental\/impacto-ambiental.shtml\">combusti\u00f3n<\/a> interna, entre otros usos.<\/p>\n<p>Turbocombustible o turbosina - Gasolina para aviones jet, tambi\u00e9n conocida como Jet-A.<\/p>\n<p>Gasolina de aviaci\u00f3n - Para uso en aviones con <a href=\"http:\/\/www.monografias.com\/trabajos10\/motore\/motore.shtml\">motores<\/a> de combusti\u00f3n interna.<\/p>\n<p><strong>ACPM o Diesel<\/strong> - De uso com\u00fan en camiones y buses.<\/p>\n<p><strong>Queroseno<\/strong> - Se utiliza en estufas dom\u00e9sticas y en equipos industriales. Es el que com\u00fanmente se llama \"petr\u00f3leo\".<\/p>\n<p><strong>Cocinol<\/strong> - Especie de gasolina para consumos dom\u00e9sticos. Su producci\u00f3n es m\u00ednima.<\/p>\n<p><strong>Gas propano o GLP<\/strong> - Se utiliza como combustible dom\u00e9stico e industrial.<\/p>\n<p><strong>Bencina industrial <\/strong>- Se usa como <a href=\"http:\/\/www.monografias.com\/trabajos14\/costosbanc\/costosbanc.shtml#MATER\">materia prima<\/a> para la fabricaci\u00f3n de disolventes alif\u00e1ticos o como combustible dom\u00e9stico<\/p>\n<p><strong>Combust\u00f3leo o Fuel Oil -<\/strong> Es un combustible pesado para hornos y calderas industriales.<\/p>\n<p><strong>Disolventes alif\u00e1ticos<\/strong> - Sirven para la extracci\u00f3n de aceites, pinturas, pegantes y adhesivos; para la producci\u00f3n de thinner, gas para quemadores industriales, elaboraci\u00f3n de tintas, formulaci\u00f3n y fabricaci\u00f3n de productos agr\u00edcolas, de <a href=\"http:\/\/www.monografias.com\/trabajos35\/caucho-sbr\/caucho-sbr.shtml\">caucho<\/a>, ceras y betunes, y para limpieza en general.<\/p>\n<p><strong>Asfaltos -<\/strong> Se utilizan para la producci\u00f3n de asfalto y como material sellante en la industria de la <a href=\"http:\/\/www.monografias.com\/trabajos35\/materiales-construccion\/materiales-construccion.shtml\">construcci\u00f3n<\/a>.<\/p>\n<p><strong>Bases lubricantes -<\/strong> Es la materia prima para la producci\u00f3n de los aceites lubricantes.<\/p>\n<p><strong>Ceras paraf\u00ednicas -<\/strong> Es la materia prima para la producci\u00f3n de velas y similares, ceras para pisos, f\u00f3sforos, papel parafinado, vaselinas, etc.<\/p>\n<p><strong>Polietileno -<\/strong> Materia prima para la industria del <a href=\"http:\/\/www.monografias.com\/trabajos5\/plasti\/plasti.shtml\">pl\u00e1stico<\/a> en general<\/p>\n<p><strong>Alquitr\u00e1n arom\u00e1tico (Arotar) -<\/strong> Materia prima para la elaboraci\u00f3n de negro de humo que, a su vez, se usa en la industria de llantas. Tambi\u00e9n es un diluyente<\/p>\n<p><strong>Acido naft\u00e9nico -<\/strong> Sirve para preparar sales met\u00e1licas tales como naftenatos de calcio, <a href=\"http:\/\/www.monografias.com\/trabajos13\/tramat\/tramat.shtml#COBRE\">cobre<\/a>, zinc, plomo, cobalto, etc., que se aplican en la industria de pinturas, resinas, poli\u00e9ster, detergentes, tensoactivos y fungicidas<\/p>\n<p><strong>Benceno -<\/strong> Sirve para fabricar ciclohexano.<\/p>\n<p><strong>Ciclohexano <\/strong>- Es la materia prima para producir caprolactama y \u00e1cido ad\u00edpico con destino al nylon.<\/p>\n<p><strong>Tolueno -<\/strong> Se usa como disolvente en la fabricaci\u00f3n de pinturas, resinas, adhesivos, pegantes, thinner y tintas, y como materia prima del benceno.<\/p>\n<p><strong>Xilenos mezclados -<\/strong> Se utilizan en la industria de pinturas, de insecticidas y de thinner.<\/p>\n<p><strong>Ortoxileno -<\/strong> Es la materia prima para la producci\u00f3n de anh\u00eddrido ft\u00e1lico.<\/p>\n<p><strong>Alquilbenceno -<\/strong> Se usa en la industria de todo tipo de detergentes, para elaborar plaguicidas, \u00e1cidos sulf\u00f3nicos y en la industria de curtientes.El azufre que sale de las refiner\u00edas sirve para la vulcanizaci\u00f3n del caucho, fabricaci\u00f3n de algunos tipos de <a href=\"http:\/\/www.monografias.com\/trabajos10\/hidra\/hidra.shtml#fa\">acero<\/a> y preparaci\u00f3n de \u00e1cido sulf\u00farico, entre otros usos.<iframe loading=\"lazy\" width=\"420\" height=\"315\" src=\"http:\/\/www.youtube.com\/embed\/8RHToUaBfw4\" frameborder=\"0\" allowfullscreen><\/iframe><\/p>\n","protected":false},"excerpt":{"rendered":"<p>Los siguientes son los diferentes productos derivados del petr\u00f3leo y su utilizaci\u00f3n: Gasolina motor corriente y extra - Para consumo en los veh\u00edculos automotores de combusti\u00f3n interna, entre otros usos. Turbocombustible o turbosina - Gasolina para aviones jet, tambi\u00e9n conocida como Jet-A. Gasolina de aviaci\u00f3n - Para uso en aviones con motores de combusti\u00f3n interna. [&hellip;]<\/p>\n","protected":false},"author":6877,"featured_media":0,"parent":0,"menu_order":0,"comment_status":"open","ping_status":"open","template":"","meta":{"footnotes":""},"class_list":["post-47","page","type-page","status-publish","hentry"],"_links":{"self":[{"href":"https:\/\/blog.espol.edu.ec\/mpasmay\/wp-json\/wp\/v2\/pages\/47","targetHints":{"allow":["GET"]}}],"collection":[{"href":"https:\/\/blog.espol.edu.ec\/mpasmay\/wp-json\/wp\/v2\/pages"}],"about":[{"href":"https:\/\/blog.espol.edu.ec\/mpasmay\/wp-json\/wp\/v2\/types\/page"}],"author":[{"embeddable":true,"href":"https:\/\/blog.espol.edu.ec\/mpasmay\/wp-json\/wp\/v2\/users\/6877"}],"replies":[{"embeddable":true,"href":"https:\/\/blog.espol.edu.ec\/mpasmay\/wp-json\/wp\/v2\/comments?post=47"}],"version-history":[{"count":7,"href":"https:\/\/blog.espol.edu.ec\/mpasmay\/wp-json\/wp\/v2\/pages\/47\/revisions"}],"predecessor-version":[{"id":107,"href":"https:\/\/blog.espol.edu.ec\/mpasmay\/wp-json\/wp\/v2\/pages\/47\/revisions\/107"}],"wp:attachment":[{"href":"https:\/\/blog.espol.edu.ec\/mpasmay\/wp-json\/wp\/v2\/media?parent=47"}],"curies":[{"name":"wp","href":"https:\/\/api.w.org\/{rel}","templated":true}]}}