{"id":3982,"date":"2024-02-13T16:51:00","date_gmt":"2024-02-13T16:51:00","guid":{"rendered":"http:\/\/blog.espol.edu.ec\/mrbracamonte\/?page_id=3982"},"modified":"2024-05-08T01:37:29","modified_gmt":"2024-05-08T01:37:29","slug":"analisis-funcional","status":"publish","type":"page","link":"https:\/\/blog.espol.edu.ec\/mrbracamonte\/analisis-funcional\/","title":{"rendered":"An\u00e1lisis funcional"},"content":{"rendered":"<p>&nbsp;<\/p>\n<h3><span style=\"color: #0000ff\">Bienvenidos al Mundo del An\u00e1lisis Funcional: <span style=\"color: #000080\">Descubriendo la Elegancia de las Matem\u00e1ticas<\/span><\/span><\/h3>\n<p>\u00a1Hola a\u00a0 los exploradores de la abstracci\u00f3n!<\/p>\n<p>Sean bienvenidos a este blog dedicado a compartir contenidos sobre el curso de An\u00e1lisis Funcional que se dicta para estudiantes de Matem\u00e1ticas de la FCNM-ESPOL.<\/p>\n<p>\u00bfPor qu\u00e9 An\u00e1lisis Funcional?<\/p>\n<p>El an\u00e1lisis funcional es una disciplina fascinante que act\u00faa como un puente unificador en el vasto reino de las matem\u00e1ticas. Desde los espacios Banach hasta los teoremas de aplicaci\u00f3n abierta, nuestro curso ofrece una perspectiva \u00fanica que va m\u00e1s all\u00e1 de los n\u00fameros para explorar la estructura y la elegancia detr\u00e1s de las ecuaciones.<\/p>\n<p><strong>Objetivos que Transformar\u00e1n tu Perspectiva Matem\u00e1tica<\/strong><\/p>\n<p>En este blog, exploraremos la esencia de los espacios Banach y\u00a0 el poder del teorema de Hahn-Banach. \u00bfEl resultado? Desarrollo de destrezas, t\u00e9cnicas y m\u00e9todos que resonar\u00e1n en todas las \u00e1reas de las matem\u00e1ticas y m\u00e1s all\u00e1.<\/p>\n<p>Este blog no es solo una lectura, \u00a1es una invitaci\u00f3n a la participaci\u00f3n!\u00a0 Si tienes\u00a0 preguntas, experiencias para compartir o expectativas sobre el curso puedes compartirlas.<\/p>\n<p>\u00a1Bienvenidos a bordo!<\/p>\n","protected":false},"excerpt":{"rendered":"<p>&nbsp; Bienvenidos al Mundo del An\u00e1lisis Funcional: Descubriendo la Elegancia de las Matem\u00e1ticas \u00a1Hola a\u00a0 los exploradores de la abstracci\u00f3n! Sean bienvenidos a este blog dedicado a compartir contenidos sobre el curso de An\u00e1lisis Funcional que se dicta para estudiantes &hellip; <a href=\"https:\/\/blog.espol.edu.ec\/mrbracamonte\/analisis-funcional\/\">Sigue leyendo <span class=\"meta-nav\">&rarr;<\/span><\/a><\/p>\n","protected":false},"author":10970,"featured_media":0,"parent":0,"menu_order":0,"comment_status":"closed","ping_status":"closed","template":"","meta":{"footnotes":""},"class_list":["post-3982","page","type-page","status-publish","hentry"],"_links":{"self":[{"href":"https:\/\/blog.espol.edu.ec\/mrbracamonte\/wp-json\/wp\/v2\/pages\/3982","targetHints":{"allow":["GET"]}}],"collection":[{"href":"https:\/\/blog.espol.edu.ec\/mrbracamonte\/wp-json\/wp\/v2\/pages"}],"about":[{"href":"https:\/\/blog.espol.edu.ec\/mrbracamonte\/wp-json\/wp\/v2\/types\/page"}],"author":[{"embeddable":true,"href":"https:\/\/blog.espol.edu.ec\/mrbracamonte\/wp-json\/wp\/v2\/users\/10970"}],"replies":[{"embeddable":true,"href":"https:\/\/blog.espol.edu.ec\/mrbracamonte\/wp-json\/wp\/v2\/comments?post=3982"}],"version-history":[{"count":2,"href":"https:\/\/blog.espol.edu.ec\/mrbracamonte\/wp-json\/wp\/v2\/pages\/3982\/revisions"}],"predecessor-version":[{"id":4087,"href":"https:\/\/blog.espol.edu.ec\/mrbracamonte\/wp-json\/wp\/v2\/pages\/3982\/revisions\/4087"}],"wp:attachment":[{"href":"https:\/\/blog.espol.edu.ec\/mrbracamonte\/wp-json\/wp\/v2\/media?parent=3982"}],"curies":[{"name":"wp","href":"https:\/\/api.w.org\/{rel}","templated":true}]}}