{"id":4538,"date":"2024-12-12T16:08:43","date_gmt":"2024-12-12T16:08:43","guid":{"rendered":"http:\/\/blog.espol.edu.ec\/mrbracamonte\/?page_id=4538"},"modified":"2024-12-12T16:12:57","modified_gmt":"2024-12-12T16:12:57","slug":"inicio","status":"publish","type":"page","link":"https:\/\/blog.espol.edu.ec\/mrbracamonte\/","title":{"rendered":"Bienvenidos a mi blog"},"content":{"rendered":"<p>&nbsp;<\/p>\n<p>Aqu\u00ed encontrar\u00e1 contenidos de las asignaturas que imparto en ESPOL: \u00e1lgebra lineal, c\u00e1lculo diferencial y an\u00e1lisis funcional.<\/p>\n<p>Este espacio est\u00e1 dise\u00f1ado como apoyo para el aprendizaje, donde comparto mis notas personales\u00a0 pensando en las necesidades del estudiante.<\/p>\n<p>Cada tema incluye una variedad de ejemplos para facilitar la comprensi\u00f3n de los conceptos y ayudar a enfrentar desaf\u00edos acad\u00e9micos con confianza. Espero que este blog se convierta en una gu\u00eda \u00fatil para sus estudios y un recurso enriquecedor en su formaci\u00f3n.<\/p>\n<p>\u00a1Explore, aprenda y no dude en dejar sus preguntas o sugerencias!<\/p>\n","protected":false},"excerpt":{"rendered":"<p>&nbsp; Aqu\u00ed encontrar\u00e1 contenidos de las asignaturas que imparto en ESPOL: \u00e1lgebra lineal, c\u00e1lculo diferencial y an\u00e1lisis funcional. Este espacio est\u00e1 dise\u00f1ado como apoyo para el aprendizaje, donde comparto mis notas personales\u00a0 pensando en las necesidades del estudiante. Cada tema &hellip; <a href=\"https:\/\/blog.espol.edu.ec\/mrbracamonte\/\">Sigue leyendo <span class=\"meta-nav\">&rarr;<\/span><\/a><\/p>\n","protected":false},"author":10970,"featured_media":0,"parent":0,"menu_order":0,"comment_status":"closed","ping_status":"closed","template":"","meta":{"footnotes":""},"class_list":["post-4538","page","type-page","status-publish","hentry"],"_links":{"self":[{"href":"https:\/\/blog.espol.edu.ec\/mrbracamonte\/wp-json\/wp\/v2\/pages\/4538","targetHints":{"allow":["GET"]}}],"collection":[{"href":"https:\/\/blog.espol.edu.ec\/mrbracamonte\/wp-json\/wp\/v2\/pages"}],"about":[{"href":"https:\/\/blog.espol.edu.ec\/mrbracamonte\/wp-json\/wp\/v2\/types\/page"}],"author":[{"embeddable":true,"href":"https:\/\/blog.espol.edu.ec\/mrbracamonte\/wp-json\/wp\/v2\/users\/10970"}],"replies":[{"embeddable":true,"href":"https:\/\/blog.espol.edu.ec\/mrbracamonte\/wp-json\/wp\/v2\/comments?post=4538"}],"version-history":[{"count":2,"href":"https:\/\/blog.espol.edu.ec\/mrbracamonte\/wp-json\/wp\/v2\/pages\/4538\/revisions"}],"predecessor-version":[{"id":4545,"href":"https:\/\/blog.espol.edu.ec\/mrbracamonte\/wp-json\/wp\/v2\/pages\/4538\/revisions\/4545"}],"wp:attachment":[{"href":"https:\/\/blog.espol.edu.ec\/mrbracamonte\/wp-json\/wp\/v2\/media?parent=4538"}],"curies":[{"name":"wp","href":"https:\/\/api.w.org\/{rel}","templated":true}]}}