{"id":250,"date":"2015-06-30T04:46:07","date_gmt":"2015-06-30T04:46:07","guid":{"rendered":"http:\/\/blog.espol.edu.ec\/msas16\/?page_id=250"},"modified":"2015-06-30T04:46:07","modified_gmt":"2015-06-30T04:46:07","slug":"2012-el-despertar-del-idolo-del-ecuador","status":"publish","type":"page","link":"https:\/\/blog.espol.edu.ec\/msas16\/14-campeonatos-2\/2012-el-despertar-del-idolo-del-ecuador\/","title":{"rendered":"2012: EL DESPERTAR DEL IDOLO DEL ECUADOR"},"content":{"rendered":"<p><a href=\"http:\/\/blog.espol.edu.ec\/msas16\/files\/2015\/06\/U.jpg\"><img loading=\"lazy\" decoding=\"async\" class=\"  wp-image-251 aligncenter\" src=\"http:\/\/blog.espol.edu.ec\/msas16\/files\/2015\/06\/U-300x195.jpg\" alt=\"U\" width=\"304\" height=\"202\" \/><\/a><\/p>\n<p>&nbsp;<\/p>\n<div style=\"text-align: center\">En la temporada\u00a02011\u00a0Barcelona cont\u00f3 con cuatro directores t\u00e9cnicos. Tras la llegada de\u00a0RUB\u00c9N DAR\u00cdO INSUA\u00a0a mediados de la temporada 2010, en el 2011 este se hizo cargo del plantel en la pre-temporada y los 10 primeros partidos de la primera etapa del campeonato nacional, sin embargo, debido a resultados de poco favorables fue separado de la instituci\u00f3n. Como reemplazo de Ins\u00faa se contrat\u00f3 a \u00c1LEX AGUINAGA\u00a0por lo que restaba de la etapa, pero, despu\u00e9s de otras 10 fechas, decidi\u00f3 renunciar debido a las elecciones presidenciales del club. De forma interina se hizo cargo WALTER GUERRERO\u00a0por las dos \u00faltimas fechas de la primera etapa hasta la contrataci\u00f3n de LUIS ZUBELDIA,\u00a0quien dirigi\u00f3 el plantel la segunda etapa completa del torneo local.<\/div>\n<div style=\"text-align: center\">Barcelona SC tuvo una primera etapa del campeonato nacional no muy favorable, obteniendo el octavo puesto y quedando sin clasificar a torneos internacionales. Para la segunda etapa, el plantel increment\u00f3 considerablemente su nivel de juego, sin embargo, termin\u00f3 segundo en la tabla de la etapa con lo que no pudo clasificar a la final del torneo, y tras su p\u00e9sima actuaci\u00f3n en la primera etapa, obtuvo el quinto puesto en la tabla acumulada, por lo cual tampoco pudo ir a repechaje por un cupo a la COPA LIBERTADORES 2012.<\/div>\n<div style=\"text-align: center\">Esta temporada corresponde al segundo a\u00f1o de mandato de ANTONIO NOBOA\u00a0como presidente de la instituci\u00f3n para el per\u00edodo 2011-15. El entrenador argentino LUIS ZUBELDIA\u00a0fue ratificado como director t\u00e9cnico del plantel de f\u00fatbol. Barcelona SC en sus nueve primeros partidos peleaba los primeros lugares de la tabla de posiciones, pero tras un empate a un gol con LIGA DE QUITO\u00a0el 8 de abril\u00a0el presidente Noboa y Zubeld\u00eda protagonizaron una acalorada discusi\u00f3n que termin\u00f3 en falta de respeto entre ellos, al siguiente d\u00eda Zubeld\u00eda declar\u00f3 su irrevocable decisi\u00f3n de renuncia al club.<\/div>\n<div style=\"text-align: center\">Tras la salida de Zubeld\u00eda, la dirigencia t\u00e9cnica qued\u00f3 interinamente al mando de Carlos Gruezo y Rolando Guerrero hasta la llegada del nuevo t\u00e9cnico del club. La reacci\u00f3n de la hinchada y de varios sectores de la prensa presion\u00f3 para que exista un acercamiento entre la directiva del Barcelona y Zubeld\u00eda para gestionar un eventual retorno del entrenador argentino, sin embargo, \u00e9ste se neg\u00f3. Entre las opciones para el reemplazo oficial de la dirigencia t\u00e9cnica constaba Omar Assad, el cual la prensa daba por contratado extraoficialmente, sin embargo, el 11 de abril\u00a0se confirm\u00f3 la contrataci\u00f3n de Gustavo Costas, qui\u00e9n lleg\u00f3 a Guayaquil al d\u00eda siguiente, pero dirigi\u00f3 el partido de la fecha 11, lo que qued\u00f3 de labor para los t\u00e9cnicos interinos donde el equipo fue goleado 3-0 a favor del Deportivo Quito.<\/div>\n<div style=\"text-align: center\">Finalmente Costas debuta en Guayaquil\u00a0en el banquillo del Barcelona pero esta vez se encontr\u00f3 con un equipo sumamente golpeado tras la derrota frente a Deportvo Quito, finalmente en su debut termin\u00f3 1-1 contra el Emelec. El pr\u00f3ximo partido ser\u00eda contra Liga de Quito en la capital\u00a0un partido sumamente dif\u00edcil y donde los dos equipos no llegaban en buen momento. Al final el resultado termin\u00f3 2-2. De ah\u00ed en adelante los resultados fueron positivos para Barcelona ya que consiguieron resultados importantes, uno de ellos fue la goleada al Manta\u00a0y las dem\u00e1s victorias consecutivas al Olmedo\u00a0y Macara.<\/div>\n<div>El siguiente partido del Barcelona SC ser\u00eda frente a su rival de barrio el Emelec\u00a0donde este partido ser\u00eda clave para las aspiraciones del equipo y finalmente ya que los dos llegaban en buen momento, el resultado fue 0-1 favor de Barcelona con un gol marcado por Narciso Mina. Finalmente el equipo deb\u00eda verse las caras frente al independiente\u00a0uno de sus rivales directos para conseguir ganar la primera etapa, pero Barcelona SC logra ganarle de visita con un global de 0-2 a favor de los toreros siendo esta su quinta victoria consecutiva y as\u00ed manteni\u00e9ndose el invicto de Costas\u00a0luego de siete fechas de haber tomado al equipo<\/p>\n<div class=\"separator\" style=\"text-align: center\">DAMIAN DIAZ\u00a0es la actual figura del club y del Campeonato Ecuatoriano de futbol 2012\u00a0siendo considerado por sus jugadas y goles como uno de los mejores creativos de la historia del club.<\/div>\n<\/div>\n<div style=\"text-align: center\">Finalmente Barcelona llega como gran candidato para ganar la primera etapa en el f\u00fatbol ecuatoriano y esta vez le tocaba enfrentar a El Nacional\u00a0de Quito\u00a0que no ven\u00eda en buen momento y era dirigido por Sixto Vizuete\u00a0el partido termin\u00f3 1-2 a favor de los puros criollos, pero pese a la derrota Barcelona se manten\u00eda como puntero. Para la fecha 20 a Barcelona le toca visitar a Liga de Loja\u00a0club que ven\u00eda en segundo lugar y era gran candidato al igual que Barcelona e Independiete\u00a0a ganar la primera etapa, finalmente el partido termin\u00f3 0-0\u00a0quedando como an\u00e9cdota que Barcelona fallo dos penales\u00a0siendo cobrado por el argentino\u00a0Damian Diaz\u00a0y el ecuatoriano\u00a0Narciso Mina, los dos tiros siendo atajados por el portero colombiano\u00a0Luis Fernando Fern\u00e1ndez, debido al empate entre Barcelona y Liga de Loja, los amarillos pierden la punta ya que Independiente hab\u00eda ganado su partido contra el Nacional 1-2 quedando tan solo 2 fechas para la finalizaci\u00f3n de la etapa.Barcelona ya no depend\u00eda de si mismo si no tambi\u00e9n de otros resultados para poder ganar la etapa, Barcelona recib\u00eda a Tecnico Universitario\u00a0en Guayaquil\u00a0ganado este partido 3-0 siendo los goles marcados por Luis Caicedo,Jose Ayovi\u00a0y Damian<a title=\"Dami\u00e1n D\u00edaz\" href=\"http:\/\/es.wikipedia.org\/wiki\/Dami%C3%A1n_D%C3%ADaz\">\u00a0<\/a><\/p>\n<div class=\"separator\">Diaz siendo este \u00faltimo quien marco un gol de chilena\u00a0no emulando sino recordando la chilena de V\u00edctor Ephanor el 14 de enero\u00a0de 1981\u00a0justamente al mismo equipo el T\u00e9cnico Universitario,\u00a0gracias a esta victoria Barcelona nuevamente alcanza la punta y con ello clasifica a Copa Sudamericana 2012. En la \u00faltima fecha de la primera etapa del campeonato nacional Barcelona qued\u00f3 campe\u00f3n de la primera etapa, a pesar de perder con el Deportivo Cuenca\u00a01-0, alcanzando as\u00ed la tan esperada final y la clasificaci\u00f3n a la Copa Libertadores 2013.<\/div>\n<\/div>\n<div style=\"text-align: center\">Arranca la segunda etapa y su primer partido es ante Olmedo\u00a0de Riobamba, el cual lo termina ganando. La racha de Barcelona sigue siendo perfecta ya que consigue otra victoria frente a Macara. En la 3era fecha el cuadro canario ten\u00eda que verse las caras contra el Manta futbol club\u00a0pero el cuadro canario termina llev\u00e1ndose un empate en su visita. Para la 4ta fecha tiene que jugar de local contra Deportivo Quito, el cuadro canario termina ganando el partido y adjudic\u00e1ndose as\u00ed el primer lugar del campeonato. Se ven\u00eda la 5ta fecha con uno de los partido m\u00e1s emocionantes del Campeonato, contra Liga de Quito, el cuadro canario iba derrotando al elenco capitalino\u00a0por 1x2 pero en el minuto 92' Claudio Bieler\u00a0marca el 2 gol significando de esta manera el empate de Liga de Quito y llev\u00e1ndose Barcelona un empate con sabor amargo.<\/div>\n<div style=\"text-align: center\">Para la 6ta fecha se ven\u00eda el cl\u00e1sico m\u00e1s importante de Ecuador, el\u00a0Cl\u00e1sico\u00a0del Astillero\u00a0contra Emelec, este partido iba a ser tan importante ya que el que ganaba se convertir\u00eda en el nuevo l\u00edder del Campeonato Ecuatoriano, Barcelona SC logra ganar el partido por un resultado de 1x2 con goles a favor de Damian Diaz\u00a0y Narciso Mina, por parte de Emelec descont\u00f3 su juvenil Eddy Corozo. Barcelona llegaba a la 7ma fecha con \u00fanico puntero del Campeonato y esta vez ten\u00eda que jugar contra Tecnico Universitario\u00a0que ven\u00eda en \u00faltimo lugar, pero sorprendente T\u00e9cnico Universitario le gana en el Estadio Monumental\u00a0con el \u00fanico gol del partido de Alex Colon\u00a0Barcelona llegaba golpeado ya que esta vez le tocaba jugar contra Deportivo Cuenca\u00a0de visita, finalmente el cuadro canario logra ganar el partido por 1x2 con goles de Narciso Mina\u00a0y el capit\u00e1n del equipo Matias Oyola\u00a0descontando para los locales Miller Castillo.<\/div>\n<div style=\"text-align: center\">Barcelona SC ten\u00eda que verse las caras con uno de los favoritos de la etapa Liga de Loja en Guayaquil, lastimosamente el partido termina empatado 1x1. La siguiente fecha el cuadro torero visita a Independiente Jos\u00e9 Teran en Quito\u00a0obteniendo un segundo empate consecutivo. Vuelve nuevamente a jugar en Quito pero esta vez con El Nacional, obteniendo la victoria el cuadro militar. Por la fecha 13 de la segunda etapa Barcelona SC recibe a Independiente en condici\u00f3n de Local consiguiendo un empate nuevamente en condici\u00f3n de local, siendo el 4to partido en que no puede sumar de a tres.<\/div>\n<div class=\"separator\" style=\"text-align: center\">En el 2012 luego de dos magnificas temporadas Barcelona SC se corona campe\u00f3n al terminar ambas etapas en primer lugar. Terminando as\u00ed su escasez de catorce a\u00f1os de mala racha. Entre los jugadores mas destacados de esta temporada est\u00e1n Narciso Mina (goleador del campeonato) y Damian Diaz (con el n\u00famero 10)<\/div>\n<div class=\"separator\" style=\"text-align: center\"><\/div>\n<div class=\"separator\" style=\"text-align: center\"><a href=\"http:\/\/blog.espol.edu.ec\/msas16\/files\/2015\/06\/14.jpg\"><img loading=\"lazy\" decoding=\"async\" class=\"alignnone  wp-image-65\" src=\"http:\/\/blog.espol.edu.ec\/msas16\/files\/2015\/06\/14-300x145.jpg\" alt=\"14\" width=\"476\" height=\"236\" \/><\/a><\/div>\n","protected":false},"excerpt":{"rendered":"<p>&nbsp; En la temporada\u00a02011\u00a0Barcelona cont\u00f3 con cuatro directores t\u00e9cnicos. Tras la llegada de\u00a0RUB\u00c9N DAR\u00cdO INSUA\u00a0a mediados de la temporada 2010, en el 2011 este se hizo cargo del plantel en la pre-temporada y los 10 primeros partidos de la primera &hellip; <a href=\"https:\/\/blog.espol.edu.ec\/msas16\/14-campeonatos-2\/2012-el-despertar-del-idolo-del-ecuador\/\">Sigue leyendo <span class=\"meta-nav\">&rarr;<\/span><\/a><\/p>\n","protected":false},"author":9709,"featured_media":0,"parent":184,"menu_order":14,"comment_status":"open","ping_status":"open","template":"","meta":{"footnotes":""},"class_list":["post-250","page","type-page","status-publish","hentry"],"aioseo_notices":[],"_links":{"self":[{"href":"https:\/\/blog.espol.edu.ec\/msas16\/wp-json\/wp\/v2\/pages\/250","targetHints":{"allow":["GET"]}}],"collection":[{"href":"https:\/\/blog.espol.edu.ec\/msas16\/wp-json\/wp\/v2\/pages"}],"about":[{"href":"https:\/\/blog.espol.edu.ec\/msas16\/wp-json\/wp\/v2\/types\/page"}],"author":[{"embeddable":true,"href":"https:\/\/blog.espol.edu.ec\/msas16\/wp-json\/wp\/v2\/users\/9709"}],"replies":[{"embeddable":true,"href":"https:\/\/blog.espol.edu.ec\/msas16\/wp-json\/wp\/v2\/comments?post=250"}],"version-history":[{"count":1,"href":"https:\/\/blog.espol.edu.ec\/msas16\/wp-json\/wp\/v2\/pages\/250\/revisions"}],"predecessor-version":[{"id":252,"href":"https:\/\/blog.espol.edu.ec\/msas16\/wp-json\/wp\/v2\/pages\/250\/revisions\/252"}],"up":[{"embeddable":true,"href":"https:\/\/blog.espol.edu.ec\/msas16\/wp-json\/wp\/v2\/pages\/184"}],"wp:attachment":[{"href":"https:\/\/blog.espol.edu.ec\/msas16\/wp-json\/wp\/v2\/media?parent=250"}],"curies":[{"name":"wp","href":"https:\/\/api.w.org\/{rel}","templated":true}]}}