{"id":44,"date":"2015-06-13T20:29:12","date_gmt":"2015-06-13T20:29:12","guid":{"rendered":"http:\/\/blog.espol.edu.ec\/msas16\/?page_id=44"},"modified":"2015-06-15T01:07:59","modified_gmt":"2015-06-15T01:07:59","slug":"estadio-monumental","status":"publish","type":"page","link":"https:\/\/blog.espol.edu.ec\/msas16\/estadio-monumental\/","title":{"rendered":"Estadio Monumental"},"content":{"rendered":"<p><img loading=\"lazy\" decoding=\"async\" class=\"  wp-image-45 aligncenter\" src=\"http:\/\/blog.espol.edu.ec\/msas16\/files\/2015\/06\/800px-Estadio_Monumental_6-300x197.jpg\" alt=\"800px-Estadio_Monumental_6\" width=\"464\" height=\"309\" \/><\/p>\n<p>El estadio del Barcelona SC es el <a title=\"Estadio Monumental Isidro Romero Carbo\" href=\"http:\/\/es.wikipedia.org\/wiki\/Estadio_Monumental_Isidro_Romero_Carbo\">Monumental Isidro Romero Carbo<\/a>, propiedad del propio club. En la actualidad es conocido tambi\u00e9n por su nombre comercial como \"Estadio Banco Pichincha\". Inaugurado en <a title=\"1987\" href=\"http:\/\/es.wikipedia.org\/wiki\/1987\">1987<\/a>, posee actualmente una capacidad de 75.000 espectadores, pero seg\u00fan la disposici\u00f3n de la <a title=\"Federaci\u00f3n Ecuatoriana de F\u00fatbol\" href=\"http:\/\/es.wikipedia.org\/wiki\/Federaci%C3%B3n_Ecuatoriana_de_F%C3%BAtbol\">Federaci\u00f3n Ecuatoriana de F\u00fatbol<\/a>, solo puede aforar hasta 59.624 personas. Es el m\u00e1s grande de escenario deportivo de <a title=\"Ecuador\" href=\"http:\/\/es.wikipedia.org\/wiki\/Ecuador\">Ecuador<\/a> y uno de los m\u00e1s grandes estadios de f\u00fatbol del continente y el mundo. Se encuentra ubicado en el sector de Bellavista de la ciudad de <a title=\"Guayaquil\" href=\"http:\/\/es.wikipedia.org\/wiki\/Guayaquil\">Guayaquil<\/a> en la avenida \"Barcelona Sporting Club\", junto a otras instalaciones del club, como la cancha alterna de entrenamiento, la sede de la directiva, entre otras.<\/p>\n<p>Antes de que fuera construido, el Barcelona sol\u00eda jugar en el <a title=\"Estadio Modelo Alberto Spencer\" href=\"http:\/\/es.wikipedia.org\/wiki\/Estadio_Modelo_Alberto_Spencer\">Estadio Modelo de Guayaquil<\/a>. Gracias a la gesti\u00f3n de varias personas, incluyendo entre ellas al ex-presidente de la instituci\u00f3n, el Ing. Isidro Romero Carbo se pudo concretar la construcci\u00f3n del edificio. Debido al esfuerzo de empresarios, profesionales, y dirigentes, y junto con la prestigiosa \"Compa\u00f1\u00eda General de Construcciones C. Ltda.\", los\u00a0\u00a0\u00a0\u00a0trabajos fueron realizados en un tiempo r\u00e9cord, culminando la primera etapa del estadio entre los a\u00f1os <a title=\"1986\" href=\"http:\/\/es.wikipedia.org\/wiki\/1986\">1986<\/a> y <a title=\"1987\" href=\"http:\/\/es.wikipedia.org\/wiki\/1987\">1987<\/a>, con una capacidad para 50.000 personas.<\/p>\n<p>El estadio fue inaugurado el <a title=\"27 de diciembre\" href=\"http:\/\/es.wikipedia.org\/wiki\/27_de_diciembre\">27 de diciembre<\/a> de <a title=\"1988\" href=\"http:\/\/es.wikipedia.org\/wiki\/1988\">1988<\/a> con el cuadrangular <a title=\"Copa Ciudad de Guayaquil 1988\" href=\"http:\/\/es.wikipedia.org\/wiki\/Copa_Ciudad_de_Guayaquil_1988\">Copa Ciudad de Guayaquil<\/a>, que lo disputaron el <i>Barcelona Sporting Club<\/i>, el <a title=\"Club Sport Emelec\" href=\"http:\/\/es.wikipedia.org\/wiki\/Club_Sport_Emelec\">Club Sport Emelec<\/a>, el <a title=\"F\u00fatbol Club Barcelona\" href=\"http:\/\/es.wikipedia.org\/wiki\/F%C3%BAtbol_Club_Barcelona\">F\u00fatbol Club Barcelona<\/a> de <a title=\"Espa\u00f1a\" href=\"http:\/\/es.wikipedia.org\/wiki\/Espa%C3%B1a\">Espa\u00f1a<\/a> y el <a title=\"Club Atl\u00e9tico Pe\u00f1arol\" href=\"http:\/\/es.wikipedia.org\/wiki\/Club_Atl%C3%A9tico_Pe%C3%B1arol\">Club Atl\u00e9tico Pe\u00f1arol<\/a> de <a class=\"mw-redirect\" title=\"Rep\u00fablica Oriental del Uruguay\" href=\"http:\/\/es.wikipedia.org\/wiki\/Rep%C3%BAblica_Oriental_del_Uruguay\">Uruguay<\/a>. Emelec venci\u00f3 a <a title=\"Club Atl\u00e9tico Pe\u00f1arol\" href=\"http:\/\/es.wikipedia.org\/wiki\/Club_Atl%C3%A9tico_Pe%C3%B1arol\">Pe\u00f1arol<\/a> mientras que Barcelona SC derrot\u00f3 a su similar espa\u00f1ol por 2-1 con goles de Enrique Taberna y Holguer Qui\u00f1onez, mientras que Guillermo Amor hab\u00eda puesto en ventaja a los catalanes. La final la gan\u00f3 Emelec a Barcelona proclam\u00e1ndose vencedor del torneo.<\/p>\n<p>Al inicio, en los estatutos del club, el estadio fue registrado como \"<i>Estadio Monumental de Barcelona<\/i>\", pero a\u00f1os despu\u00e9s, por decisi\u00f3n del directorio encabezado por este mismo personaje, el nombre fue cambiado a <a title=\"Estadio Monumental Isidro Romero Carbo\" href=\"http:\/\/es.wikipedia.org\/wiki\/Estadio_Monumental_Isidro_Romero_Carbo\">Estadio Monumental Isidro Romero Carbo<\/a>.<\/p>\n<p>La capacidad del estadio aument\u00f3 a 75.000 espectadores aproximadamente, tras una etapa de ampliaci\u00f3n entre <a title=\"1993\" href=\"http:\/\/es.wikipedia.org\/wiki\/1993\">1993<\/a> y <a title=\"1994\" href=\"http:\/\/es.wikipedia.org\/wiki\/1994\">1994<\/a>, dando como resultado uno de los mejores y m\u00e1s imponentes estadios de <a class=\"mw-redirect\" title=\"Sudam\u00e9rica\" href=\"http:\/\/es.wikipedia.org\/wiki\/Sudam%C3%A9rica\">Sudam\u00e9rica<\/a>. Al momento, el estadio puede albergar en sus diferentes localidades divididas a 35.000 personas en las generales, 25.000 en tribunas, 15.300 en palcos, 10.000 espectadores en suites, y 300 localidades para la prensa.<\/p>\n<p>En el a\u00f1o <a title=\"2007\" href=\"http:\/\/es.wikipedia.org\/wiki\/2007\">2007<\/a>, gracias a la gesti\u00f3n del Ec. <a title=\"Eduardo Maruri\" href=\"http:\/\/es.wikipedia.org\/wiki\/Eduardo_Maruri\">Eduardo Maruri<\/a>, presidente del club, junto con el departamento de mercadeo, registraron un contrato con <a title=\"Banco Pichincha\" href=\"http:\/\/es.wikipedia.org\/wiki\/Banco_Pichincha\">Banco Pichincha<\/a> por cuatro a\u00f1os, para que este establecimiento tenga como nombre comercial <i>Estadio Banco Pichincha<\/i>. De esta forma, el club recibir\u00eda un mill\u00f3n de d\u00f3lares por cada a\u00f1o de contrato. Adem\u00e1s, se realizan modernizaciones dentro y fuera del estadio, ya sea con ambientaci\u00f3n de camerinos, instalaci\u00f3n de c\u00e1maras de seguridad, pantallas digitales para reprisar las mejores im\u00e1genes del partido y mostrar las alineaciones de cada equipo; \u00e1reas de relajaci\u00f3n, centro m\u00e9dico equipado, entre otras cosas. Esta inversi\u00f3n, seg\u00fan un directivo del club, rondar\u00e1 los cuatro millones de d\u00f3lares<\/p>\n<p><a href=\"http:\/\/blog.espol.edu.ec\/msas16\/files\/2015\/06\/250px-SageoEG_-_BarcelonaSC_Museo_-_Pel\u00e9_sobre_el_estadio.jpg\"><img loading=\"lazy\" decoding=\"async\" class=\"  wp-image-88 aligncenter\" src=\"http:\/\/blog.espol.edu.ec\/msas16\/files\/2015\/06\/250px-SageoEG_-_BarcelonaSC_Museo_-_Pel\u00e9_sobre_el_estadio.jpg\" alt=\"250px-SageoEG_-_BarcelonaSC_Museo_-_Pel\u00e9_sobre_el_estadio\" width=\"506\" height=\"383\" \/><\/a><br \/>\n<img loading=\"lazy\" decoding=\"async\" class=\"  wp-image-46 aligncenter\" src=\"http:\/\/blog.espol.edu.ec\/msas16\/files\/2015\/06\/ER.jpg\" alt=\"ER\" width=\"464\" height=\"313\" \/><img loading=\"lazy\" decoding=\"async\" class=\"  wp-image-47 aligncenter\" src=\"http:\/\/blog.espol.edu.ec\/msas16\/files\/2015\/06\/SDF.jpg\" alt=\"SDF\" width=\"459\" height=\"309\" \/><img loading=\"lazy\" decoding=\"async\" class=\"  wp-image-31 aligncenter\" src=\"http:\/\/blog.espol.edu.ec\/msas16\/files\/2015\/06\/11180639_10204366386219818_9030558546854126411_n1-300x205.jpg\" alt=\"MONUMENTAL\" width=\"462\" height=\"319\" \/><\/p>\n","protected":false},"excerpt":{"rendered":"<p>El estadio del Barcelona SC es el Monumental Isidro Romero Carbo, propiedad del propio club. En la actualidad es conocido tambi\u00e9n por su nombre comercial como \"Estadio Banco Pichincha\". Inaugurado en 1987, posee actualmente una capacidad de 75.000 espectadores, pero &hellip; <a href=\"https:\/\/blog.espol.edu.ec\/msas16\/estadio-monumental\/\">Sigue leyendo <span class=\"meta-nav\">&rarr;<\/span><\/a><\/p>\n","protected":false},"author":9709,"featured_media":0,"parent":0,"menu_order":3,"comment_status":"closed","ping_status":"closed","template":"","meta":{"footnotes":""},"class_list":["post-44","page","type-page","status-publish","hentry"],"aioseo_notices":[],"_links":{"self":[{"href":"https:\/\/blog.espol.edu.ec\/msas16\/wp-json\/wp\/v2\/pages\/44","targetHints":{"allow":["GET"]}}],"collection":[{"href":"https:\/\/blog.espol.edu.ec\/msas16\/wp-json\/wp\/v2\/pages"}],"about":[{"href":"https:\/\/blog.espol.edu.ec\/msas16\/wp-json\/wp\/v2\/types\/page"}],"author":[{"embeddable":true,"href":"https:\/\/blog.espol.edu.ec\/msas16\/wp-json\/wp\/v2\/users\/9709"}],"replies":[{"embeddable":true,"href":"https:\/\/blog.espol.edu.ec\/msas16\/wp-json\/wp\/v2\/comments?post=44"}],"version-history":[{"count":6,"href":"https:\/\/blog.espol.edu.ec\/msas16\/wp-json\/wp\/v2\/pages\/44\/revisions"}],"predecessor-version":[{"id":90,"href":"https:\/\/blog.espol.edu.ec\/msas16\/wp-json\/wp\/v2\/pages\/44\/revisions\/90"}],"wp:attachment":[{"href":"https:\/\/blog.espol.edu.ec\/msas16\/wp-json\/wp\/v2\/media?parent=44"}],"curies":[{"name":"wp","href":"https:\/\/api.w.org\/{rel}","templated":true}]}}