{"id":10,"date":"2011-11-29T03:37:14","date_gmt":"2011-11-29T03:37:14","guid":{"rendered":"http:\/\/blog.espol.edu.ec\/myjarrin\/?page_id=10"},"modified":"2011-11-29T03:37:14","modified_gmt":"2011-11-29T03:37:14","slug":"historia-de-la-ecologia-precursores","status":"publish","type":"page","link":"https:\/\/blog.espol.edu.ec\/myjarrin\/historia-de-la-ecologia-precursores\/","title":{"rendered":"Historia de la Ecolog\u00eda- Precursores"},"content":{"rendered":"<div id=\"marcoarticulo\">La Etnolog\u00eda demuestra sobradamente que los pueblos primitivos pose\u00edan una aguda conciencia de la \u00edntima interdependencia que existe entre el mundo viviente y su \u00e1mbito f\u00edsico, llegando a acumular una considerable informaci\u00f3n ecol\u00f3gica, integrada en su vivencia m\u00e1gica del cosmos.A t\u00edtulo de ejemplo basta recordar los estudios de\u00a0Marcell Mauss (1906) sobre las sociedades esquimales y sus cambios estacionales, obra aut\u00e9nticamente pionera de la antropolog\u00eda ecol\u00f3gica.<\/p>\n<p>La investigaci\u00f3n de los documentos prehist\u00f3ricos e hist\u00f3ricos, confirma esta apreciaci\u00f3n de los etn\u00f3logos, ya que se han encontrado m\u00faltiples evidencias de un profundo conocimiento de las leyes ambientales por parte de las civilizaciones del pasado.<\/p>\n<p>Esta constataci\u00f3n no invalida en modo alguno la triste realidad del car\u00e1cter vand\u00e1lico de muchas acciones del hombre primitivo, con atentados que sorprenden por su terrible eficacia, habida cuenta de los escasos medios tecnol\u00f3gicos disponibles. La conocida frase de Reifenberg (1952), \"...<em>a los hijos del desierto se les deber\u00eda llamar m\u00e1s exactamente padres del desierto<\/em>\", puede resumir la larga lista de destrucciones ambientales provocadas desde los comienzos de la humanidad; pongamos como ejemplo los incendios forestales y la sobreexplotaci\u00f3n pastoril.<\/p>\n<p>El papel de determinados personajes y disciplinas en los inicios de la ecolog\u00eda<\/p>\n<p>Hay que reconocer a los bi\u00f3logos y ge\u00f3grafos un papel fundamental en los inicios de la ecolog\u00eda. Es justo recordar el aporte considerable de los griegos cl\u00e1sicos. Por ejemplo,\u00a0Arist\u00f3teles, adem\u00e1s de fil\u00f3sofo, fue un bi\u00f3logo y naturalista de gran talla. Baste citar sus libros sobre la vida y costumbres de los peces, fruto de sus di\u00e1logos con pescadores, y sus largas horas de observaci\u00f3n personal.<\/p>\n<p><img decoding=\"async\" src=\"http:\/\/www.natureduca.com\/images_cienc\/cienc_aristoteles.jpg\" alt=\"Arist\u00f3teles\" \/><br \/>\nArist\u00f3teles, adem\u00e1s de fil\u00f3sofo, fueun bi\u00f3logo y naturalista de gran talla.<\/p>\n<p>Si nos trasladamos al siglo XVIII, cuando la biolog\u00eda y la\u00a0geograf\u00eda se est\u00e1n transformando en las ciencias modernas que hoy conocemos, es imprescindible reconocer el car\u00e1cter absolutamente ecol\u00f3gico del trabajo de los\u00a0fisiologistas en su progresivo descubrimiento de las relaciones entre la vida vegetal y animal con los<a href=\"http:\/\/www.natureduca.com\/cienc_gen_factabioticos1.php\">factores abi\u00f3ticos<\/a> tales como la luz, el agua o el carbono. Entre los muchos ejemplos posibles, es suficiente recordar las investigaciones de\u00a0R\u00e9aumur en el campo de la temperatura, as\u00ed como las de\u00a0Leeuwenhoeck acerca de la formaci\u00f3n del almid\u00f3n en las plantas verdes.<\/p>\n<p><img decoding=\"async\" src=\"http:\/\/www.natureduca.com\/images_cienc\/cienc_buffon.jpg\" alt=\"Georges-Louis Leclerc de Buffon\" \/><br \/>\nGeorges-Louis Leclerc de Buffon<\/p>\n<p>Tambi\u00e9n se realizaron durante el siglo algunos de los grandes viajes cient\u00edficos que permitieron un conocimiento m\u00e1s metodol\u00f3gico de los paisajes geogr\u00e1ficos de los diversos continentes, ejemplo entre otros del\u00a0Conde de Buffon, autor de los primeros tratados de biolog\u00eda y\u00a0geolog\u00eda no basados en la Biblia; o\u00a0Alexander von Humboldt, el cual explor\u00f3 y estudi\u00f3 durante cinco a\u00f1os las tierras de Am\u00e9rica Latina.<\/p>\n<p><img decoding=\"async\" src=\"http:\/\/www.natureduca.com\/images_cienc\/cienc_humboldt.jpg\" alt=\"Alexander von Humboldt\" \/><br \/>\nAlexander von Humboldt<\/p>\n<p>El papel de los precursores del evolucionismo es asimismo fundamental, porque intu\u00edan que no hab\u00eda ning\u00fan tipo de predeterminismo en la gran variedad de especies vivientes existentes, sino progresivas adaptaciones ambientales.<\/p>\n<p>Erasmus Darwin, abuelo del universalmente famoso\u00a0Charles Darwin, predijo algunas de las grandes tesis evolucionistas que desarroll\u00f3 a\u00f1os m\u00e1s tarde su nieto y que influyeron de modo decisivo en las corrientes de pensamiento del siglo XIX.<\/p>\n<p>Sin duda alguna, la pol\u00e9mica entre deterministas y evolucionistas fue uno de los principales debates cient\u00edficos del siglo XIX, enfrentando a hombres de la categor\u00eda de\u00a0Cuvier, Owen,\u00a0Agassiz y K\u00f6lliker, contra los nuevos \"transformistas\"Lamarck,\u00a0Darwin,\u00a0Herbert Spencer,\u00a0Muller,\u00a0Haeckel, etc.<\/p>\n<p><img decoding=\"async\" src=\"http:\/\/www.natureduca.com\/images_cienc\/cienc_cuvier.jpg\" alt=\"Georges Cuvier\" \/> <img decoding=\"async\" src=\"http:\/\/www.natureduca.com\/images_cienc\/cienc_lamarck.jpg\" alt=\"Jean-Baptiste de Monet de Lamarck\" \/><br \/>\nGeorges Cuvier\u00a0y Jean-Baptiste de Monet de Lamarck<\/p>\n<p>El calor de la pol\u00e9mica fue muy fecundo, porque exigi\u00f3 de los transformistas que multiplicaran sus observaciones para justificar las nuevas teor\u00edas del evolucionismo.<\/p>\n<p><img decoding=\"async\" src=\"http:\/\/www.natureduca.com\/images_cienc\/cienc_owen.gif\" alt=\"Richard Owen\" \/><br \/>\nOwen<\/p>\n<p>En alguno de ellos se manifest\u00f3 una conversi\u00f3n forzada por las evidencias; por ejemplo en el cient\u00edfico gal\u00e9s Richard Owen, que a\u00fan siendo vivamente adversario de la nueva teor\u00eda evolucionista, realiz\u00f3 descubrimientos que \u00e9l mismo no pod\u00eda justificar si no era recurriendo a la teor\u00eda de Darwin.<\/p>\n<p>Fuente:<\/p>\n<p>http:\/\/www.natureduca.com\/cienc_hist_precursores.php<\/p>\n<\/div>\n","protected":false},"excerpt":{"rendered":"<p>La Etnolog\u00eda demuestra sobradamente que los pueblos primitivos pose\u00edan una aguda conciencia de la \u00edntima interdependencia que existe entre el mundo viviente y su \u00e1mbito f\u00edsico, llegando a acumular una considerable informaci\u00f3n ecol\u00f3gica, integrada en su vivencia m\u00e1gica del cosmos.A t\u00edtulo de ejemplo basta recordar los estudios de\u00a0Marcell Mauss (1906) sobre las sociedades esquimales y [&hellip;]<\/p>\n","protected":false},"author":7224,"featured_media":0,"parent":0,"menu_order":0,"comment_status":"open","ping_status":"open","template":"","meta":{"footnotes":""},"class_list":["post-10","page","type-page","status-publish","hentry"],"_links":{"self":[{"href":"https:\/\/blog.espol.edu.ec\/myjarrin\/wp-json\/wp\/v2\/pages\/10","targetHints":{"allow":["GET"]}}],"collection":[{"href":"https:\/\/blog.espol.edu.ec\/myjarrin\/wp-json\/wp\/v2\/pages"}],"about":[{"href":"https:\/\/blog.espol.edu.ec\/myjarrin\/wp-json\/wp\/v2\/types\/page"}],"author":[{"embeddable":true,"href":"https:\/\/blog.espol.edu.ec\/myjarrin\/wp-json\/wp\/v2\/users\/7224"}],"replies":[{"embeddable":true,"href":"https:\/\/blog.espol.edu.ec\/myjarrin\/wp-json\/wp\/v2\/comments?post=10"}],"version-history":[{"count":1,"href":"https:\/\/blog.espol.edu.ec\/myjarrin\/wp-json\/wp\/v2\/pages\/10\/revisions"}],"predecessor-version":[{"id":12,"href":"https:\/\/blog.espol.edu.ec\/myjarrin\/wp-json\/wp\/v2\/pages\/10\/revisions\/12"}],"wp:attachment":[{"href":"https:\/\/blog.espol.edu.ec\/myjarrin\/wp-json\/wp\/v2\/media?parent=10"}],"curies":[{"name":"wp","href":"https:\/\/api.w.org\/{rel}","templated":true}]}}