{"id":144,"date":"2016-10-25T18:20:48","date_gmt":"2016-10-25T18:20:48","guid":{"rendered":"http:\/\/blog.espol.edu.ec\/naomimartinez\/?page_id=144"},"modified":"2016-10-29T18:41:04","modified_gmt":"2016-10-29T18:41:04","slug":"avant-garde","status":"publish","type":"page","link":"https:\/\/blog.espol.edu.ec\/naomimartinez\/avant-garde\/","title":{"rendered":"Avant-garde"},"content":{"rendered":"<p>El\u00a0<b>vanguardismo<\/b>, o\u00a0<b>avant-garde<\/b>\u00a0en franc\u00e9s, se refiere a las personas o a las obras que son\u00a0experimentales\u00a0o innovadoras, en particular en lo que respecta al\u00a0arte, la\u00a0cultura, la\u00a0pol\u00edtica,\u00a0filosof\u00eda\u00a0y la\u00a0literatura.<\/p>\n<p>Representa un empuje de los l\u00edmites de lo que se acepta como la\u00a0norma\u00a0o\u00a0statu quo, sobre todo en el \u00e1mbito cultural. La noci\u00f3n de la existencia del vanguardismo es considerado por algunos como una caracter\u00edstica del\u00a0<a title=\"Modernismo (arte)\" href=\"https:\/\/es.wikipedia.org\/wiki\/Modernismo_(arte)\">modernismo<\/a>, a diferencia de la\u00a0<a title=\"Posmodernidad\" href=\"https:\/\/es.wikipedia.org\/wiki\/Posmodernidad\">posmodernidad<\/a>. Muchos artistas se han alineado con el movimiento avant-garde y a\u00fan contin\u00faan haci\u00e9ndolo, trazando una historia a partir del\u00a0<a title=\"Dada\u00edsmo\" href=\"https:\/\/es.wikipedia.org\/wiki\/Dada%C3%ADsmo\">dada\u00edsmo<\/a>\u00a0pasando por los\u00a0<a title=\"Internacional Situacionista\" href=\"https:\/\/es.wikipedia.org\/wiki\/Internacional_Situacionista\">situacionistas<\/a>\u00a0hasta artistas posmodernos como los\u00a0Poetas del Lenguaje\u00a0alrededor de 1981.<sup id=\"cite_ref-2\" class=\"reference\"><a href=\"https:\/\/es.wikipedia.org\/wiki\/Vanguardismo#cite_note-2\">2<\/a><\/sup><\/p>\n<p>El t\u00e9rmino tambi\u00e9n se refiere a la promoci\u00f3n de reformas sociales radicales. Fue este sentido el que fue evocado por el adherente a\u00a0<a title=\"Henri de Saint-Simon\" href=\"https:\/\/es.wikipedia.org\/wiki\/Henri_de_Saint-Simon\">Saint-Simon<\/a>,\u00a0<a title=\"Olinde Rodrigues\" href=\"https:\/\/es.wikipedia.org\/wiki\/Olinde_Rodrigues\">Olinde Rodrigues<\/a>, en su ensayo \"L'artiste, le savant et l'industriel\" (\"El artista, el cient\u00edfico y el industrial\", 1825), que contiene el primer uso registrado de \"avant-garde\" en su sentido ahora habitual: all\u00ed, Rodrigues pide a los artistas \"servir como el vanguardismo [de la gente]\", insistiendo en que \"el poder de las artes es, de hecho, la forma m\u00e1s inmediata y r\u00e1pida\" para la reforma social, pol\u00edtica y econ\u00f3mica.<sup id=\"cite_ref-3\" class=\"reference\"><a href=\"https:\/\/es.wikipedia.org\/wiki\/Vanguardismo#cite_note-3\">3<\/a><\/sup><\/p>\n<p>Estos movimientos art\u00edsticos renovadores, en general\u00a0dogm\u00e1ticos, se produjeron en\u00a0Europa\u00a0en las primeras d\u00e9cadas del\u00a0siglo XX; desde donde se extendieron al resto de los continentes, principalmente hacia\u00a0Am\u00e9rica, en donde se enfrentaron al\u00a0<a title=\"Modernismo (arte)\" href=\"https:\/\/es.wikipedia.org\/wiki\/Modernismo_(arte)\">modernismo<\/a>.<\/p>\n<p>La caracter\u00edstica primordial del vanguardismo es la\u00a0libertad de expresi\u00f3n, que se manifiesta alterando la estructura de las obras, abordando temas\u00a0<a title=\"Tab\u00fa\" href=\"https:\/\/es.wikipedia.org\/wiki\/Tab%C3%BA\">tab\u00fa<\/a>\u00a0y desordenando los par\u00e1metros creativos. En poes\u00eda se rompe con la m\u00e9trica y cobran protagonismo aspectos antes irrelevantes, como la\u00a0<a title=\"Tipograf\u00eda\" href=\"https:\/\/es.wikipedia.org\/wiki\/Tipograf%C3%ADa\">tipograf\u00eda<\/a>. En arquitectura se desecha la simetr\u00eda, para dar paso a la asimetr\u00eda. En pintura se rompe con las l\u00edneas, las formas, los colores neutros y la\u00a0perspectiva.<\/p>\n","protected":false},"excerpt":{"rendered":"<p>El\u00a0vanguardismo, o\u00a0avant-garde\u00a0en franc\u00e9s, se refiere a las personas o a las obras que son\u00a0experimentales\u00a0o innovadoras, en particular en lo que respecta al\u00a0arte, la\u00a0cultura, la\u00a0pol\u00edtica,\u00a0filosof\u00eda\u00a0y la\u00a0literatura. Representa un empuje de los l\u00edmites de lo que se acepta como la\u00a0norma\u00a0o\u00a0statu quo, sobre todo en el \u00e1mbito cultural. La noci\u00f3n de la existencia del vanguardismo es considerado por [&hellip;]<\/p>\n","protected":false},"author":10581,"featured_media":0,"parent":0,"menu_order":0,"comment_status":"closed","ping_status":"closed","template":"","meta":{"footnotes":""},"class_list":["post-144","page","type-page","status-publish","hentry"],"_links":{"self":[{"href":"https:\/\/blog.espol.edu.ec\/naomimartinez\/wp-json\/wp\/v2\/pages\/144","targetHints":{"allow":["GET"]}}],"collection":[{"href":"https:\/\/blog.espol.edu.ec\/naomimartinez\/wp-json\/wp\/v2\/pages"}],"about":[{"href":"https:\/\/blog.espol.edu.ec\/naomimartinez\/wp-json\/wp\/v2\/types\/page"}],"author":[{"embeddable":true,"href":"https:\/\/blog.espol.edu.ec\/naomimartinez\/wp-json\/wp\/v2\/users\/10581"}],"replies":[{"embeddable":true,"href":"https:\/\/blog.espol.edu.ec\/naomimartinez\/wp-json\/wp\/v2\/comments?post=144"}],"version-history":[{"count":3,"href":"https:\/\/blog.espol.edu.ec\/naomimartinez\/wp-json\/wp\/v2\/pages\/144\/revisions"}],"predecessor-version":[{"id":147,"href":"https:\/\/blog.espol.edu.ec\/naomimartinez\/wp-json\/wp\/v2\/pages\/144\/revisions\/147"}],"wp:attachment":[{"href":"https:\/\/blog.espol.edu.ec\/naomimartinez\/wp-json\/wp\/v2\/media?parent=144"}],"curies":[{"name":"wp","href":"https:\/\/api.w.org\/{rel}","templated":true}]}}