{"id":120,"date":"2014-06-11T17:31:33","date_gmt":"2014-06-11T17:31:33","guid":{"rendered":"http:\/\/blog.espol.edu.ec\/nathaliaaguillon\/?page_id=120"},"modified":"2014-06-11T17:38:06","modified_gmt":"2014-06-11T17:38:06","slug":"adiestramiento","status":"publish","type":"page","link":"https:\/\/blog.espol.edu.ec\/nathaliaaguillon\/adiestramiento\/","title":{"rendered":"Adiestramiento"},"content":{"rendered":"<p><strong><ins datetime=\"2014-06-09T09:54:02+00:00\">NORMAS PARA ADIESTRAR A TU PERRO<\/ins><br \/>\n<\/strong><br \/>\n<a href=\"http:\/\/blog.espol.edu.ec\/nathaliaaguillon\/files\/2014\/06\/perro-adiestrar-mascota-perros-getty_MUJIMA20130412_0048_291.jpg\"><img loading=\"lazy\" decoding=\"async\" src=\"http:\/\/blog.espol.edu.ec\/nathaliaaguillon\/files\/2014\/06\/perro-adiestrar-mascota-perros-getty_MUJIMA20130412_0048_291-300x197.jpg\" alt=\"perro-adiestrar-mascota-perros-getty_MUJIMA20130412_0048_29\" width=\"300\" height=\"197\" class=\"aligncenter size-medium wp-image-129\" srcset=\"https:\/\/blog.espol.edu.ec\/nathaliaaguillon\/files\/2014\/06\/perro-adiestrar-mascota-perros-getty_MUJIMA20130412_0048_291-300x197.jpg 300w, https:\/\/blog.espol.edu.ec\/nathaliaaguillon\/files\/2014\/06\/perro-adiestrar-mascota-perros-getty_MUJIMA20130412_0048_291.jpg 700w\" sizes=\"auto, (max-width: 300px) 100vw, 300px\" \/><\/a><br \/>\nEn el libro <em>\u201cLas normas de C\u00e9sar Mill\u00e1n\u201d <\/em>(editorial Aguilar), el conductor de los programas \u201cEl encantador de perros\u201d y \u201cEl l\u00edder de la manada\u201d nos da claves para el adiestramiento sin contacto f\u00edsico. El m\u00e9todo fue creado por el doctor Ian Dunbar, pionero en este tipo de ense\u00f1anza, libre de correas.<\/p>\n<p><strong>1. Al elegir a un cachorro de ocho semanas asegurate de que est\u00e1 adiestrado para una vida dom\u00e9stica y para no morder.<\/strong> Que haya aprendido a venir, sentarse, recostarse y rodar a la orden. Que haya conocido y lo hayan tocado al menos un centenar de personas.<\/p>\n<p><strong>2. Al adoptar un perro adulto asegurate de que todos los miembros de la familia lo prueben. <\/strong>Dedic\u00e1 mucho tiempo a tratarlo y sacalo a dar largos paseos. Hay un perro adecuado para tu familia, as\u00ed que asegurate de que lo eleg\u00eds con cuidado.<\/p>\n<p><strong>3. Desde el d\u00eda que tu cachorro o el perro que hayas adoptado lleguen a tu casa pon\u00e9 en pr\u00e1ctica un programa infalible de adiestramiento dom\u00e9stico y que aprenda a no morder.<\/strong> As\u00ed evitar\u00e1s que llene la casa de tierra, muerda los muebles y que ladre demasiado, y preparar\u00e1s a tu perro para que disfrute de los inevitables momentos en que tiene que quedarse solo en casa.<\/p>\n<p><strong>4. Nunca se deja de aprender a ser sociable. Hac\u00e9 que tus invitados ofrezcan siempre golosinas para mascotas a tu cachorro o perro, y ense\u00f1ales c\u00f3mo indicarle que se acerque y se siente cuando lo saluden.<\/strong> Del mismo modo, llev\u00e1 encima unas cuantas golosinas por si un desconocido quiere saludarlo. Elogi\u00e1 a tu perro y dale un par de golosinas cuando suceda algo que lo pueda asustar. De ese modo tu mascota ganar\u00e1 confianza y apreciar\u00e1 la compa\u00f1\u00eda de las personas.<\/p>\n<p><strong>5. No permitas que tu perro coma de un plato. Pes\u00e1 su porci\u00f3n diaria de albondigas y emple\u00e1 estos valiosos premios y se\u00f1uelos de comida para ense\u00f1arle buenos modales y adiestrar su conducta.<\/strong> Por las noches humedec\u00e9 las alb\u00f3ndigas, rellen\u00e1 con la pasta juguetes para morder y dejalos toda la noche en la heladera para d\u00e1rselos en el desayuno. Un perro que come de un juguete para morder reduce sus ladridos en noventa por ciento y aten\u00faa la hiperactividad y la ansiedad.<\/p>\n<p><strong>6. Adiestralo sin correa y ofrecele se\u00f1uelos y premios desde el principio.<\/strong> Jam\u00e1s uses una correa o toques a tu perro para obligarlo a obedecer. Sino, s\u00f3lo responder\u00e1 cuando lleve puesta la correa o cuando se encuentre al alcance de la mano. Por el contrario, us\u00e1 la mano para acariciar (premiar) al perro cuando obedezca.<\/p>\n<p><strong>7. Intercal\u00e1 breves per\u00edodos de adiestramiento en los paseos y los juegos. <\/strong>Cada dos minutos m\u00e1s o menos ped\u00ed al perro que se siente cuando est\u00e1 andando o que venga si est\u00e1 jugando, ofrecele una golosina y luego decile: \u201cvamos\u201d o \u201ca jugar\u201d. De ese modo, el perro no dar\u00e1 tirones de la correa y tanto el paseo como el juego se convertir\u00e1n en recompensas que benefician el adiestramiento en lugar de distracciones que lo perjudican.<\/p>\n<p><strong>A continuaci\u00f3n de como adiestrar a tu perro.<\/strong><br \/>\n<iframe loading=\"lazy\" title=\"C\u00f3mo adiestrar a tu perro\" width=\"500\" height=\"281\" src=\"https:\/\/www.youtube.com\/embed\/-w50ylEP_4E?feature=oembed\" frameborder=\"0\" allow=\"accelerometer; autoplay; clipboard-write; encrypted-media; gyroscope; picture-in-picture; web-share\" referrerpolicy=\"strict-origin-when-cross-origin\" allowfullscreen><\/iframe><\/p>\n","protected":false},"excerpt":{"rendered":"<p>NORMAS PARA ADIESTRAR A TU PERRO En el libro \u201cLas normas de C\u00e9sar Mill\u00e1n\u201d (editorial Aguilar), el conductor de los programas \u201cEl encantador de perros\u201d y \u201cEl l\u00edder de la manada\u201d nos da claves para el adiestramiento sin contacto f\u00edsico. El m\u00e9todo fue creado por el doctor Ian Dunbar, pionero en este tipo de ense\u00f1anza, [&hellip;]<\/p>\n","protected":false},"author":9164,"featured_media":0,"parent":0,"menu_order":0,"comment_status":"open","ping_status":"open","template":"","meta":{"footnotes":""},"class_list":["post-120","page","type-page","status-publish","hentry"],"_links":{"self":[{"href":"https:\/\/blog.espol.edu.ec\/nathaliaaguillon\/wp-json\/wp\/v2\/pages\/120","targetHints":{"allow":["GET"]}}],"collection":[{"href":"https:\/\/blog.espol.edu.ec\/nathaliaaguillon\/wp-json\/wp\/v2\/pages"}],"about":[{"href":"https:\/\/blog.espol.edu.ec\/nathaliaaguillon\/wp-json\/wp\/v2\/types\/page"}],"author":[{"embeddable":true,"href":"https:\/\/blog.espol.edu.ec\/nathaliaaguillon\/wp-json\/wp\/v2\/users\/9164"}],"replies":[{"embeddable":true,"href":"https:\/\/blog.espol.edu.ec\/nathaliaaguillon\/wp-json\/wp\/v2\/comments?post=120"}],"version-history":[{"count":8,"href":"https:\/\/blog.espol.edu.ec\/nathaliaaguillon\/wp-json\/wp\/v2\/pages\/120\/revisions"}],"predecessor-version":[{"id":125,"href":"https:\/\/blog.espol.edu.ec\/nathaliaaguillon\/wp-json\/wp\/v2\/pages\/120\/revisions\/125"}],"wp:attachment":[{"href":"https:\/\/blog.espol.edu.ec\/nathaliaaguillon\/wp-json\/wp\/v2\/media?parent=120"}],"curies":[{"name":"wp","href":"https:\/\/api.w.org\/{rel}","templated":true}]}}