{"id":132,"date":"2014-06-11T17:59:07","date_gmt":"2014-06-11T17:59:07","guid":{"rendered":"http:\/\/blog.espol.edu.ec\/nathaliaaguillon\/?page_id=132"},"modified":"2014-06-11T17:59:50","modified_gmt":"2014-06-11T17:59:50","slug":"132-2","status":"publish","type":"page","link":"https:\/\/blog.espol.edu.ec\/nathaliaaguillon\/132-2\/","title":{"rendered":"Deportes"},"content":{"rendered":"<p><strong><ins datetime=\"2014-06-09T10:05:06+00:00\">Deportes caninos: salud y diversi\u00f3n asegurada para tu perro<\/ins><\/strong><\/p>\n<p>Los deportes caninos suponen una garant\u00eda de salud, de diversi\u00f3n, de socializaci\u00f3n, de equilibrio emocional\u2026 Son tantas las ventajas que suponen la pr\u00e1ctica de estos deportes para tu perro que si no practica ning\u00fan deporte no ser\u00e1 por falta de alternativas. Evidentemente, tu perro necesita diariamente su dosis de paseo y sesiones de juegos variadas, pero si apuestas por la pr\u00e1ctica de alguno de los deportes que te voy a presentar a continuaci\u00f3n, asegurar\u00e1s que tu perro gane en el desarrollo de sus habilidades, a que potencie su capacidad mental, a enriquecerlo con nuevos est\u00edmulos, entre otras muchas ventajas.<br \/>\n<a href=\"http:\/\/blog.espol.edu.ec\/nathaliaaguillon\/files\/2014\/06\/dibujo.jpg\"><img loading=\"lazy\" decoding=\"async\" src=\"http:\/\/blog.espol.edu.ec\/nathaliaaguillon\/files\/2014\/06\/dibujo.jpg\" alt=\"dibujo\" width=\"250\" height=\"362\" class=\"aligncenter size-full wp-image-133\" srcset=\"https:\/\/blog.espol.edu.ec\/nathaliaaguillon\/files\/2014\/06\/dibujo.jpg 250w, https:\/\/blog.espol.edu.ec\/nathaliaaguillon\/files\/2014\/06\/dibujo-207x300.jpg 207w\" sizes=\"auto, (max-width: 250px) 100vw, 250px\" \/><\/a><\/p>\n<p><strong>Agility:<\/strong> es el deporte m\u00e1s conocido mundialmente. El Agility es un deporte de competici\u00f3n donde un gu\u00eda, normalmente su propietario, dirige a su perro en un circuito de obst\u00e1culos, los cuales tendr\u00e1 que librar de forma limpia y lo m\u00e1s exacta posible, en el m\u00ednimo tiempo posible.<br \/>\n<a href=\"http:\/\/blog.espol.edu.ec\/nathaliaaguillon\/files\/2014\/06\/deco-mascotas-450-agility-xl-668x400x80xX.jpg\"><img loading=\"lazy\" decoding=\"async\" src=\"http:\/\/blog.espol.edu.ec\/nathaliaaguillon\/files\/2014\/06\/deco-mascotas-450-agility-xl-668x400x80xX-300x179.jpg\" alt=\"deco-mascotas-450-agility-xl-668x400x80xX\" width=\"300\" height=\"179\" class=\"aligncenter size-medium wp-image-139\" srcset=\"https:\/\/blog.espol.edu.ec\/nathaliaaguillon\/files\/2014\/06\/deco-mascotas-450-agility-xl-668x400x80xX-300x179.jpg 300w, https:\/\/blog.espol.edu.ec\/nathaliaaguillon\/files\/2014\/06\/deco-mascotas-450-agility-xl-668x400x80xX.jpg 668w\" sizes=\"auto, (max-width: 300px) 100vw, 300px\" \/><\/a><br \/>\n<strong>Flyball:<\/strong> un deporte en auge, y muy conocido en Estados Unidos, Australia, Inglaterra o Canad\u00e1 donde causa furor. Se trata de un deporte que se practica en equipo en el que los perros deben correr por una pasarela de obst\u00e1culos que deben librar, hasta un dispositivo que deben pulsar para que escupa una pelota, que deben coger y volver al punto de partida para dar relevo al siguiente perro. Un deporte muy divertido para ellos y para los propietarios que lo viven con mucha intensidad.<br \/>\n<a href=\"http:\/\/blog.espol.edu.ec\/nathaliaaguillon\/files\/2014\/06\/border-collie-flyball-1.jpg\"><img loading=\"lazy\" decoding=\"async\" src=\"http:\/\/blog.espol.edu.ec\/nathaliaaguillon\/files\/2014\/06\/border-collie-flyball-1-300x200.jpg\" alt=\"border collie flyball 1\" width=\"300\" height=\"200\" class=\"aligncenter size-medium wp-image-142\" srcset=\"https:\/\/blog.espol.edu.ec\/nathaliaaguillon\/files\/2014\/06\/border-collie-flyball-1-300x200.jpg 300w, https:\/\/blog.espol.edu.ec\/nathaliaaguillon\/files\/2014\/06\/border-collie-flyball-1-1024x682.jpg 1024w, https:\/\/blog.espol.edu.ec\/nathaliaaguillon\/files\/2014\/06\/border-collie-flyball-1.jpg 1600w\" sizes=\"auto, (max-width: 300px) 100vw, 300px\" \/><\/a><br \/>\n<strong>Mushing:<\/strong> aunque el mushing es un medio de transporte en los pa\u00edses n\u00f3rdicos, se convirti\u00f3 en deporte cuando entr\u00f3 el tema de la competitividad. Se trata de los trineos tirados por perros. Evidentemente, es un deporte que solo se puede practicar en pa\u00edses donde hay nieve. Los perros disfrutan much\u00edsimo de este deporte.<br \/>\n<a href=\"http:\/\/blog.espol.edu.ec\/nathaliaaguillon\/files\/2014\/06\/mushing-daniel-wildi-photography.jpg\"><img loading=\"lazy\" decoding=\"async\" src=\"http:\/\/blog.espol.edu.ec\/nathaliaaguillon\/files\/2014\/06\/mushing-daniel-wildi-photography-300x167.jpg\" alt=\"mushing-daniel-wildi-photography\" width=\"300\" height=\"167\" class=\"aligncenter size-medium wp-image-143\" srcset=\"https:\/\/blog.espol.edu.ec\/nathaliaaguillon\/files\/2014\/06\/mushing-daniel-wildi-photography-300x167.jpg 300w, https:\/\/blog.espol.edu.ec\/nathaliaaguillon\/files\/2014\/06\/mushing-daniel-wildi-photography.jpg 900w\" sizes=\"auto, (max-width: 300px) 100vw, 300px\" \/><\/a><br \/>\n<strong>Bikej\u00f6ring:<\/strong> es una modalidad de mushing, pero en vez de trineo se utiliza una bicicleta, lo cual permite que pueda practicarse en pa\u00edses donde la nieve es escasa o totalmente nula. A diferencia tambi\u00e9n del mushing, el Bikejoring es tirado por uno o dos perros, en cambio en el mushing el trineo puede ser tirado hasta por diez perros.<br \/>\n<a href=\"http:\/\/blog.espol.edu.ec\/nathaliaaguillon\/files\/2014\/06\/Victor-7235_0.jpg\"><img loading=\"lazy\" decoding=\"async\" src=\"http:\/\/blog.espol.edu.ec\/nathaliaaguillon\/files\/2014\/06\/Victor-7235_0-300x148.jpg\" alt=\"Victor-7235_0\" width=\"300\" height=\"148\" class=\"aligncenter size-medium wp-image-144\" srcset=\"https:\/\/blog.espol.edu.ec\/nathaliaaguillon\/files\/2014\/06\/Victor-7235_0-300x148.jpg 300w, https:\/\/blog.espol.edu.ec\/nathaliaaguillon\/files\/2014\/06\/Victor-7235_0-1024x507.jpg 1024w, https:\/\/blog.espol.edu.ec\/nathaliaaguillon\/files\/2014\/06\/Victor-7235_0.jpg 1248w\" sizes=\"auto, (max-width: 300px) 100vw, 300px\" \/><\/a><br \/>\n<strong>Dogfrisbee:<\/strong> es un deporte muy nuevo que consiste en que el perro coja el disco que su propietario lanza al aire. Suena muy simple, pero es divertid\u00edsimo, sobretodo porque no se trata \u00fanicamente en lanzar el disco y que el perro lo coja al vuelo, sino que incluye acrobacias del propietario y del perro. Cuanto m\u00e1s espectaculares m\u00e1s posibilidades de ganar.<br \/>\n<a href=\"http:\/\/blog.espol.edu.ec\/nathaliaaguillon\/files\/2014\/06\/dogfrisbee-deportes-perros.png\"><img loading=\"lazy\" decoding=\"async\" src=\"http:\/\/blog.espol.edu.ec\/nathaliaaguillon\/files\/2014\/06\/dogfrisbee-deportes-perros-278x300.png\" alt=\"dogfrisbee-deportes-perros\" width=\"278\" height=\"300\" class=\"aligncenter size-medium wp-image-145\" srcset=\"https:\/\/blog.espol.edu.ec\/nathaliaaguillon\/files\/2014\/06\/dogfrisbee-deportes-perros-278x300.png 278w, https:\/\/blog.espol.edu.ec\/nathaliaaguillon\/files\/2014\/06\/dogfrisbee-deportes-perros.png 557w\" sizes=\"auto, (max-width: 278px) 100vw, 278px\" \/><\/a><br \/>\n<strong>Canicross:<\/strong> el canicross es una modalidad de mushing, en el que el propietario va de pie sobre raquetas o un patinete tirado \u00fanicamente por un perro si se practica sobre nieve, o corriendo con un arn\u00e9s atado al perro si se practica en tierra.<br \/>\nOtras disciplinas deportivas: competiciones de obediencia, de rescate, de salvamento acu\u00e1tico, de pastoreo, etc.<br \/>\n<a href=\"http:\/\/blog.espol.edu.ec\/nathaliaaguillon\/files\/2014\/06\/canicrossing_correr_con_tu_perro.jpg\"><img loading=\"lazy\" decoding=\"async\" src=\"http:\/\/blog.espol.edu.ec\/nathaliaaguillon\/files\/2014\/06\/canicrossing_correr_con_tu_perro-300x180.jpg\" alt=\"canicrossing_correr_con_tu_perro\" width=\"300\" height=\"180\" class=\"aligncenter size-medium wp-image-146\" srcset=\"https:\/\/blog.espol.edu.ec\/nathaliaaguillon\/files\/2014\/06\/canicrossing_correr_con_tu_perro-300x180.jpg 300w, https:\/\/blog.espol.edu.ec\/nathaliaaguillon\/files\/2014\/06\/canicrossing_correr_con_tu_perro.jpg 600w\" sizes=\"auto, (max-width: 300px) 100vw, 300px\" \/><\/a><\/p>\n<blockquote><p>Como puedes observar, todas estas pr\u00e1cticas deportivas caninas necesitan de tu participaci\u00f3n directa. El perro no solo podr\u00e1 practicar deporte con todos los beneficios que conlleva, sino que t\u00fa como propietario tambi\u00e9n podr\u00e1s ganar en salud con la pr\u00e1ctica de estos deportes junto a tu perro, reforzando vuestro v\u00ednculo.<\/p><\/blockquote>\n","protected":false},"excerpt":{"rendered":"<p>Deportes caninos: salud y diversi\u00f3n asegurada para tu perro Los deportes caninos suponen una garant\u00eda de salud, de diversi\u00f3n, de socializaci\u00f3n, de equilibrio emocional\u2026 Son tantas las ventajas que suponen la pr\u00e1ctica de estos deportes para tu perro que si no practica ning\u00fan deporte no ser\u00e1 por falta de alternativas. Evidentemente, tu perro necesita diariamente [&hellip;]<\/p>\n","protected":false},"author":9164,"featured_media":0,"parent":0,"menu_order":0,"comment_status":"open","ping_status":"open","template":"","meta":{"footnotes":""},"class_list":["post-132","page","type-page","status-publish","hentry"],"_links":{"self":[{"href":"https:\/\/blog.espol.edu.ec\/nathaliaaguillon\/wp-json\/wp\/v2\/pages\/132","targetHints":{"allow":["GET"]}}],"collection":[{"href":"https:\/\/blog.espol.edu.ec\/nathaliaaguillon\/wp-json\/wp\/v2\/pages"}],"about":[{"href":"https:\/\/blog.espol.edu.ec\/nathaliaaguillon\/wp-json\/wp\/v2\/types\/page"}],"author":[{"embeddable":true,"href":"https:\/\/blog.espol.edu.ec\/nathaliaaguillon\/wp-json\/wp\/v2\/users\/9164"}],"replies":[{"embeddable":true,"href":"https:\/\/blog.espol.edu.ec\/nathaliaaguillon\/wp-json\/wp\/v2\/comments?post=132"}],"version-history":[{"count":8,"href":"https:\/\/blog.espol.edu.ec\/nathaliaaguillon\/wp-json\/wp\/v2\/pages\/132\/revisions"}],"predecessor-version":[{"id":148,"href":"https:\/\/blog.espol.edu.ec\/nathaliaaguillon\/wp-json\/wp\/v2\/pages\/132\/revisions\/148"}],"wp:attachment":[{"href":"https:\/\/blog.espol.edu.ec\/nathaliaaguillon\/wp-json\/wp\/v2\/media?parent=132"}],"curies":[{"name":"wp","href":"https:\/\/api.w.org\/{rel}","templated":true}]}}