{"id":89,"date":"2011-01-27T13:34:14","date_gmt":"2011-01-27T13:34:14","guid":{"rendered":"http:\/\/blog.espol.edu.ec\/nbonifazm\/?page_id=89"},"modified":"2011-01-27T13:34:14","modified_gmt":"2011-01-27T13:34:14","slug":"actores","status":"publish","type":"page","link":"https:\/\/blog.espol.edu.ec\/nbonifazm\/actores\/","title":{"rendered":"Actores"},"content":{"rendered":"<div>\n<h2><span style=\"color: #993300\">Amitabh Bachchan<\/span><\/h2>\n<p><a href=\"http:\/\/blog.espol.edu.ec\/nbonifazm\/files\/2011\/01\/amitabh_bachchan.jpg\"><img loading=\"lazy\" decoding=\"async\" class=\"alignleft\" title=\"amitabh_bachchan\" src=\"http:\/\/blog.espol.edu.ec\/nbonifazm\/files\/2011\/01\/amitabh_bachchan.jpg\" alt=\"\" width=\"182\" height=\"240\" \/><\/a>Amitabh Bachchan\u00a0Harivansh\u00a0es un actor de cine indio, productor y presentador de Tv\u00a0nacido el 11 de Octubre de 1942 en Allahabad (India).<\/p>\n<p>Proviene de una familia hind\u00fa. Hijo del Dr. Harivansh Rai Bachchan qui\u00e9n fue un poeta\u00a0y la\u00a0Sra.\u00a0Teji Bachchan que\u00a0era un<a href=\"http:\/\/es.wikipedia.org\/wiki\/Sijismo\" target=\"_blank\"> sij <\/a>(religi\u00f3n de la India).\u00a0A pesar de su apellido\u00a0 Shrivastava, su padre hab\u00eda adoptado el seud\u00f3nimo de Bachchan.<\/p>\n<p>Es con este apellido que Amitabh debut\u00f3 en el cine, y, a todos los efectos p\u00fablicos, se ha convertido en el apellido de todos los miembros de su familia actual.<\/p>\n<p>Se cas\u00f3 con su co-estrella de Jaya Bhaduri, el 3 de junio de 1973 y tienen dos hijos, Shweta y Abhishek. Este \u00faltimo es tambi\u00e9n un actor, casado con Aishwarya Rai.<\/p>\n<h2><span style=\"color: #993300\">Shahrukh Khan<\/span><\/h2>\n<p><a href=\"http:\/\/blog.espol.edu.ec\/nbonifazm\/files\/2011\/01\/Shahrukh_Khan_002.jpg\"><img loading=\"lazy\" decoding=\"async\" class=\"alignright\" title=\"Shahrukh_Khan_002\" src=\"http:\/\/blog.espol.edu.ec\/nbonifazm\/files\/2011\/01\/Shahrukh_Khan_002.jpg\" alt=\"\" width=\"182\" height=\"240\" \/><\/a><\/p>\n<p>Nacido el 2 de Noviembre de 1965, en Nueva Delhi; m\u00e1s conocido en el cine indio como SRK o \"El King Khan\", debido a que es el actor m\u00e1s popular y querido\u00a0entre los\u00a0cuatro Khan m\u00e1s conocidos en Bollywood (Salman Khan, Aamir Khan y Saif Ali Khan).<\/p>\n<p>Hijo de padres musulmanes; Taj Mohammed Khan quien era un activista de la independencia india\u00a0y Fatima Begum. Casado con Gauri\u00a0Chibber el 25 de Octubre de 1991, en una ceremonia hind\u00fa; actualmente tienen dos hijos, Aryan y Suhana.<\/p>\n<p>Obtuvo\u00a0su licenciatura en Econom\u00eda,\u00a0 en la Universidad Hansraj, donde se gradu\u00f3 con honores, luego sigui\u00f3 una maestr\u00eda en\u00a0Comunicaci\u00f3n de Masas, a pesar de\u00a0esto\u00a0Khan obt\u00f3 por hacer su carrera en Bollywood, llegando as\u00ed, a ser uno de los actores m\u00e1s exitosos del cine hindi.<\/p>\n<h2><img decoding=\"async\" title=\"M\u00e1s...\" src=\"http:\/\/blog.espol.edu.ec\/nbonifazm\/wp-includes\/js\/tinymce\/plugins\/wordpress\/img\/trans.gif\" alt=\"\" \/><\/h2>\n<h2><span style=\"color: #993300\">Salman Khan<\/span><\/h2>\n<h2><a href=\"http:\/\/blog.espol.edu.ec\/nbonifazm\/files\/2011\/01\/salman-khan1.jpg\"><img loading=\"lazy\" decoding=\"async\" class=\"alignleft\" title=\"salman khan\" src=\"http:\/\/blog.espol.edu.ec\/nbonifazm\/files\/2011\/01\/salman-khan1.jpg\" alt=\"\" width=\"215\" height=\"235\" \/><\/a><\/h2>\n<p>Actor indio y pol\u00e9mico, nacido el 27 de Diciembre de 1965, en Bombay, India.\u00a0 Ha aparecido en m\u00e1s de ochenta pel\u00edculas.<\/p>\n<p>Hijo mayor del guionista Salim Khan y su primera esposa Salma Khan. tiene dos hermanos, Arbaaz Khan y Sohail Khan tambi\u00e9n actores; y dos hermanas, Alvira y Arpita.<\/p>\n<p>Frecuentemente visita a ni\u00f1os enfermos en los hospitales y a menudo realiza donaciones de sangre.<\/p>\n<p>Hace ejercicios todos los d\u00edas; siente que su d\u00eda est\u00e1 incompleto si no se ejercita.<\/p>\n<p>Fue elegido como el 7mo hombre m\u00e1s atractivo en el mundohgfhjfjkflfg\u00a0por la revista \"People\".<\/p>\n<p>Fue arrestado y encarcelado en Octubre del 1998 por realizar caza furtiva de animales salvajes, despu\u00e9s de que disparara a un ant\u00edlope negro cerca de Jodhpur, un espec\u00edmen raro.<\/p>\n<p>Fue arrestado en el 2001 por la pol\u00edcia por tene conexi\u00f3n con la mafia. Fue cuestionado por Bharat, productor de Chori Chori Chupke Chupke a quien tambi\u00e9n se le vincula con la mafia.<\/p>\n<p>Arrestado por homicidio culposo por la muerte de un hombre en un accidente automovil\u00edstico en Bombay. Salman estuvo implicado en una accidente en donde varias personas sin hogar fueron golpeadas por un carro al norte de Bombay. Se le acus\u00f3 de homicido culposo sin llegar asesinato. Tambi\u00e9n tiene cargos por manejar ebrio y tener vencida su licencia de conducir.<\/p>\n<p>Tuvo un publicitado romance con Aishwarya Rai, con la que estuvo dos a\u00f1os: Aparentemente la separaci\u00f3n la dej\u00f3 muy afectada ya que en una conferencia de prensa en la primavera del 2003 declar\u00f3 que no volver\u00eda a trabajar con \u00e9l por razones personales.<\/p>\n<p>En otra conferencia de prensa en la primavera del 2003, Vivek Oberoi lo acus\u00f3 por haberlo llamado 41 veces en una noche amenazandolo de muerte.<\/p>\n<h2><span style=\"color: #993300\">Aamir Khan<\/span><\/h2>\n<p><a href=\"http:\/\/blog.espol.edu.ec\/nbonifazm\/files\/2011\/01\/Aamir_Khan_9.jpg\"><img loading=\"lazy\" decoding=\"async\" class=\"alignright\" title=\"Aamir_Khan_9\" src=\"http:\/\/blog.espol.edu.ec\/nbonifazm\/files\/2011\/01\/Aamir_Khan_9.jpg\" alt=\"\" width=\"202\" height=\"267\" \/><\/a><\/p>\n<p>Actor, director y productor del cine indio, ha trabajado en una serie de pel\u00edculas de \u00e9xito y buena cr\u00edtica comercial, estableci\u00e9ndose as\u00ed como uno de los principales actores de la industria f\u00edlmica hindi.<\/p>\n<p>Nacido el 14 de marzo de 1965, en Mumbai, India, procede de una familia musulm\u00e1n que ha participado activamente en la industria cinematogr\u00e1fica india desde hace varias d\u00e9cadas.<\/p>\n<p>Hijo de Tahir Hussain, productor de cine\u00a0 y de Zeenat Hussain. Se cas\u00f3 con Reena Dutta,el 18 de abril de 1986. They have two children, a son named Junaid and a daughter, Ira. Tienen dos hijos, un hijo llamado Junaid y una hija, Ira.<\/p>\n<p>En diciembre de 2002, Khan pidi\u00f3 el divorcio, poniendo fin al matrimonio de 15 a\u00f1os. Reena tom\u00f3 la costodia de los ni\u00f1os.\u00a0 El 28 de Diciember del 2005, Khan se cas\u00f3 con Kiran Rao, que hab\u00eda sido ayudante de direcci\u00f3n, durante el rodaje de Lagaan, pel\u00edcula hecha por su productora.<\/p>\n<p>Khan comenz\u00f3 su carrera cinematogr\u00e1fica como actor infantil en una producci\u00f3n casera, hecha por Nasir Hussain, titulado Yaadon Ki Baraat (1973) y Madhosh (1974). Eleven years later, he made his adult acting debut in a role that went quite unnoticed in Ketan Mehta 's Holi (1984). Once a\u00f1os m\u00e1s tarde, hizo su debut en calidad de adultos en un papel que pas\u00f3 bastante desapercibido en Ketan Mehta 's Holi (1984).<\/p>\n<p>Su participaci\u00f3n en la pel\u00edcula Qayamat Se Qayamat Tak fue un \u00e9xito promoviendo as\u00ed, su carrera efectiva como actor principal, conocido actualmente en el mundo del cine por su perfeccionismo.<\/p>\n<p>Khan fund\u00f3 una productora, Aamir Khan Productions, en el a\u00f1o 2001, con su segunda esposa Kiran Rao.<\/p>\n<\/div>\n","protected":false},"excerpt":{"rendered":"<p>Amitabh Bachchan Amitabh Bachchan\u00a0Harivansh\u00a0es un actor de cine indio, productor y presentador de Tv\u00a0nacido el 11 de Octubre de 1942 en Allahabad (India). Proviene de una familia hind\u00fa. Hijo del Dr. Harivansh Rai Bachchan qui\u00e9n fue un poeta\u00a0y la\u00a0Sra.\u00a0Teji Bachchan que\u00a0era un sij (religi\u00f3n de la India).\u00a0A pesar de su apellido\u00a0 Shrivastava, su padre hab\u00eda [&hellip;]<\/p>\n","protected":false},"author":5423,"featured_media":0,"parent":0,"menu_order":0,"comment_status":"open","ping_status":"open","template":"","meta":{"footnotes":""},"class_list":["post-89","page","type-page","status-publish","hentry"],"_links":{"self":[{"href":"https:\/\/blog.espol.edu.ec\/nbonifazm\/wp-json\/wp\/v2\/pages\/89","targetHints":{"allow":["GET"]}}],"collection":[{"href":"https:\/\/blog.espol.edu.ec\/nbonifazm\/wp-json\/wp\/v2\/pages"}],"about":[{"href":"https:\/\/blog.espol.edu.ec\/nbonifazm\/wp-json\/wp\/v2\/types\/page"}],"author":[{"embeddable":true,"href":"https:\/\/blog.espol.edu.ec\/nbonifazm\/wp-json\/wp\/v2\/users\/5423"}],"replies":[{"embeddable":true,"href":"https:\/\/blog.espol.edu.ec\/nbonifazm\/wp-json\/wp\/v2\/comments?post=89"}],"version-history":[{"count":3,"href":"https:\/\/blog.espol.edu.ec\/nbonifazm\/wp-json\/wp\/v2\/pages\/89\/revisions"}],"predecessor-version":[{"id":129,"href":"https:\/\/blog.espol.edu.ec\/nbonifazm\/wp-json\/wp\/v2\/pages\/89\/revisions\/129"}],"wp:attachment":[{"href":"https:\/\/blog.espol.edu.ec\/nbonifazm\/wp-json\/wp\/v2\/media?parent=89"}],"curies":[{"name":"wp","href":"https:\/\/api.w.org\/{rel}","templated":true}]}}