{"id":98,"date":"2016-11-13T06:53:58","date_gmt":"2016-11-13T06:53:58","guid":{"rendered":"http:\/\/blog.espol.edu.ec\/nelpmont\/?page_id=98"},"modified":"2016-11-13T06:53:58","modified_gmt":"2016-11-13T06:53:58","slug":"frases-de-libros","status":"publish","type":"page","link":"https:\/\/blog.espol.edu.ec\/nelpmont\/frases-de-libros\/","title":{"rendered":"Frases de libros"},"content":{"rendered":"<div class=\"entrytitle_wrap\">\n<div class=\"entrytitle\">\n<h1>Libro: Un lugar donde refugiarse.<\/h1>\n<\/div>\n<\/div>\n<div class=\"entrybody\">\n<p>Estoy enamorado de ti. Si te quedas te prometo que no habr\u00e1 ning\u00fan lugar en el mundo que sea m\u00e1s seguro que aqu\u00ed, conmigo.<\/p>\n<p><img loading=\"lazy\" decoding=\"async\" class=\"aligncenter\" src=\"http:\/\/cde.peru21.pe\/ima\/0\/0\/1\/4\/2\/142564.jpg\" alt=\"Resultado de imagen para Un lugar donde refugiarse\" width=\"323\" height=\"182\" \/><\/p>\n<\/div>\n<div class=\"entrytitle_wrap\">\n<div class=\"entrytitle\">\n<h1>Libro: Diario de una pasi\u00f3n.<\/h1>\n<\/div>\n<\/div>\n<div class=\"entrybody\">\n<p style=\"text-align: justify\">Los amores de verano se acaban por toda clase de razones. Pero al fin de cuentas tienen una cosa en com\u00fan: Son estrellas fugaces, un instante grandioso de la luz de los cielos, una visi\u00f3n moment\u00e1nea de la eternidad, y en un abrir y cerrar de ojos se van.<\/p>\n<p><img loading=\"lazy\" decoding=\"async\" class=\"size-medium wp-image-35 aligncenter\" src=\"http:\/\/blog.espol.edu.ec\/nelpmont\/files\/2016\/11\/The-Notebook-Diario-pasion_NACIMA20140109_0089_6-300x168.png\" alt=\"the-notebook-diario-pasion_nacima20140109_0089_6\" width=\"300\" height=\"168\" srcset=\"https:\/\/blog.espol.edu.ec\/nelpmont\/files\/2016\/11\/The-Notebook-Diario-pasion_NACIMA20140109_0089_6-300x168.png 300w, https:\/\/blog.espol.edu.ec\/nelpmont\/files\/2016\/11\/The-Notebook-Diario-pasion_NACIMA20140109_0089_6.png 460w\" sizes=\"auto, (max-width: 300px) 100vw, 300px\" \/><\/p>\n<\/div>\n<div class=\"entrytitle_wrap\">\n<div class=\"entrytitle\">\n<h1>Libro: Diario de una pasi\u00f3n.<\/h1>\n<\/div>\n<\/div>\n<div class=\"entrybody\">\n<p>No concordaban mucho. De hecho, casi nunca concordaban. Siempre se peleaban. Y se retaban uno al otro cada d\u00eda. Pero a pesar de sus diferencias, ten\u00edan algo importante en com\u00fan. Estaban locos el uno por el otro.<\/p>\n<p><img loading=\"lazy\" decoding=\"async\" class=\"size-medium wp-image-8 aligncenter\" src=\"http:\/\/blog.espol.edu.ec\/nelpmont\/files\/2016\/11\/tumblr_mbyt9xNrSb1qhf403o1_500-300x199.png\" alt=\"tumblr_mbyt9xnrsb1qhf403o1_500\" width=\"300\" height=\"199\" srcset=\"https:\/\/blog.espol.edu.ec\/nelpmont\/files\/2016\/11\/tumblr_mbyt9xNrSb1qhf403o1_500-300x199.png 300w, https:\/\/blog.espol.edu.ec\/nelpmont\/files\/2016\/11\/tumblr_mbyt9xNrSb1qhf403o1_500.png 500w\" sizes=\"auto, (max-width: 300px) 100vw, 300px\" \/><\/p>\n<\/div>\n<h1>Libro:\u00a0Un paseo para recordar.<\/h1>\n<p style=\"text-align: justify\">El amor es siempre paciente y amable, y nunca celoso. El amor nunca es jactancioso o presumido. Nunca es rudo o ego\u00edsta. Nunca se ofende ni es rencoroso. El amor no se deleita con los pecados de otros, sino que se deleita con la verdad. Siempre est\u00e1 dispuesto a disculpar, a confiar, a sentir esperanza y a soportar lo que sobrevenga.<\/p>\n<p><img loading=\"lazy\" decoding=\"async\" class=\"aligncenter\" src=\"https:\/\/i0.wp.com\/frasesdelapelicula.com\/wp-content\/uploads\/2010\/10\/Un-paseo-para-recordar.jpg?fit=600%2C886&amp;ssl=1\" alt=\"Un paseo para recordar\" width=\"166\" height=\"245\" \/><\/p>\n<p>&nbsp;<\/p>\n<h1>Libro:\u00a0Orgullo y Prejuicio.<\/h1>\n<p><span class=\"whole-read-more\">\u201cSi sus sentimientos son los mismos que en abril, d\u00edgalo de una vez, una palabra suya me silenciara para siempre. Si sus sentimientos hubiesen cambiado, tendr\u00eda que decirle que me ha hechizado en cuerpo y alma y la amo, la amo, la amo, no quiero estar sin usted otro d\u00eda.\u201d<\/span><\/p>\n<p><img decoding=\"async\" class=\"aligncenter\" src=\"http:\/\/2.bp.blogspot.com\/-a_NuMLcSnDY\/VhVxe2yocCI\/AAAAAAAAFVs\/-0nQ9VzSWdk\/s320\/orgullo-prejuicio.jpg\" alt=\"Resultado de imagen para orgullo y prejuicio\" \/><\/p>\n<p>&nbsp;<\/p>\n<h1>Libro: Yo antes de ti.<\/h1>\n<p>Solo tienes una vida. V\u00edvela lo m\u00e1s plenamente posible.<\/p>\n<p><img loading=\"lazy\" decoding=\"async\" class=\"aligncenter\" src=\"http:\/\/image1.casadellibro.com\/a\/l\/t0\/31\/9788483655931.jpg\" alt=\"Resultado de imagen para yo antes de ti\" width=\"182\" height=\"279\" \/><\/p>\n","protected":false},"excerpt":{"rendered":"<p>Libro: Un lugar donde refugiarse. Estoy enamorado de ti. Si te quedas te prometo que no habr\u00e1 ning\u00fan lugar en el mundo que sea m\u00e1s seguro que aqu\u00ed, conmigo. Libro: Diario de una pasi\u00f3n. Los amores de verano se acaban por toda clase de razones. Pero al fin de cuentas tienen una cosa en com\u00fan: [&hellip;]<\/p>\n","protected":false},"author":10708,"featured_media":0,"parent":0,"menu_order":0,"comment_status":"closed","ping_status":"closed","template":"","meta":{"footnotes":""},"class_list":["post-98","page","type-page","status-publish","hentry"],"_links":{"self":[{"href":"https:\/\/blog.espol.edu.ec\/nelpmont\/wp-json\/wp\/v2\/pages\/98","targetHints":{"allow":["GET"]}}],"collection":[{"href":"https:\/\/blog.espol.edu.ec\/nelpmont\/wp-json\/wp\/v2\/pages"}],"about":[{"href":"https:\/\/blog.espol.edu.ec\/nelpmont\/wp-json\/wp\/v2\/types\/page"}],"author":[{"embeddable":true,"href":"https:\/\/blog.espol.edu.ec\/nelpmont\/wp-json\/wp\/v2\/users\/10708"}],"replies":[{"embeddable":true,"href":"https:\/\/blog.espol.edu.ec\/nelpmont\/wp-json\/wp\/v2\/comments?post=98"}],"version-history":[{"count":1,"href":"https:\/\/blog.espol.edu.ec\/nelpmont\/wp-json\/wp\/v2\/pages\/98\/revisions"}],"predecessor-version":[{"id":99,"href":"https:\/\/blog.espol.edu.ec\/nelpmont\/wp-json\/wp\/v2\/pages\/98\/revisions\/99"}],"wp:attachment":[{"href":"https:\/\/blog.espol.edu.ec\/nelpmont\/wp-json\/wp\/v2\/media?parent=98"}],"curies":[{"name":"wp","href":"https:\/\/api.w.org\/{rel}","templated":true}]}}