{"id":251,"date":"2011-02-11T17:51:55","date_gmt":"2011-02-11T17:51:55","guid":{"rendered":"http:\/\/blog.espol.edu.ec\/nicolecabanilla\/?page_id=251"},"modified":"2011-02-11T20:14:36","modified_gmt":"2011-02-11T20:14:36","slug":"d%c2%bfsc0s-v%c2%bfrtul3s","status":"publish","type":"page","link":"https:\/\/blog.espol.edu.ec\/nicolecabanilla\/d%c2%bfsc0s-v%c2%bfrtul3s\/","title":{"rendered":"D\u00bfsc0s V\u00bfrtu@L3s"},"content":{"rendered":"<h1 style=\"text-align: center\">\u00bfque son discos virtulaes?<\/h1>\n<p>Imag\u00ednate: todos tus documentos importantes de texto, hojas de c\u00e1lculo, m\u00fasica, v\u00eddeos y otros archivos descansan seguros y c\u00f3modos en la unidad de disco duro de tu PC.<\/p>\n<p>\u00bfQue pasar\u00eda si\u2026<\/p>\n<p>\u00a0 \u2026 la unidad de disco se descompone,<\/p>\n<p>\u00a0 \u2026 si se agota el espacio,<\/p>\n<p>\u00a0 \u2026 o si quisieras una forma f\u00e1cil de compartir esos archivos con tus amigos?<\/p>\n<p>Los servicios de almacenamiento basados en la Web te permiten hacer una copia de seguridad de tus datos, almacenar tus archivos en un servidor de la Web, o compartirlos simple y r\u00e1pidamente con cualquiera, casi siempre sin tener que pagar un centavo.<\/p>\n<p><strong>\u00bfQu\u00e9 es el Disco Duro Virtual?<\/strong> \u00a0<\/p>\n<p>\u00a0Un Disco Duro Virtual es un servicio que se ofrece a trav\u00e9s del Internet en el cual el usuario dispone de espacio en un servidor donde puede guardar archivos (documentos, fotos, m\u00fasica, presentaciones, hojas de c\u00e1lculo, bases de datos, v\u00eddeos...) con las respectivas garant\u00edas de seguridad y privacidad que cada servidor establece. Estos archivos se pueden acceder desde cualquier parte del mundo con conexi\u00f3n al Internet. Tambi\u00e9n es posible compartir los archivos con otras personas.<\/p>\n<p><strong>\u00bfCu\u00e1l es la ventaja de usar el servicio DDV?<\/strong><\/p>\n<p>Puede tener <strong>acceso<\/strong> a los archivos almacenados en el DDV <strong>desde cualquier parte del mundo<\/strong>, basta con tener un computador conectado a Internet. Por eso es \u00fatil para aquellas personas que realizan parte de su actividad fuera del hogar o del lugar de trabajo, como estudiantes y profesionales con movilidad.<\/p>\n<ul>\n<li>Puede <strong>transmitir<\/strong> <strong>y<\/strong> <strong>almacenar<\/strong> archivos de gran tama\u00f1o (dependiendo del servicio seleccionado), por ejemplo subir archivos desde tu casa y bajarlos en el colegio, universidad o trabajo.<\/li>\n<li>Usted puede usar esta zona para <strong>compartir<\/strong> <strong>archivos<\/strong> con sus clientes y proveedores, como v\u00eddeo, PDF y otros formatos, que sean complicados de enviar por e-mail.<\/li>\n<\/ul>\n<p><strong>\u00bfQu\u00e9 diferencia existe entre mi disco duro del PC y un disco duro virtual?<\/strong><\/p>\n<p>La diferencia b\u00e1sica radica en la posibilidad de acceso. Mientras un disco duro tradicional est\u00e1 instalado en un determinado equipo, al que usted debe acceder f\u00edsicamente para consultar la informaci\u00f3n, en un disco duro virtual la informaci\u00f3n se encuentra en un servidor Internet, el cual es accesible desde cualquier punto donde usted tenga acceso a Internet<\/p>\n<p><strong>\u00bfCu\u00e1nto me costar\u00e1?<\/strong><\/p>\n<p>\u00a0Existen muchos servicios de disco duro virtual que son gratuitos u ofrecen un per\u00edodo de prueba sin costo. Otros servidores ofrecen un servicio b\u00e1sico gratis, al cual se le puede a\u00f1adir funciones al suscribirse a un plan con costo. \u00a0Sin embargo, para acceder a algunas versiones de prueba todav\u00eda tendr\u00e1 usted que proveer la informaci\u00f3n de alguna tarjeta de cr\u00e9dito, as\u00ed que no se olvide de cancelar el servicio si no es de su agrado. La mayor\u00eda de los servicios que cobran cancelan su cuenta autom\u00e1ticamente al final del per\u00edodo de prueba.<\/p>\n<p><strong>\u00bfQu\u00e9 disco virtual debo utilizar?<\/strong><\/p>\n<p>\u00a0Para determinar el servicio que usar\u00e1, debe pensar en el formato de los documentos que guardar\u00e1. Si trabajar\u00e1 con documentos de Word, que tienen un tama\u00f1o relativamente menor que otros formatos y en promedio consume de 50 a 100 Kb, puede utilizar servicios que ofrecen menos espacio de almacenaje. Por otro lado, si guardar\u00e1 archivos como fotos, m\u00fasica o v\u00eddeos, debe pensar en un servicio con mayor espacio, pues este tipo de archivos tiene formatos que ocupan espacios en promedio de 1MB en adelante.<\/p>\n","protected":false},"excerpt":{"rendered":"<p>\u00bfque son discos virtulaes? Imag\u00ednate: todos tus documentos importantes de texto, hojas de c\u00e1lculo, m\u00fasica, v\u00eddeos y otros archivos descansan seguros y c\u00f3modos en la unidad de disco duro de tu PC. \u00bfQue pasar\u00eda si\u2026 \u00a0 \u2026 la unidad de disco se descompone, \u00a0 \u2026 si se agota el espacio, \u00a0 \u2026 o si quisieras [&hellip;]<\/p>\n","protected":false},"author":3995,"featured_media":0,"parent":0,"menu_order":0,"comment_status":"open","ping_status":"open","template":"","meta":{"_monsterinsights_skip_tracking":false,"_monsterinsights_sitenote_active":false,"_monsterinsights_sitenote_note":"","_monsterinsights_sitenote_category":0,"footnotes":""},"class_list":["post-251","page","type-page","status-publish","hentry"],"_links":{"self":[{"href":"https:\/\/blog.espol.edu.ec\/nicolecabanilla\/wp-json\/wp\/v2\/pages\/251","targetHints":{"allow":["GET"]}}],"collection":[{"href":"https:\/\/blog.espol.edu.ec\/nicolecabanilla\/wp-json\/wp\/v2\/pages"}],"about":[{"href":"https:\/\/blog.espol.edu.ec\/nicolecabanilla\/wp-json\/wp\/v2\/types\/page"}],"author":[{"embeddable":true,"href":"https:\/\/blog.espol.edu.ec\/nicolecabanilla\/wp-json\/wp\/v2\/users\/3995"}],"replies":[{"embeddable":true,"href":"https:\/\/blog.espol.edu.ec\/nicolecabanilla\/wp-json\/wp\/v2\/comments?post=251"}],"version-history":[{"count":11,"href":"https:\/\/blog.espol.edu.ec\/nicolecabanilla\/wp-json\/wp\/v2\/pages\/251\/revisions"}],"predecessor-version":[{"id":254,"href":"https:\/\/blog.espol.edu.ec\/nicolecabanilla\/wp-json\/wp\/v2\/pages\/251\/revisions\/254"}],"wp:attachment":[{"href":"https:\/\/blog.espol.edu.ec\/nicolecabanilla\/wp-json\/wp\/v2\/media?parent=251"}],"curies":[{"name":"wp","href":"https:\/\/api.w.org\/{rel}","templated":true}]}}