{"id":105,"date":"2013-06-07T00:59:10","date_gmt":"2013-06-07T00:59:10","guid":{"rendered":"http:\/\/blog.espol.edu.ec\/nmcoello\/?page_id=105"},"modified":"2013-06-07T00:59:10","modified_gmt":"2013-06-07T00:59:10","slug":"transito-amaguana","status":"publish","type":"page","link":"https:\/\/blog.espol.edu.ec\/nmcoello\/74-2\/transito-amaguana\/","title":{"rendered":"Tr\u00e1nsito Amagua\u00f1a"},"content":{"rendered":"<p><a href=\"http:\/\/blog.espol.edu.ec\/nmcoello\/files\/2013\/06\/transito3.jpg\"><img loading=\"lazy\" decoding=\"async\" class=\"alignleft size-medium wp-image-106\" src=\"http:\/\/blog.espol.edu.ec\/nmcoello\/files\/2013\/06\/transito3-300x251.jpg\" alt=\"Transito Amagua\u00f1a\" width=\"300\" height=\"251\" srcset=\"https:\/\/blog.espol.edu.ec\/nmcoello\/files\/2013\/06\/transito3-300x251.jpg 300w, https:\/\/blog.espol.edu.ec\/nmcoello\/files\/2013\/06\/transito3.jpg 826w\" sizes=\"auto, (max-width: 300px) 100vw, 300px\" \/><\/a>Naci\u00f3 en Pesillo el 10 de septiembre de 1909. Se destac\u00f3 por haber sido l\u00edder de los movimientos ind\u00edgenas ecuatorianos entre las d\u00e9cadas de a\u00f1os 1920 y 1970.<\/p>\n<p>Su madre Mercedes Alba, influenci\u00f3 en su hija, debido a que era una de las cabezas principales del movimiento ind\u00edgena. A la edad de 14 a\u00f1os contrajo matrimonio, pero m\u00e1s adelante se separa por la oposici\u00f3n de el de las actividades que realizaba.<\/p>\n<p>En 1944, Jos\u00e9 Mar\u00eda Velasco Ibarra reconoci\u00f3 oficialmente a las organizaciones ind\u00edgenas campesinas como la Federaci\u00f3n de Ind\u00edgenas del Ecuador.<\/p>\n<p>Su arduo trabajo la llev\u00f3 a representar a los ind\u00edgenas ecuatorianos en la Uni\u00f3n Sovi\u00e9tica (actual Rusia) y Cuba. Al volver fue arrestada por supuestas acusaciones de bandalismo y el Ministerio de Gobierno le oblig\u00f3 a firmar un documento donde ella abandonar\u00eda su activismo. Ella, por supuesto, rechaza y contin\u00faa con su labor, logrando recuperar junto a los ind\u00edgenas de Cayambe y ayuda de Velasco Ibarra, las haciendas que estaban en poder de la Asistencia P\u00fablica.<\/p>\n<p>Gan\u00f3 el Premio de Manuela Espejo de Quito en 1997 y el Premio Nacional de Cultura Eugenio Espejo en el 2003.<\/p>\n<p>Fallece el 10 de mayo de 2009 en Pesillo, su pueblo natal.<\/p>\n","protected":false},"excerpt":{"rendered":"<p>Naci\u00f3 en Pesillo el 10 de septiembre de 1909. Se destac\u00f3 por haber sido l\u00edder de los movimientos ind\u00edgenas ecuatorianos entre las d\u00e9cadas de a\u00f1os 1920 y 1970. Su madre Mercedes Alba, influenci\u00f3 en su hija, debido a que era una de las cabezas principales del movimiento ind\u00edgena. A la edad de 14 a\u00f1os contrajo [&hellip;]<\/p>\n","protected":false},"author":8575,"featured_media":0,"parent":74,"menu_order":10,"comment_status":"open","ping_status":"open","template":"","meta":{"footnotes":""},"class_list":["post-105","page","type-page","status-publish","hentry"],"_links":{"self":[{"href":"https:\/\/blog.espol.edu.ec\/nmcoello\/wp-json\/wp\/v2\/pages\/105","targetHints":{"allow":["GET"]}}],"collection":[{"href":"https:\/\/blog.espol.edu.ec\/nmcoello\/wp-json\/wp\/v2\/pages"}],"about":[{"href":"https:\/\/blog.espol.edu.ec\/nmcoello\/wp-json\/wp\/v2\/types\/page"}],"author":[{"embeddable":true,"href":"https:\/\/blog.espol.edu.ec\/nmcoello\/wp-json\/wp\/v2\/users\/8575"}],"replies":[{"embeddable":true,"href":"https:\/\/blog.espol.edu.ec\/nmcoello\/wp-json\/wp\/v2\/comments?post=105"}],"version-history":[{"count":1,"href":"https:\/\/blog.espol.edu.ec\/nmcoello\/wp-json\/wp\/v2\/pages\/105\/revisions"}],"predecessor-version":[{"id":107,"href":"https:\/\/blog.espol.edu.ec\/nmcoello\/wp-json\/wp\/v2\/pages\/105\/revisions\/107"}],"up":[{"embeddable":true,"href":"https:\/\/blog.espol.edu.ec\/nmcoello\/wp-json\/wp\/v2\/pages\/74"}],"wp:attachment":[{"href":"https:\/\/blog.espol.edu.ec\/nmcoello\/wp-json\/wp\/v2\/media?parent=105"}],"curies":[{"name":"wp","href":"https:\/\/api.w.org\/{rel}","templated":true}]}}