{"id":2,"date":"2013-05-21T15:31:30","date_gmt":"2013-05-21T15:31:30","guid":{"rendered":"http:\/\/blog.espol.edu.ec\/nmcoello\/?page_id=2"},"modified":"2013-06-06T04:28:37","modified_gmt":"2013-06-06T04:28:37","slug":"pagina-ejemplo","status":"publish","type":"page","link":"https:\/\/blog.espol.edu.ec\/nmcoello\/74-2\/pagina-ejemplo\/","title":{"rendered":"Audrey Hepburn"},"content":{"rendered":"<p><a href=\"http:\/\/blog.espol.edu.ec\/nmcoello\/files\/2013\/05\/1a.jpg\"><img loading=\"lazy\" decoding=\"async\" class=\"alignleft size-medium wp-image-37\" src=\"http:\/\/blog.espol.edu.ec\/nmcoello\/files\/2013\/05\/1a-300x225.jpg\" alt=\"Bella Dama\" width=\"300\" height=\"225\" srcset=\"https:\/\/blog.espol.edu.ec\/nmcoello\/files\/2013\/05\/1a-300x225.jpg 300w, https:\/\/blog.espol.edu.ec\/nmcoello\/files\/2013\/05\/1a.jpg 800w\" sizes=\"auto, (max-width: 300px) 100vw, 300px\" \/><\/a>Recordada por muchos como Holly Golightly en\u00a0<em>Desayuno en Tiffany\u2019s<\/em>, otros como un \u00edcono de la moda o por su colaboraci\u00f3n activa como embajadora de UNICEF.<\/p>\n<p>Audrey Hepburn nace el 4 de mayo de 1929 en Bruselas-B\u00e9lgica. Vive su infancia en plena II Guerra Mundial. Al t\u00e9rmino de la guerra, a la edad de 16 a\u00f1os se le diagn\u00f3stica anemia, asma y malnutrici\u00f3n. Su sue\u00f1o era ser una\u00a0<em>prima<\/em>, sin embargo su destino era otro. En 1951, se presenta en el Teatro Fulton de Nueva York, en la obra de\u00a0<em>Gigi<\/em>\u00a0de Collete, como Gigi. Y en 1953, act\u00faa en\u00a0<em>Vacaciones en Roma\u00a0<\/em>\u00a0como la Princesa Anna, gan\u00e1ndose en 1954 el \u00d3scar como mejor actriz.<\/p>\n<p>A partir de 1987, poco a poco va dejando los escenarios para involucrarse m\u00e1s con labores humanitarios junto a UNICEF como\u00a0<em>Embajadora de la Buena Voluntad<\/em>\u00a0hasta 1992. A los 63 a\u00f1os, el 20 de enero de 1993, fallece de c\u00e1ncer de col\u00f3n en Tolochenaz-Suiza.<\/p>\n","protected":false},"excerpt":{"rendered":"<p>Recordada por muchos como Holly Golightly en\u00a0Desayuno en Tiffany\u2019s, otros como un \u00edcono de la moda o por su colaboraci\u00f3n activa como embajadora de UNICEF. Audrey Hepburn nace el 4 de mayo de 1929 en Bruselas-B\u00e9lgica. Vive su infancia en plena II Guerra Mundial. Al t\u00e9rmino de la guerra, a la edad de 16 a\u00f1os [&hellip;]<\/p>\n","protected":false},"author":8575,"featured_media":0,"parent":74,"menu_order":1,"comment_status":"open","ping_status":"open","template":"","meta":{"footnotes":""},"class_list":["post-2","page","type-page","status-publish","hentry"],"_links":{"self":[{"href":"https:\/\/blog.espol.edu.ec\/nmcoello\/wp-json\/wp\/v2\/pages\/2","targetHints":{"allow":["GET"]}}],"collection":[{"href":"https:\/\/blog.espol.edu.ec\/nmcoello\/wp-json\/wp\/v2\/pages"}],"about":[{"href":"https:\/\/blog.espol.edu.ec\/nmcoello\/wp-json\/wp\/v2\/types\/page"}],"author":[{"embeddable":true,"href":"https:\/\/blog.espol.edu.ec\/nmcoello\/wp-json\/wp\/v2\/users\/8575"}],"replies":[{"embeddable":true,"href":"https:\/\/blog.espol.edu.ec\/nmcoello\/wp-json\/wp\/v2\/comments?post=2"}],"version-history":[{"count":8,"href":"https:\/\/blog.espol.edu.ec\/nmcoello\/wp-json\/wp\/v2\/pages\/2\/revisions"}],"predecessor-version":[{"id":38,"href":"https:\/\/blog.espol.edu.ec\/nmcoello\/wp-json\/wp\/v2\/pages\/2\/revisions\/38"}],"up":[{"embeddable":true,"href":"https:\/\/blog.espol.edu.ec\/nmcoello\/wp-json\/wp\/v2\/pages\/74"}],"wp:attachment":[{"href":"https:\/\/blog.espol.edu.ec\/nmcoello\/wp-json\/wp\/v2\/media?parent=2"}],"curies":[{"name":"wp","href":"https:\/\/api.w.org\/{rel}","templated":true}]}}