{"id":2,"date":"2009-11-25T20:41:18","date_gmt":"2009-11-26T01:41:18","guid":{"rendered":""},"modified":"2016-05-28T22:09:29","modified_gmt":"2016-05-29T03:09:29","slug":"about","status":"publish","type":"page","link":"https:\/\/blog.espol.edu.ec\/nsrodrig\/about\/","title":{"rendered":"Buceo"},"content":{"rendered":"<p><iframe loading=\"lazy\" title=\"Buceo en el Pelado! GoPro hero3+ Ecuador\" width=\"500\" height=\"281\" src=\"https:\/\/www.youtube.com\/embed\/KFmmEkTY2VQ?feature=oembed\" frameborder=\"0\" allow=\"accelerometer; autoplay; clipboard-write; encrypted-media; gyroscope; picture-in-picture; web-share\" referrerpolicy=\"strict-origin-when-cross-origin\" allowfullscreen><\/iframe><\/p>\n<p>&nbsp;<\/p>\n<p><span style=\"color: #808000\">El buceo es el acto por medio del cual el hombre se sumerge en cuerpos de agua, ya sea el mar, un lago o un r\u00edo, con el fin de desarrollar una actividad deportiva, comercial o de investigaci\u00f3n cient\u00edfica o militar con o sin ayuda de equipos especiales.<\/span><\/p>\n","protected":false},"excerpt":{"rendered":"<p>&nbsp; El buceo es el acto por medio del cual el hombre se sumerge en cuerpos de agua, ya sea el mar, un lago o un r\u00edo, con el fin de desarrollar una actividad deportiva, comercial o de investigaci\u00f3n cient\u00edfica o militar con o sin ayuda de equipos especiales.<\/p>\n","protected":false},"author":3538,"featured_media":0,"parent":0,"menu_order":0,"comment_status":"open","ping_status":"open","template":"","meta":{"footnotes":""},"class_list":["post-2","page","type-page","status-publish","hentry"],"_links":{"self":[{"href":"https:\/\/blog.espol.edu.ec\/nsrodrig\/wp-json\/wp\/v2\/pages\/2","targetHints":{"allow":["GET"]}}],"collection":[{"href":"https:\/\/blog.espol.edu.ec\/nsrodrig\/wp-json\/wp\/v2\/pages"}],"about":[{"href":"https:\/\/blog.espol.edu.ec\/nsrodrig\/wp-json\/wp\/v2\/types\/page"}],"author":[{"embeddable":true,"href":"https:\/\/blog.espol.edu.ec\/nsrodrig\/wp-json\/wp\/v2\/users\/3538"}],"replies":[{"embeddable":true,"href":"https:\/\/blog.espol.edu.ec\/nsrodrig\/wp-json\/wp\/v2\/comments?post=2"}],"version-history":[{"count":8,"href":"https:\/\/blog.espol.edu.ec\/nsrodrig\/wp-json\/wp\/v2\/pages\/2\/revisions"}],"predecessor-version":[{"id":89,"href":"https:\/\/blog.espol.edu.ec\/nsrodrig\/wp-json\/wp\/v2\/pages\/2\/revisions\/89"}],"wp:attachment":[{"href":"https:\/\/blog.espol.edu.ec\/nsrodrig\/wp-json\/wp\/v2\/media?parent=2"}],"curies":[{"name":"wp","href":"https:\/\/api.w.org\/{rel}","templated":true}]}}