{"id":93,"date":"2013-08-08T12:50:53","date_gmt":"2013-08-08T12:50:53","guid":{"rendered":"http:\/\/blog.espol.edu.ec\/office365\/?page_id=93"},"modified":"2013-08-27T12:20:02","modified_gmt":"2013-08-27T12:20:02","slug":"preguntas-frecuentes","status":"publish","type":"page","link":"https:\/\/blog.espol.edu.ec\/office365\/preguntas-frecuentes\/","title":{"rendered":"Preguntas Frecuentes"},"content":{"rendered":"<ul>\n<li>Si tengo\u00a0<span style=\"color: #333333;font-style: normal;line-height: 24px\">mi cuenta espol\u00a0<\/span>configurada \u00a0en gmail u otro cliente de correo, tendr\u00e9 en office 365 las mismas configuraciones de mi gmail?<\/li>\n<\/ul>\n<p>No, solo se migrar\u00e1n los correos electr\u00f3nicos y carpetas que tenga definida en el webmail espol. Los filtros, reglas, contactos y redireccionamientos deben ser configurados en la nueva plataforma.<\/p>\n<ul>\n<li>\u00a0podr\u00e9 ingresar al webmail a partir del 9 de agosto?<\/li>\n<\/ul>\n<p>Si, el webmail estar\u00e1 habilitado 30 d\u00edas (hasta el 10 de Septiembre) pero NO podr\u00e1 enviar ni recibir correos, solo podr\u00e1 hacer consultas.<\/p>\n<ul>\n<li>Si tengo configurado mi cuenta espol en Outlook debo realizar alg\u00fan cambio?<\/li>\n<\/ul>\n<p>Si, debe seguir las instrucciones publicadas en\u00a0<a href=\"http:\/\/blog.espol.edu.ec\/office365\/2013\/07\/30\/configuracion-de-outlook\/\">http:\/\/blog.espol.edu.ec\/office365\/2013\/07\/30\/configuracion-de-outlook\/<\/a>\u00a0para que pueda enviar y recibir correos a su cuenta espol. Recuerde que su nueva cuota de almacenamiento es de 25GB en Office 365.<\/p>\n<ul>\n<li>podr\u00e9 visualizar mis contactos de webmail o outlook en office 365?<\/li>\n<\/ul>\n<p>No, los contactos no son migrados a la nueva plataforma, deber\u00e1 seguir las siguientes <a title=\"Importacion-Exportacion contactos horde\" href=\"http:\/\/www.espol.edu.ec\/mail\/csi\/Office365\/Importacion-Exportacion contactos horde.pdf\" target=\"_blank\">instrucciones<\/a>.<\/p>\n<ul>\n<li>puedo configurar mi cuenta ESPOL a trav\u00e9s de Office Mobile?<\/li>\n<\/ul>\n<div>No, la plataforma Office 365 que adquiri\u00f3 ESPOL no cuenta con suscripciones para acceder a la aplicaci\u00f3n Office Mobile.<\/div>\n<p>&nbsp;<\/p>\n","protected":false},"excerpt":{"rendered":"<p>Si tengo\u00a0mi cuenta espol\u00a0configurada \u00a0en gmail u otro cliente de correo, tendr\u00e9 en office 365 las mismas configuraciones de mi gmail? No, solo se migrar\u00e1n los correos electr\u00f3nicos y carpetas que tenga definida en el webmail espol. Los filtros, reglas, &hellip; <a href=\"https:\/\/blog.espol.edu.ec\/office365\/preguntas-frecuentes\/\">Sigue leyendo <span class=\"meta-nav\">&rarr;<\/span><\/a><\/p>\n","protected":false},"author":67,"featured_media":0,"parent":0,"menu_order":0,"comment_status":"open","ping_status":"open","template":"","meta":{"footnotes":""},"class_list":["post-93","page","type-page","status-publish","hentry"],"_links":{"self":[{"href":"https:\/\/blog.espol.edu.ec\/office365\/wp-json\/wp\/v2\/pages\/93","targetHints":{"allow":["GET"]}}],"collection":[{"href":"https:\/\/blog.espol.edu.ec\/office365\/wp-json\/wp\/v2\/pages"}],"about":[{"href":"https:\/\/blog.espol.edu.ec\/office365\/wp-json\/wp\/v2\/types\/page"}],"author":[{"embeddable":true,"href":"https:\/\/blog.espol.edu.ec\/office365\/wp-json\/wp\/v2\/users\/67"}],"replies":[{"embeddable":true,"href":"https:\/\/blog.espol.edu.ec\/office365\/wp-json\/wp\/v2\/comments?post=93"}],"version-history":[{"count":10,"href":"https:\/\/blog.espol.edu.ec\/office365\/wp-json\/wp\/v2\/pages\/93\/revisions"}],"predecessor-version":[{"id":100,"href":"https:\/\/blog.espol.edu.ec\/office365\/wp-json\/wp\/v2\/pages\/93\/revisions\/100"}],"wp:attachment":[{"href":"https:\/\/blog.espol.edu.ec\/office365\/wp-json\/wp\/v2\/media?parent=93"}],"curies":[{"name":"wp","href":"https:\/\/api.w.org\/{rel}","templated":true}]}}