{"id":10,"date":"2010-11-09T22:00:10","date_gmt":"2010-11-09T22:00:10","guid":{"rendered":"http:\/\/blog.espol.edu.ec\/olgalarrea\/?page_id=10"},"modified":"2010-11-25T18:45:30","modified_gmt":"2010-11-25T18:45:30","slug":"practicas-paralelo-2","status":"publish","type":"page","link":"https:\/\/blog.espol.edu.ec\/olgalarrea\/practicas-paralelo-2\/","title":{"rendered":"Gastronom\u00eda..."},"content":{"rendered":"<p style=\"text-align: center\"><a href=\"http:\/\/blog.espol.edu.ec\/olgalarrea\/files\/2010\/11\/gas11.jpg\"><img loading=\"lazy\" decoding=\"async\" class=\"size-medium wp-image-42 aligncenter\" title=\"gastronom\u00eda!!\" src=\"http:\/\/blog.espol.edu.ec\/olgalarrea\/files\/2010\/11\/gas11-300x177.jpg\" alt=\"\" width=\"180\" height=\"106\" srcset=\"https:\/\/blog.espol.edu.ec\/olgalarrea\/files\/2010\/11\/gas11-300x177.jpg 300w, https:\/\/blog.espol.edu.ec\/olgalarrea\/files\/2010\/11\/gas11.jpg 361w\" sizes=\"auto, (max-width: 180px) 100vw, 180px\" \/><\/a> <span style=\"color: #ffffff\"><span style=\"font-family: Verdana,Arial,Helvetica,sans-serif;font-size: x-small\"> <\/span> La comida tradicional ecuatoriana nos permite degustar una gran variedad de platos\u00a0\u00a0 exquisitos, preparados con mariscos, carnes y vegetales, combinados con salsas que realzan\u00a0 su sabor y deleitan hasta los paladares m\u00e1s exigentes.<\/span><\/p>\n<h1 style=\"text-align: center\"><span style=\"color: #ffffff\">PLATOS T\u00cdPICOS!!<\/span><\/h1>\n<p><span style=\"color: #ffffff\">COSTA<\/span><\/p>\n<p><span style=\"color: #ffffff\">La Costa es una de las regiones m\u00e1s coloridas y exuberantes de la  culinaria ecuatoriana, existe una gran variedad de platos elaborados a  base de mariscos y pescados que han hecho de la cocina coste\u00f1a un  universo de deliciosos aromas, colores y sabores.Uno de los platos  coste\u00f1os m\u00e1s conocidos es el cebiche, se prepara con pescado crudo  curtido en lim\u00f3n y se a\u00f1ade sal, pimienta, cebolla, tomate, aceite y  perejil. El cebiche de camar\u00f3n es previamente cocido e incluye salsa de  tomate, en cambio, el cebiche de concha lleva el molusco crudo con su  propio jugo.<span style=\"font-family: Verdana,Arial,Helvetica,sans-serif;font-size: x-small\"> <\/span><\/span><\/p>\n<p><span style=\"color: #ffffff\"><br \/>\n<\/span><\/p>\n<div style=\"width: 130px\" class=\"wp-caption aligncenter\"><span style=\"color: #ffffff\"><img loading=\"lazy\" decoding=\"async\" style=\"border: 0pt none\" src=\"http:\/\/www.edufuturo.com\/getIm.php?s=9281.bolasverde.jpg&amp;x=150&amp;y=110\" border=\"0\" alt=\"\" width=\"120\" height=\"88\" \/><\/span><p class=\"wp-caption-text\">sopas de bola de verde<\/p><\/div>\n<p><span style=\"color: #ffffff\"><br \/>\n<\/span><\/p>\n<p><span style=\"color: #ffffff\">En cuanto a las sopas, tenemos el sancocho, que tiene sus or\u00edgenes en el  cocido espa\u00f1ol, cuyos principales ingredientes son: pecho de res, yuca,  choclo y verde. La sopa marinera, elaborada a base de mariscos y otras  como: el chup\u00e9 de pescado, la sopa de bolas de verde, el sango, el caldo  de manguera, la cazuela, biche de pescado y encebollados.<\/span><\/p>\n<p><span style=\"color: #ffffff\">Entre los platos fuertes  m\u00e1s sobresalientes est\u00e1 la tradicional  menestra de lentejas o fr\u00e9joles  con patacones y carne asada; la  guatita, seco de chivo, el pescado  frito, el arroz marinero, el arroz  con camarones, el de concha, entre  otros.<br \/>\nExiste en la Costa una  gran cantidad de frutos nativos como: guabas,  guayabas, caimitos ovos,  cacao, papayas, l\u00facumas, caimitos, aguacates,  tunas, cerecillas, y  otros frutos introducidos por los espa\u00f1oles, como  la naranja, mel\u00f3n,  pi\u00f1a, coco, mango y el tamarindo.El banano o Musa  Paradis\u00edaca es  originario del Lejano Oriente y fue cultivado en las  islas Canarias,  antes de llegar a la isla de Santo Domingo en 1516, para  difundirse  luego por la Am\u00e9rica tropical. Seg\u00fan Carmen In\u00e9s Olaya, el  nombre del  banano proviene del Congo, pues antes era llamado 'manzana  del para\u00edso.  El apelativo 'guineo' apunta al pa\u00eds africano de Guinea.En  el Ecuador  del presente, diversos tipos de pl\u00e1tano crecen en varias  regiones,  siendo el principal la Musa Regia, es decir pl\u00e1tano verde o  maduro,  base de la cocina coste\u00f1a, con \u00e9l se elaboran un sinn\u00famero de   deliciosos potajes como: emborrajados, bollos, tamales, empanadas,   ayampacos, bala de verde, corviche. El bol\u00f3n de verde es un s\u00edmbolo del   desayuno coste\u00f1o, se prepara mezclando verde, sal, manteca, queso y   chicharr\u00f3n, se hacen las bolas y se sirve con caf\u00e9.<\/span><\/p>\n<table cellspacing=\"10\" cellpadding=\"0\">\n<tbody>\n<tr>\n<td colspan=\"2\" align=\"left\" valign=\"top\"><\/td>\n<\/tr>\n<\/tbody>\n<\/table>\n<p style=\"text-align: center\"><img loading=\"lazy\" decoding=\"async\" class=\"size-full wp-image-47 aligncenter\" title=\"que rico!! \" src=\"http:\/\/blog.espol.edu.ec\/olgalarrea\/files\/2010\/11\/images3.jpg\" alt=\"\" width=\"171\" height=\"106\" \/><\/p>\n<p style=\"text-align: center\"><img loading=\"lazy\" decoding=\"async\" class=\"size-full wp-image-48 aligncenter\" title=\"delicioso..\" src=\"http:\/\/blog.espol.edu.ec\/olgalarrea\/files\/2010\/11\/images6.jpg\" alt=\"\" width=\"156\" height=\"110\" \/><\/p>\n<div><span style=\"font-size: large\"> <\/span><\/div>\n<div><span style=\"font-size: large\"> <\/span><\/div>\n<div><span style=\"font-size: large\"> <\/span><\/div>\n<h2><span style=\"font-size: large\"><span style=\"color: #993300\">sierra....!!!<\/span><\/span><\/h2>\n<p><span style=\"color: #ffffff\">La cocina serrana es deliciosa y variada, se provee b\u00e1sicamente de  granos, un buen ejemplo es el plato tradicional llamado fanesca, la que  debe contener variedades de granos, bacalao y se consume en tiempo de  cuaresma.\u00a0El ma\u00edz, es uno de los granos m\u00e1s utilizado en la cocina de la  sierra. La lista de comidas y bebidas que se preparan con \u00e9l es  extensa. La papa es otro elemento esencial para la elaboraci\u00f3n de los  distintos platos serranos como el molo, llapingachos, locro, yahuarlocro  y tamales.\u00a0\u00a0Otras platos muy apetitosos de la comida serrana est\u00e1n  elaborados a base de carne de cerdo, por ejemplo la fritada, hornado,  carne colorada, patas de chancho emborrajadas, cuero de chancho, este  \u00faltimo, preparado de diversas formas: chamuscado, reventado y seco para  ser utilizado en locros.<\/span><\/p>\n<div style=\"width: 198px\" class=\"wp-caption aligncenter\"><a title=\"\u00a9Nestl\u00e9\" href=\"void%280%29\"><img loading=\"lazy\" decoding=\"async\" style=\"border: 0pt none\" src=\"http:\/\/www.edufuturo.com\/getIm.php?s=9285.morocho.jpg&amp;x=188&amp;y=181\" border=\"0\" alt=\"\" width=\"188\" height=\"181\" \/><\/a><p class=\"wp-caption-text\">empanadas de morocho<\/p><\/div>\n<p><span style=\"color: #ffffff\">Las cecinas de res son muy apetecidas tambi\u00e9n. El cuy por su parte  constituye un plato t\u00edpico y es consumido principalmente en fiestas y  ofrecido, en el campo serrano, como una manera de agasajar a los  invitados.<\/span><\/p>\n<p><span style=\"color: #ffffff\">En la  sierra son conocidos los dulces a base de sambo, guayaba, babaco,  durazno, membrillo, manzana, pera, capul\u00ed y el arrope de mora. Los higos  cocidos con panela y servidos con queso son muy t\u00edpicos del Azuay.<\/span><\/p>\n<p style=\"text-align: center\"><a href=\"..\/files\/2010\/11\/images10.jpg\"><img loading=\"lazy\" decoding=\"async\" class=\"aligncenter\" title=\"rica guagua de pan!!\" src=\"..\/files\/2010\/11\/images10.jpg\" alt=\"\" width=\"86\" height=\"116\" \/><\/a><a href=\"..\/files\/2010\/11\/imagesCAYWKV8M.jpg\"><img loading=\"lazy\" decoding=\"async\" title=\"mmm...cuy\" src=\"..\/files\/2010\/11\/imagesCAYWKV8M.jpg\" alt=\"\" width=\"94\" height=\"70\" \/><\/a><\/p>\n<table style=\"height: 357px\" cellspacing=\"10\" cellpadding=\"0\" width=\"29\">\n<tbody>\n<tr>\n<td style=\"text-align: justify\" valign=\"top\"><\/td>\n<\/tr>\n<tr>\n<td colspan=\"2\" align=\"left\" valign=\"top\"><\/td>\n<\/tr>\n<\/tbody>\n<\/table>\n","protected":false},"excerpt":{"rendered":"<p>La comida tradicional ecuatoriana nos permite degustar una gran variedad de platos\u00a0\u00a0 exquisitos, preparados con mariscos, carnes y vegetales, combinados con salsas que realzan\u00a0 su sabor y deleitan hasta los paladares m\u00e1s exigentes. PLATOS T\u00cdPICOS!! COSTA La Costa es una de las regiones m\u00e1s coloridas y exuberantes de la culinaria ecuatoriana, existe una gran variedad [&hellip;]<\/p>\n","protected":false},"author":5344,"featured_media":0,"parent":0,"menu_order":0,"comment_status":"open","ping_status":"open","template":"","meta":{"footnotes":""},"class_list":["post-10","page","type-page","status-publish","hentry"],"_links":{"self":[{"href":"https:\/\/blog.espol.edu.ec\/olgalarrea\/wp-json\/wp\/v2\/pages\/10","targetHints":{"allow":["GET"]}}],"collection":[{"href":"https:\/\/blog.espol.edu.ec\/olgalarrea\/wp-json\/wp\/v2\/pages"}],"about":[{"href":"https:\/\/blog.espol.edu.ec\/olgalarrea\/wp-json\/wp\/v2\/types\/page"}],"author":[{"embeddable":true,"href":"https:\/\/blog.espol.edu.ec\/olgalarrea\/wp-json\/wp\/v2\/users\/5344"}],"replies":[{"embeddable":true,"href":"https:\/\/blog.espol.edu.ec\/olgalarrea\/wp-json\/wp\/v2\/comments?post=10"}],"version-history":[{"count":20,"href":"https:\/\/blog.espol.edu.ec\/olgalarrea\/wp-json\/wp\/v2\/pages\/10\/revisions"}],"predecessor-version":[{"id":43,"href":"https:\/\/blog.espol.edu.ec\/olgalarrea\/wp-json\/wp\/v2\/pages\/10\/revisions\/43"}],"wp:attachment":[{"href":"https:\/\/blog.espol.edu.ec\/olgalarrea\/wp-json\/wp\/v2\/media?parent=10"}],"curies":[{"name":"wp","href":"https:\/\/api.w.org\/{rel}","templated":true}]}}