{"id":126,"date":"2012-01-15T22:59:39","date_gmt":"2012-01-15T22:59:39","guid":{"rendered":"http:\/\/blog.espol.edu.ec\/oscartandazo\/?page_id=126"},"modified":"2012-01-17T07:04:33","modified_gmt":"2012-01-17T07:04:33","slug":"cleanpi","status":"publish","type":"page","link":"https:\/\/blog.espol.edu.ec\/oscartandazo\/cleanpi\/","title":{"rendered":"CLEANPI"},"content":{"rendered":"<h1 align=\"center\"><strong>CLEANPI<\/strong><\/h1>\n<p style=\"text-align: center\"><a href=\"http:\/\/blog.espol.edu.ec\/oscartandazo\/files\/2012\/01\/cleanpi.jpg\"><img loading=\"lazy\" decoding=\"async\" class=\"size-medium wp-image-150 aligncenter\" src=\"http:\/\/blog.espol.edu.ec\/oscartandazo\/files\/2012\/01\/cleanpi-300x210.jpg\" alt=\"\" width=\"240\" height=\"168\" srcset=\"https:\/\/blog.espol.edu.ec\/oscartandazo\/files\/2012\/01\/cleanpi-300x210.jpg 300w, https:\/\/blog.espol.edu.ec\/oscartandazo\/files\/2012\/01\/cleanpi.jpg 320w\" sizes=\"auto, (max-width: 240px) 100vw, 240px\" \/><\/a><\/p>\n<p style=\"text-align: center\">Este proyecto trata de un detergente\u00a0ecol\u00f3gico, es\u00a0ecol\u00f3gico\u00a0ya que la base del \u00a0producto es el \u00a0pi\u00f1\u00f3n ya que tiene propiedades de limpieza\u00a0\u00a0 y ademas no acusa da\u00f1o al medio\u00a0ambiente.<\/p>\n<h2 align=\"center\"><strong>INTEGRANTES:<\/strong><\/h2>\n<p style=\"text-align: center\"><strong>LIDER<\/strong><\/p>\n<p style=\"text-align: center\"><a href=\"http:\/\/blog.espol.edu.ec\/oscartandazo\/files\/2012\/01\/fernando-Carvajal.jpg\"><img loading=\"lazy\" decoding=\"async\" class=\"aligncenter size-full wp-image-130\" src=\"http:\/\/blog.espol.edu.ec\/oscartandazo\/files\/2012\/01\/fernando-Carvajal.jpg\" alt=\"\" width=\"167\" height=\"169\" \/><\/a><\/p>\n<ul>\n<li><strong>Nombre<\/strong>: Fernando Carvajal<\/li>\n<li><strong>Graduado del establecimiento educativo:\u00a0<\/strong>Colegio Particular Mixto Hermano Miguel<\/li>\n<li><strong>Especialidad:<\/strong>\u00a0F\u00edsico Matem\u00e1tico<\/li>\n<li><strong>Estudiante de Pregrado:\u00a0<\/strong>Escuela superior polit\u00e9cnica del litoral<\/li>\n<li><strong>Carrera:\u00a0<\/strong>Ingenier\u00eda en\u00a0Ciencias Computacionales.<\/li>\n<li><strong>La qu\u00edmica:\u00a0<\/strong>La qu\u00edmica me apasiona.<\/li>\n<\/ul>\n<div>\n<h2 style=\"text-align: center\"><strong>2\u00b0 Integrante\u00a0<\/strong><\/h2>\n<p style=\"text-align: center\"><a href=\"http:\/\/blog.espol.edu.ec\/oscartandazo\/files\/2012\/01\/andrade-1.png\"><img loading=\"lazy\" decoding=\"async\" class=\"aligncenter size-full wp-image-131\" src=\"http:\/\/blog.espol.edu.ec\/oscartandazo\/files\/2012\/01\/andrade-1-e1326671760510.png\" alt=\"\" width=\"145\" height=\"185\" \/><\/a><\/p>\n<\/div>\n<ul>\n<li><strong>Nombre:\u00a0<\/strong>Mark Joan Andrade Castillo<\/li>\n<li><strong>Graduado del establecimiento educativo:\u00a0<\/strong>COLEGIO NACIONAL ''AMAZONAS''<\/li>\n<li><strong>Especialidad:<\/strong>\u00a0F\u00edsico\u00a0Matem\u00e1tico<\/li>\n<li><strong>Estudiante de Pregrado:\u00a0<\/strong>Escuela superior polit\u00e9cnica del litoral<\/li>\n<li><strong>Carrera:\u00a0<\/strong>Ingenier\u00eda \u00a0en Ciencias Computacionales .<\/li>\n<li><strong>La qu\u00edmica:\u00a0<\/strong>Me agrada mucho la qu\u00edmica tanto la teor\u00eda como la pr\u00e1ctica.<\/li>\n<li><strong>Hobby:\u00a0<\/strong>Es escuchar m\u00fasica, estar en Facebook, y leer alg\u00fan libro interesante.<\/li>\n<li><strong>Comida favorita:\u00a0<\/strong>Mi comida favorita es el ceviche manaba<\/li>\n<\/ul>\n<div>\n<h2 style=\"text-align: center\"><strong>Dato del Proyecto<\/strong><\/h2>\n<p style=\"text-align: center\">\u00a0\u00a0<strong>Materia Prima:\u00a0Pi\u00f1\u00f3n<\/strong><\/p>\n<p>El <strong><a href=\"http:\/\/es.wikipedia.org\/wiki\/Pi%C3%B1%C3%B3n\">pi\u00f1\u00f3n<\/a><\/strong> es la semilla propia de las especies del g\u00e9nero <em>Pinus<\/em> \u00a0(familia Pinaceae), procedente de la pi\u00f1a. Alrededor de 20 de estas especies producen pi\u00f1ones suficientemente grandes como para que su recolecci\u00f3n sea productiva; en otras especies, aunque tambi\u00e9n<a href=\"http:\/\/blog.espol.edu.ec\/oscartandazo\/files\/2012\/01\/pi\u00f1on.jpg\"><img loading=\"lazy\" decoding=\"async\" class=\"size-medium wp-image-147 alignleft\" src=\"http:\/\/blog.espol.edu.ec\/oscartandazo\/files\/2012\/01\/pi\u00f1on-231x300.jpg\" alt=\"\" width=\"162\" height=\"210\" srcset=\"https:\/\/blog.espol.edu.ec\/oscartandazo\/files\/2012\/01\/pi\u00f1on-231x300.jpg 231w, https:\/\/blog.espol.edu.ec\/oscartandazo\/files\/2012\/01\/pi\u00f1on.jpg 425w\" sizes=\"auto, (max-width: 162px) 100vw, 162px\" \/><\/a> comestibles, son demasiado peque\u00f1os y sin valor para la alimentaci\u00f3n humana.<\/p>\n<p>Los pi\u00f1ones est\u00e1n cubiertos por una c\u00e1scara dura, m\u00e1s o menos gruesa dependiendo de la especie. El nutrimento se almacena en el tejido del gametofito femenino que mantiene el embri\u00f3n en desarrollo (esporofito) en el centro. En sentido culinario, los pi\u00f1ones son frutos; sin embargo, en sentido bot\u00e1nico, son semillas y, a pesar de ser gimnospermas, carecen de carpelo exterior.<br \/>\nSu periodo de conservaci\u00f3n con c\u00e1scara es muy largo, si se mantienen refrigerados (entre -5 a +2\u00a0\u00b0C), pero tanto los enteros como los pelados se deterioran r\u00e1pidamente en condiciones c\u00e1lidas y en ambientes h\u00famedos, volvi\u00e9ndose rancios en unas cuantas semanas.<\/p>\n<p style=\"text-align: center\"><strong>\u00a0<\/strong><\/p>\n<p style=\"text-align: center\"><strong>Los Beneficios del Detergente Ecol\u00f3gico<\/strong><\/p>\n<p>Los productos biodegradables no solo se encuentran en estado s\u00f3lido, ya que al igual que los fungicidas ecol\u00f3gicos, los detergentes ecol\u00f3gicos ayudan a mantener el medio ambiente y cuidar la ecolog\u00eda. Los detergentes ecol\u00f3gicos cumplen las mismas tareas que los detergentes comunes, solo que estos protegen el planeta y se realizan con productos de fuentes renovables y sin utilizaci\u00f3n de materiales sint\u00e9ticos.<\/p>\n<p>Su composici\u00f3n qu\u00edmica suele ser mucho mas precisa para aumentar la efectividad a la hora de uso, lo que tambi\u00e9n los pone un escal\u00f3n por encima de los detergentes convencionales en este aspecto, pero hay veces en las que estos detergentes pueden ser un poco m\u00e1s costosos. Se pueden hacer detergentes caseros mezclando ralladura de jab\u00f3n con zumo de lim\u00f3n y disolviendo un poco con agua para lograr un detergente completamente biodegradable y que es apto para eliminar la grasa r\u00e1pidamente.<\/p>\n<p style=\"text-align: center\"><strong>Proceso del Producto<\/strong><\/p>\n<p><strong>Materiales:<\/strong><\/p>\n<ul>\n<li>Agua, 4 tazas<\/li>\n<li>Jab\u00f3n de tocador, 1\/3 de una barra<\/li>\n<li>Bicarbonato de sodio, 1\/2 taza<\/li>\n<li>Borato de sodio,1\/2<\/li>\n<li>Un recipiente de 5 galones<\/li>\n<li>3 galones de agua<\/li>\n<li>Fruto de Pi\u00f1\u00f3n<\/li>\n<\/ul>\n<div style=\"text-align: center\"><strong>Descripci\u00f3n del Proceso\u00ad\u00ad:<\/strong><\/div>\n<div style=\"text-align: left\"><strong><\/strong><\/p>\n<ul>\n<li>Hervimos en un recipiente, grande, las tazas de agua, agregarle el jab\u00f3n de tocador, cortado en peque\u00f1os trozos, dej\u00e1ndolo hasta que este totalmente disuelto.<\/li>\n<li>Agregas los 3 galones de agua y dejamos hasta que hierva.<\/li>\n<li>Siempre revolviendo agregas el carbonato de sodio y el borato junto con el pi\u00f1\u00f3n, hasta que veas que comienza a espesar.<\/li>\n<li>Se deja durante 24 horas en reposo.<\/li>\n<li>Obtienes una cantidad abundante, que te har\u00e1 ahorrar mucho, ya que rinde m\u00e1s de un 90 % que un detergente comprado y contribuir\u00e1s a la no contaminaci\u00f3n.<\/li>\n<\/ul>\n<div>Para mas\u00a0informaci\u00f3n da le clip:\u00a0<a href=\"http:\/\/blog.espol.edu.ec\/csect2011\/\">http:\/\/blog.espol.edu.ec\/csect2011\/<\/a><\/div>\n<\/div>\n<\/div>\n","protected":false},"excerpt":{"rendered":"<p>CLEANPI Este proyecto trata de un detergente\u00a0ecol\u00f3gico, es\u00a0ecol\u00f3gico\u00a0ya que la base del \u00a0producto es el \u00a0pi\u00f1\u00f3n ya que tiene propiedades de limpieza\u00a0\u00a0 y ademas no acusa da\u00f1o al medio\u00a0ambiente. INTEGRANTES: LIDER Nombre: Fernando Carvajal Graduado del establecimiento educativo:\u00a0Colegio Particular Mixto Hermano Miguel Especialidad:\u00a0F\u00edsico Matem\u00e1tico Estudiante de Pregrado:\u00a0Escuela superior polit\u00e9cnica del litoral Carrera:\u00a0Ingenier\u00eda en\u00a0Ciencias Computacionales. La [&hellip;]<\/p>\n","protected":false},"author":6957,"featured_media":0,"parent":0,"menu_order":0,"comment_status":"open","ping_status":"open","template":"","meta":{"footnotes":""},"class_list":["post-126","page","type-page","status-publish","hentry"],"_links":{"self":[{"href":"https:\/\/blog.espol.edu.ec\/oscartandazo\/wp-json\/wp\/v2\/pages\/126","targetHints":{"allow":["GET"]}}],"collection":[{"href":"https:\/\/blog.espol.edu.ec\/oscartandazo\/wp-json\/wp\/v2\/pages"}],"about":[{"href":"https:\/\/blog.espol.edu.ec\/oscartandazo\/wp-json\/wp\/v2\/types\/page"}],"author":[{"embeddable":true,"href":"https:\/\/blog.espol.edu.ec\/oscartandazo\/wp-json\/wp\/v2\/users\/6957"}],"replies":[{"embeddable":true,"href":"https:\/\/blog.espol.edu.ec\/oscartandazo\/wp-json\/wp\/v2\/comments?post=126"}],"version-history":[{"count":11,"href":"https:\/\/blog.espol.edu.ec\/oscartandazo\/wp-json\/wp\/v2\/pages\/126\/revisions"}],"predecessor-version":[{"id":129,"href":"https:\/\/blog.espol.edu.ec\/oscartandazo\/wp-json\/wp\/v2\/pages\/126\/revisions\/129"}],"wp:attachment":[{"href":"https:\/\/blog.espol.edu.ec\/oscartandazo\/wp-json\/wp\/v2\/media?parent=126"}],"curies":[{"name":"wp","href":"https:\/\/api.w.org\/{rel}","templated":true}]}}