{"id":40,"date":"2014-11-10T17:42:52","date_gmt":"2014-11-10T17:42:52","guid":{"rendered":"http:\/\/blog.espol.edu.ec\/pamganar\/?page_id=40"},"modified":"2014-11-10T17:42:52","modified_gmt":"2014-11-10T17:42:52","slug":"formacion","status":"publish","type":"page","link":"https:\/\/blog.espol.edu.ec\/pamganar\/formacion\/","title":{"rendered":"FORMACI\u00d3N"},"content":{"rendered":"<p>Los oficiales de marina, se forman en la Escuela Superior Naval (ESSUNA), donde realizan el curso realizan el curso de guardiamarinas de Arma, Servicios o Especialistas. La Universidad Naval (UNINAV) ha permitido avalar los estudios que realizan los guardiamarinas en la Escuela Superior Naval, otorgando t\u00edtulos de tercer nivel a su graduaci\u00f3n como oficiales de marina: Licenciados en Ciencias Navales para los oficiales de Arma y Licenciados en Log\u00edstica Naval para oficiales de Abastecimientos, t\u00edtulos que contribuyen a su formaci\u00f3n profesional y sirven de base para que en lo posterior puedan continuar sus estudios de postgrados y optar por t\u00edtulos de cuarto nivel.<br \/>\nOficial de Arma<\/p>\n<p>El Guardiamarina luego de haber recibido la formaci\u00f3n acad\u00e9mico-militar durante cuatro a\u00f1os en la Escuela Superior Naval se grad\u00faa como Alf\u00e9rez de Fragata de Arma.<\/p>\n<p>El oficial de arma se desenvuelve en sus diferentes especialidades: Superficie (Buques de Guerra), Submarinos, Aviaci\u00f3n Naval e Infanter\u00eda de Marina.<\/p>\n<p>    Ingreso de Bachilleres (Buques, Submarinos, Aviones, Infanter\u00eda de Marina)<br \/>\n    F\u00edsico-Matem\u00e1tico<br \/>\n    Ciencias Generales<br \/>\n    Otra especialidades, indispensable haber aprobado un pre-polit\u00e9cnico y examen del senecyt.<\/p>\n<p>Oficial de Servicios<br \/>\nEl Guardiamarina de Servicios luego de haber recibido una formaci\u00f3n acad\u00e9mico-militar durante cuatro a\u00f1os se grad\u00faa como Alf\u00e9rez de Fragata de Servicios.<\/p>\n<p>El oficial de Servicios se desempe\u00f1a en \u00e1reas administrativas, financieras y log\u00edsticas, brindando soporte a las Unidades de la Fuerza Naval.<\/p>\n<p>    Ingreso de Bachilleres (\u00c1rea Financiera)<br \/>\n    Contabilidad<br \/>\n    Inform\u00e1tica<br \/>\n    Comercio<\/p>\n<p>Oficial Especialista<br \/>\nLos Oficiales Especialistas son profesionales graduados de tercer nivel en los institutos de educaci\u00f3n superior, reconocidos legalmente por el SENESCYT y que han sido reclutados en ESSUNA para realizar el Curso de Guardiamarina Especialista de 6 meses de duraci\u00f3n.<\/p>\n<p>El oficial Especialista brinda soporte en sus diferentes especialidades (legal, m\u00e9dica y t\u00e9cnica) a fin de cumplir funciones de apoyo en las Unidades de la Fuerza Naval.<\/p>\n<p>Rangos<br \/>\n<a href=\"http:\/\/blog.espol.edu.ec\/pamganar\/files\/2014\/11\/rangos.png\"><img loading=\"lazy\" decoding=\"async\" src=\"http:\/\/blog.espol.edu.ec\/pamganar\/files\/2014\/11\/rangos-300x18.png\" alt=\"rangos\" width=\"300\" height=\"18\" class=\"alignnone size-medium wp-image-41\" srcset=\"https:\/\/blog.espol.edu.ec\/pamganar\/files\/2014\/11\/rangos-300x18.png 300w, https:\/\/blog.espol.edu.ec\/pamganar\/files\/2014\/11\/rangos.png 690w\" sizes=\"auto, (max-width: 300px) 100vw, 300px\" \/><\/a><\/p>\n","protected":false},"excerpt":{"rendered":"<p>Los oficiales de marina, se forman en la Escuela Superior Naval (ESSUNA), donde realizan el curso realizan el curso de guardiamarinas de Arma, Servicios o Especialistas. La Universidad Naval (UNINAV) ha permitido avalar los estudios que realizan los guardiamarinas en la Escuela Superior Naval, otorgando t\u00edtulos de tercer nivel a su graduaci\u00f3n como oficiales de [&hellip;]<\/p>\n","protected":false},"author":9356,"featured_media":0,"parent":0,"menu_order":0,"comment_status":"open","ping_status":"open","template":"","meta":{"footnotes":""},"class_list":["post-40","page","type-page","status-publish","hentry"],"_links":{"self":[{"href":"https:\/\/blog.espol.edu.ec\/pamganar\/wp-json\/wp\/v2\/pages\/40","targetHints":{"allow":["GET"]}}],"collection":[{"href":"https:\/\/blog.espol.edu.ec\/pamganar\/wp-json\/wp\/v2\/pages"}],"about":[{"href":"https:\/\/blog.espol.edu.ec\/pamganar\/wp-json\/wp\/v2\/types\/page"}],"author":[{"embeddable":true,"href":"https:\/\/blog.espol.edu.ec\/pamganar\/wp-json\/wp\/v2\/users\/9356"}],"replies":[{"embeddable":true,"href":"https:\/\/blog.espol.edu.ec\/pamganar\/wp-json\/wp\/v2\/comments?post=40"}],"version-history":[{"count":1,"href":"https:\/\/blog.espol.edu.ec\/pamganar\/wp-json\/wp\/v2\/pages\/40\/revisions"}],"predecessor-version":[{"id":42,"href":"https:\/\/blog.espol.edu.ec\/pamganar\/wp-json\/wp\/v2\/pages\/40\/revisions\/42"}],"wp:attachment":[{"href":"https:\/\/blog.espol.edu.ec\/pamganar\/wp-json\/wp\/v2\/media?parent=40"}],"curies":[{"name":"wp","href":"https:\/\/api.w.org\/{rel}","templated":true}]}}